NOAA-Style Climate Reports


Report for 2010 July
                  MONTHLY CLIMATOLOGICAL SUMMARY FOR 7/2010
                                        HEAT  COOL        
     MEAN                               DEG   DEG       WIND SPEED       DOM MEAN  MEAN
DAY  TEMP  HIGH   TIME     LOW   TIME   DAYS  DAYS RAIN AVG  HI  TIME    DIR BAROM HUM
---------------------------------------------------------------------------------------
1    78.3  84.5   3:22pm  75.3   5:04am    0   13  0.10   2  18  11:35am ENE 30.06   80
2    76.9  85.2   2:09pm  74.6   6:27am    0   12  0.97   3  20   2:51pm  SE 30.03   89
3    80.3  88.9   5:37pm  75.6   2:51am    0   15  0.02   5  23   6:22pm  SE 29.98   82
4    82.6  91.4   4:49pm  76.4   6:49am    0   17  0.00   5  20  11:33am SSE 29.95   71
5    82.1  91.9   5:08pm  73.7   4:54am    0   17  0.00   2  16  12:03pm  SE 29.92   70
6    83.2  93.5   5:16pm  73.6   7:00am    0   18  0.00   1  10  12:54pm  SE 29.93   66
7    82.5  93.5   3:31pm  73.3   6:44am    0   17  0.00   1  18   5:38pm  SE 29.96   70
8    77.7  85.3   2:41pm  74.3   3:18pm    0   13  0.90   1  30   3:02pm  SE 30.04   85
9    78.5  87.4   2:12pm  74.8   2:29am    0   13  0.32   2  25   2:17pm  SE 30.09   84
10   82.0  91.7   5:52pm  73.0   6:44am    0   17  0.00   1  17   4:28pm  SE 30.08   74
11   82.5  91.3   4:44pm  75.2   6:42am    0   17  0.00   1  23   2:23pm WSW 29.98   71
12   83.4  93.0   4:07pm  77.0   6:51am    0   18  0.00   3  22  11:42am SSE 29.90   70
13   83.6  92.7   3:44pm  78.2   5:13am    0   19  0.00   4  25   1:54pm SSE 29.94   69
14   84.8  93.8   3:29pm  78.8  12:33am    0   20  0.00   3  27   9:24am SSE 30.05   67
15   84.2  95.1   5:58pm  76.2   6:42am    0   19  0.00   2  16   9:43am  SE 30.08   67
16   84.4  95.2   4:54pm  75.1   6:25am    0   19  0.00   2  14   5:24pm WSW 30.08   62
17   84.8  96.8   5:51pm  73.0   7:00am    0   20  0.00   1  13   1:08pm WSW 30.06   61
18   83.1  96.0   3:57pm  75.6   6:52am    0   18  0.01   2  23   5:46pm  SE 30.04   67
19   82.2  94.7   4:12pm  74.2   4:19am    0   17  0.00   3  21   5:50pm SSE 30.03   71
20   82.8  94.0   3:47pm  75.4   6:42am    0   18  0.00   2  18   4:15pm  SE 30.06   71
21   83.7  95.8   4:05pm  73.9   6:30am    0   19  0.00   3  21   4:33pm  SE 30.10   69
22   82.9  94.0   3:34pm  76.2   6:18am    0   18  0.01   4  21   5:00pm  SE 30.07   73
23   84.2  95.4   3:49pm  76.1   6:24am    0   19  0.04   3  21  12:33pm SSE 30.07   70
24   82.8  93.4   5:21pm  73.4   4:36am    0   18  0.00   2  14   9:57am  SE 30.10   66
25   83.4  95.5   3:42pm  73.9   6:58am    0   18  0.00   2  16   2:23pm  SE 30.08   61
26   80.6  96.4   1:01pm  72.6  11:45pm    0   16  0.13   1  25   4:37pm  SE 30.04   68
27   78.8  92.7   4:38pm  71.7   3:50am    0   14  0.00   2  21   6:01pm  SE 30.06   78
28   77.9  89.5  12:35pm  74.3   6:46am    0   13  0.07   3  29   1:00pm  SE 30.16   82
29   82.8  93.0   4:28pm  73.8   4:14am    0   18  0.01   2  17   3:49pm  SE 30.19   70
30   84.2  95.9   4:16pm  75.3   5:14am    0   19  0.00   3  21   4:38pm WSW 30.08   65
31   84.7  98.7   4:22pm  74.1   5:01am    0   20  0.00   2  20   4:03pm WSW 29.98   59
---------------------------------------------------------------------------------------
TOT  82.1  98.7  7/31/10  71.7  7/27/10    0  530  2.58   2  30   7/8/10  SE 30.04   71

HEAT BASE: 65.0
COOL BASE: 65.0