NOAA-Style Climate Reports


Report for 2010 August
                  MONTHLY CLIMATOLOGICAL SUMMARY FOR 8/2010
                                        HEAT  COOL        
     MEAN                               DEG   DEG       WIND SPEED       DOM MEAN  MEAN
DAY  TEMP  HIGH   TIME     LOW   TIME   DAYS  DAYS RAIN AVG  HI  TIME    DIR BAROM HUM
---------------------------------------------------------------------------------------
1    85.5 101.0   4:29pm  71.3   6:45am    0   21  0.00   1  20   2:05pm  SE 29.96   54
2    85.9  99.5   3:33pm  71.7   6:55am    0   21  0.00   1  17   2:56pm SSE 30.02   47
3    85.7  98.6   3:58pm  71.1   6:52am    0   21  0.00   2  17   2:16pm  SE 30.07   58
4    86.5  97.2   4:38pm  76.2   7:00am    0   21  0.00   2  17   1:27pm  SE 30.03   62
5    86.8  98.6   3:04pm  75.7   6:53am    0   22  0.00   2  14   6:50pm  SE 29.97   58
6    87.5  99.1   5:10pm  75.7   6:52am    0   23  0.00   2  22   4:48pm  SE 29.95   58
7    86.4  98.0   3:30pm  76.3   7:07am    0   21  0.00   2  16   3:36pm  SE 29.94   59
8    86.4  97.4   4:28pm  76.5   6:56am    0   22  0.00   3  20   1:39pm SSE 29.95   60
9    86.7  98.3   4:37pm  76.1   6:56am    0   22  0.00   3  18   2:58pm  SE 29.98   59
10   87.0  99.6   5:34pm  75.8   7:13am    0   22  0.00   2  16   4:02pm  SE 29.98   60
11   84.7  99.0   3:09pm  78.2   4:31pm    0   20  0.55   1  29   3:47pm WSW 29.96   69
12   86.3  98.7   4:09pm  75.5   7:19am    0   21  0.00   2  16   5:48pm  SE 29.91   62
13   86.2  98.1   4:26pm  75.0   7:04am    0   21  0.00   2  17   7:19pm  SE 29.88   61
14   87.5  98.7   4:32pm  77.6   7:06am    0   23  0.00   3  20   9:05am  SE 29.94   62
15   88.1 100.3   4:08pm  76.6   7:12am    0   23  0.00   2  16  12:04pm  SE 30.02   59
16   87.1 103.9   3:55pm  76.1  11:50pm    0   22  0.12   2  31   4:50pm  SE 30.00   60
17   85.5  99.6   3:31pm  73.5   6:16am    0   20  0.00   1  14   5:48pm  SE 29.97   65
18   85.5 101.3   4:29pm  76.0   6:51pm    0   21  1.04   1  18   6:16pm WSW 29.98   66
19   85.0  98.1   5:47pm  76.0   1:05am    0   20  0.00   2  20  11:37am WSW 29.95   68
20   86.1  96.9   4:00pm  77.9   7:00am    0   21  0.00   3  23   9:41pm  SE 29.92   62
21   86.3  98.1   5:20pm  76.4   6:20am    0   21  0.00   2  21  10:25am WSW 30.01   61
22   87.1 100.0   5:55pm  76.2   7:10am    0   22  0.00   1  18   9:50am WSW 30.03   59
23   88.9 103.8   5:48pm  75.6   6:59am    0   24  0.00   1  12   9:59am WSW 29.94   50
24   88.7 105.1   3:20pm  76.2   7:24am    0   23  0.00   1  25   5:05pm NNE 29.92   50
25   84.0  94.7   3:09pm  77.4   7:06am    0   19  0.00   1  17   4:49pm   N 30.07   57
26   82.9  93.7   4:07pm  76.6   7:12am    0   18  0.00   1  10   2:39pm   N 30.11   54
27   80.5  96.0   4:21pm  65.5   6:50am    0   15  0.00   1  17   1:12pm  SE 30.03   46
28   79.3  97.4   4:35pm  61.0   6:50am    1   15  0.00   1  14   4:53pm  SE 29.94   46
29   83.3  96.7   5:06pm  71.4   7:26am    0   18  0.00   3  18   5:38pm SSE 29.95   58
30   84.9  97.9   3:45pm  78.6   3:34am    0   20  0.18   4  23   6:16pm SSE 30.04   67
31   84.5  97.3   4:55pm  76.7   5:53am    0   19  0.00   2  25   6:18pm  SE 30.05   70
---------------------------------------------------------------------------------------
TOT  85.7 980.1  8/21/10   6.0  8/30/10    1  642  1.89   2  56  8/16/10  SE 29.98   59

HEAT BASE: 65.0
COOL BASE: 65.0