NOAA-Style Climate Reports


Report for 2011 January
                  MONTHLY CLIMATOLOGICAL SUMMARY FOR 1/2011
                                        HEAT  COOL        
     MEAN                               DEG   DEG       WIND SPEED       DOM MEAN  MEAN
DAY  TEMP  HIGH   TIME     LOW   TIME   DAYS  DAYS RAIN AVG  HI  TIME    DIR BAROM HUM
---------------------------------------------------------------------------------------
1    46.8  56.1  12:42pm  35.0  11:29pm   18    0  0.00   1  17  10:03am   N 30.29   38
2    40.4  54.6   3:48pm  25.6   5:30am   25    0  0.00   0  12  12:01pm   E 30.46   42
3    47.8  59.0   2:29pm  34.8   7:10am   17    0  0.00   2  16  12:56pm SSE 30.30   52
4    53.8  59.5  12:34pm  45.8   5:22am   11    0  0.05   0   6  12:24pm  NE 30.18   82
5    57.6  70.2   2:32pm  42.7  11:54pm    8    0  0.01   2  20  11:41am  NW 30.13   57
6    47.4  66.7   3:52pm  33.7   6:05am   18    0  0.00   1  13   3:00pm   N 30.21   51
7    52.7  73.0   4:27pm  34.4   5:56am   14    1  0.00   1  12   9:29am WNW 30.01   46
8    51.7  62.6   2:41pm  39.0   7:27am   13    0  0.00   1  17   2:01pm ENE 30.01   40
9    41.8  49.9  12:00am  36.9  11:28pm   23    0  1.72   1  29   6:24am  NE 29.98   85
10   36.2  38.0  10:00pm  34.7   4:55am   29    0  0.01   1  14  11:15pm NNE 30.23   87
11   33.1  39.5   3:35pm  24.2  11:59pm   32    0  0.00   2  23   9:42am   N 30.69   63
12   30.5  37.7   1:30pm  23.1   6:33am   34    0  0.00   1  14  10:17am NNE 30.82   58
13   33.3  38.3   3:16pm  29.3   6:53am   32    0  0.00   0   9  12:51am SSE 30.69   53
14   41.8  46.7   2:56pm  35.8   1:18am   23    0  0.01   1   9  12:34pm SSE 30.44   70
15   44.6  46.1  12:00am  42.8   8:06am   20    0  0.96   1  10   3:49pm NNE 30.33   92
16   47.0  48.8   4:34pm  44.9  12:04am   18    0  0.89   1  13   4:03pm   N 30.12   94
17   51.1  63.7   3:51pm  45.6   4:10am   14    0  0.00   2  18   3:59pm WSW 29.92   84
18   51.9  62.1   4:17pm  42.7  11:59pm   13    0  0.00   2  20   1:05am   N 30.01   86
19   49.8  64.9   4:21pm  35.2   7:44am   15    0  0.00   2  22   6:39pm SSE 30.11   77
20   43.0  54.3   8:19am  30.8  11:43pm   22    0  0.00   2  29  10:37am NNW 30.21   75
21   33.8  47.2   4:33pm  22.8   6:54am   31    0  0.00   0  10  12:27am  SE 30.24   65
22   44.2  62.5   3:32pm  26.6   1:02am   21    0  0.00   2  21   4:20pm SSE 30.14   55
23   43.7  52.3   4:55pm  34.1   6:36am   22    0  0.00   0   9   6:19pm SSE 30.13   75
24   43.9  56.0   3:48pm  34.1   5:28am   21    0  0.00   1  17   1:31pm   N 30.15   59
25   44.6  59.0   3:23pm  33.1  11:54pm   20    0  0.00   2  20   7:46am   N 30.23   58
26   42.7  61.1   3:53pm  26.0   6:29am   22    0  0.00   0  14  12:34pm  SW 30.32   58
27   48.1  68.3   2:13pm  32.1   5:13am   17    0  0.00   3  20   1:13pm WNW 30.32   49
28   55.7  75.8   2:47pm  36.6  12:48am   11    2  0.00   2  18   3:36pm WSW 30.22   40
29   60.9  72.1   4:25pm  49.2   5:35am    6    2  0.00   3  22  11:39am SSE 30.12   69
30   66.8  80.1   4:27pm  50.5  11:44pm    2    4  0.00   3  20  11:31am  SW 30.08   66
31   58.1  75.1   4:42pm  45.6   2:45am    8    1  0.00   3  17   2:30pm SSE 30.03   68
---------------------------------------------------------------------------------------
TOT  46.6  79.2  1/30/11  22.8  1/21/11  580   11  3.67   1  29   1/9/11 SSE 30.23   64

HEAT BASE: 65.0
COOL BASE: 65.0