NOAA-Style Climate Reports


Report for 2011 February
                  MONTHLY CLIMATOLOGICAL SUMMARY FOR 2/2011
                                        HEAT  COOL        
     MEAN                               DEG   DEG       WIND SPEED       DOM MEAN  MEAN
DAY  TEMP  HIGH   TIME     LOW   TIME   DAYS  DAYS RAIN AVG  HI  TIME    DIR BAROM HUM
---------------------------------------------------------------------------------------
1    32.7  65.2   3:18am  17.5  11:46pm   32    0  0.22   9  43   7:33am NNW 30.19   70
2    19.8  24.9   4:12pm  15.7   4:17am   42    0  0.00   4  26   2:47pm   N 30.62   57
3    22.2  26.6   3:05pm  19.6   7:46am   43    0  0.04   2  20   3:48am   N 30.59   58
4    26.7  41.0   3:59pm  19.2   3:54am   38    0  0.06   2  18   2:05pm  NW 30.36   67
5    43.8  66.4   4:05pm  24.5   7:29am   21    0  0.00   2  23   2:27pm  SW 30.05   45
6    51.7  72.9   2:04pm  37.3   6:10am   14    1  0.00   4  31   1:57pm NNW 30.01   50
7    43.1  55.9   3:38pm  32.5  10:47pm   22    0  0.00   2  22   8:47am NNW 30.37   57
8    46.3  63.0   2:19pm  26.7   7:13am   40    0  0.00   6  34   4:22pm SSE 30.20   58
9    30.1  47.2  12:00am  19.9  11:19am   35    0  0.29   5  35   6:42am NNW 30.37   72
10   27.2  41.0   3:45pm  16.5   7:06am   38    0  0.00   1  16  12:24am   N 30.47   58
11   35.5  55.4   3:48pm  18.0   7:06am   30    0  0.00   0  10   2:51pm SSE 30.48   57
12   45.3  66.2   3:53pm  24.1   7:20am   19    0  0.00   2  17   3:09pm  SW 30.55   44
13   52.7  72.1   3:34pm  34.6   7:20am   13    1  0.00   3  29  11:52am  SW 30.36   52
14   58.7  75.8   4:30pm  44.7   7:25am    8    2  0.00   2  22  10:38am SSE 30.28   75
15   65.7  76.1   4:16pm  58.8  12:47am    2    3  0.00   4  26   1:32pm SSE 30.22   74
16   65.5  73.4   3:17pm  60.6   7:18am    1    2  0.00   5  30   1:58pm SSE 30.15   75
17   68.2  76.6   4:35pm  64.6  12:00am    0    3  0.00   5  30   2:05pm SSE 30.09   74
18   68.1  79.0   3:49pm  59.6  11:50pm    0    3  0.00   3  18   1:47pm SSE 30.21   75
19   65.4  76.9   3:57pm  58.0   6:15am    2    3  0.00   4  22   8:15pm SSE 30.21   78
20   68.8  78.1   2:22pm  61.9  12:00am    1    4  0.00   5  46  10:36am   S 29.99   70
21   68.6  80.5   3:50pm  56.1  11:58pm    1    4  0.00   3  22   5:54am SSE 29.95   64
22   55.0  67.3   5:20pm  46.2   7:42am   11    4  0.00   1  17   1:00am NNE 30.14   58
23   66.3  73.9   5:21pm  57.6  12:43am    1    3  0.00   2  22  12:39pm SSE 30.06   81
24   68.5  83.0   4:01pm  58.9  11:58pm    1    4  0.20   4  26  11:34am SSE 29.93   64
25   51.8  63.0   4:25pm  40.1   7:25am   13    0  0.00   2  17   4:13am   N 30.16   58
26   59.9  73.4   3:50pm  42.1   2:11am    7    2  0.00   3  22  11:48pm SSE 29.99   85
27   71.4  82.4   3:47pm  65.4   1:54am    0    6  0.00   6  29  12:47pm SSE 29.81   79
28   60.8  71.2  12:42am  48.4  11:57pm    5    0  0.00   4  35   9:08am NNW 30.20   42
---------------------------------------------------------------------------------------
TOT  51.5  82.3  2/24/11  15.7   2/2/11  442   46  0.81   3  46  2/20/11 SSE 30.21   64

HEAT BASE: 65.0
COOL BASE: 65.0