NOAA-Style Climate Reports


Report for 2011 May
                  MONTHLY CLIMATOLOGICAL SUMMARY FOR 5/2011
                                        HEAT  COOL        
     MEAN                               DEG   DEG       WIND SPEED       DOM MEAN  MEAN
DAY  TEMP  HIGH   TIME     LOW   TIME   DAYS  DAYS RAIN AVG  HI  TIME    DIR BAROM HUM
---------------------------------------------------------------------------------------
1    73.1  93.8   2:23pm  49.9  11:56pm    3   11  0.00   5  30   8:38am SSE 29.78   67
2    50.7  54.0  11:50am  48.3   8:19am   14    0  0.06   1  18   5:50pm NNW 30.11   83
3    58.7  74.2   3:24pm  46.6   1:51am    8    2  0.00   1  25   1:50pm  NE 30.32   60
4    62.4  79.5   5:19pm  40.6   6:54am    7    5  0.00   1  16   1:49pm  SE 30.29   45
5    67.7  84.6   5:42pm  47.3   7:00am    4    6  0.00   1  16   4:11pm  SE 30.12   49
6    73.5  88.6   5:22pm  57.1   6:44am    1   10  0.00   2  22  11:15am  SE 29.98   56
7    77.3  92.8   4:44pm  64.8   5:09am    0   12  0.00   4  30  10:49am SSE 29.85   59
8    81.0  95.8   4:36pm  70.7   2:00am    0   16  0.00   5  22  12:01pm SSE 29.78   62
9    82.1  96.1   3:50pm  72.0   6:52am    0   17  0.00   4  31   4:01pm SSE 29.74   59
10   80.6  92.0   4:12pm  72.9   3:03am    0   16  0.00   5  32   8:59pm SSE 29.74   64
11   77.1  87.1   1:49pm  68.4  10:43pm    0   12  0.00   4  26   8:29am SSE 29.76   71
12   70.0  77.4   9:27am  61.6  11:14pm    0    5  0.57   2  36  10:45am  SE 29.85   82
13   71.8  86.6   4:32pm  58.1   6:39am    1    8  0.00   1  17   2:26pm  NW 29.90   63
14   66.2  78.7   4:52pm  53.8   4:58am    3    4  0.00   1  17  12:43pm  NW 29.98   53
15   65.3  78.8   4:38pm  48.2   6:48am    5    5  0.00   1  18  12:48pm ENE 30.00   54
16   72.3  83.7   4:35pm  61.4   6:48am    0    8  0.00   1  14   5:30pm  NE 29.95   46
17   72.4  88.2   4:25pm  51.8   6:43am    2   10  0.00   2  20   4:19pm  SE 29.80   53
18   75.7  87.9   3:56pm  66.2   4:04am    0   11  0.00   4  26   6:15pm SSE 29.67   68
19   77.1  81.8   6:20pm  73.0   1:39am    0   12  0.00   5  21  10:03am SSE 29.70   76
20   79.6  90.5   4:45pm  67.4  11:48pm    0   14  0.14   4  23   2:02pm SSE 29.71   75
21   76.7  89.0   4:11pm  65.9   2:51am    0   12  0.01   3  20   3:46pm SSE 29.80   81
22   82.7  93.4   4:37pm  76.0   6:41am    0   17  0.00   4  26   4:24pm SSE 29.80   67
23   82.1  94.1   3:04pm  73.9   5:43am    0   17  0.00   5  32   3:24pm SSE 29.76   64
24   83.1  93.8   3:54pm  76.1   5:47am    0   18  0.00   3  29  11:58am SSE 29.71   64
25   85.0 100.7   5:44pm  74.8   6:48am    0   20  0.00   2  22  10:21am  SW 29.74   55
26   78.1  91.4   5:33pm  60.9   6:38am    0   13  0.00   1  16   9:08am  NE 29.91   44
27   82.5  98.9   4:28pm  66.4   5:03am    0   17  0.00   4  31   3:51pm SSE 29.75   55
28   83.7  99.4   3:29pm  73.5   4:19am    0   18  0.00   5  27  10:21am SSE 29.67   64
29   83.1  96.4   3:48pm  73.3   2:57am    0   18  0.00   6  36   6:02pm SSE 29.75   63
30   84.0  95.3   3:42pm  76.6   2:04am    0   19  0.00   7  30  10:18am SSE 29.87   61
31   84.4  95.9   3:13pm  76.0   7:06am    0   20  0.00   4  20  11:16am  SE 30.06   63
---------------------------------------------------------------------------------------
TOT  75.5 100.7  5/25/11  40.6   5/4/11   49  374  0.78   3  36  5/12/11 SSE 29.87   62

HEAT BASE: 65.0
COOL BASE: 65.0