NOAA-Style Climate Reports


Report for 2012 July
                  MONTHLY CLIMATOLOGICAL SUMMARY FOR 7/2012
                                        HEAT  COOL        
     MEAN                               DEG   DEG       WIND SPEED       DOM MEAN  MEAN
DAY  TEMP  HIGH   TIME     LOW   TIME   DAYS  DAYS RAIN AVG  HI  TIME    DIR BAROM HUM
---------------------------------------------------------------------------------------
1    79.0  87.8   2:54pm  73.0   6:22am    0   14  0.05   3  16   5:21pm  SE 29.97   76
2    83.7  95.4   5:11pm  74.2   2:22am    0   19  0.00   3  19   2:39pm  SE 30.02   62
3    83.5  96.0   4:19pm  71.3   6:49am    0   19  0.00   3  15   6:33pm  SE 30.00   62
4    84.4  95.9   3:48pm  75.9   7:37am    0   19  0.00   4  18   4:43pm  SE 29.98   62
5    84.9  96.9   5:36pm  73.0   6:40am    0   20  0.00   2  14   4:00pm  SE 29.99   61
6    85.5  98.3   3:53pm  73.8   5:57am    0   21  0.00   2  13   2:42pm  SE 30.00   57
7    83.8  97.2   1:52pm  75.2   6:50am    0   19  0.00   2  16   8:52pm  SE 30.00   62
8    81.0  95.6   2:35pm  75.8  10:47pm    0   16  0.01   1  13   3:49pm  SE 29.99   71
9    80.5  96.6   3:08pm  72.8   6:39pm    0   16  0.70   2  18   5:06pm  SE 29.95   77
10   77.2  90.7   3:13pm  71.7   4:00am    0   12  2.11   1  14   4:43pm  SW 29.91   85
11   75.8  80.4  10:45am  71.8   4:26am    0   11  0.28   0   8   1:21pm  SE 29.92   90
12   81.6  93.2   5:46pm  72.6   6:20am    0   17  0.00   2  13   7:53pm  SE 29.92   74
13   80.9  92.2   1:52pm  75.2  11:49pm    0   16  0.00   2  14   2:35pm  SE 29.95   75
14   81.7  94.2   5:08pm  72.6   2:27am    0   17  0.00   1  11   8:47pm  SE 29.97   71
15   77.9  92.0   2:29pm  68.1   9:16pm    0   13  0.09   2  15   4:44pm  SE 29.98   76
16   79.5  92.3   4:05pm  68.4   4:31am    0   14  0.01   3  15   6:24pm  SE 29.98   73
17   80.6  87.3   1:13pm  73.8   4:36am    0   16  0.01   2  11  12:37pm  SE 29.96   77
18   81.6  90.9   2:17pm  72.4   6:40am    0   17  0.00   2  13   2:25pm  SE 30.00   74
19   83.4  94.2   5:09pm  74.0   5:17am    0   18  0.00   2  15   5:38pm  SW 30.07   70
20   85.2  97.5   5:10pm  73.7   6:53am    0   20  0.00   2  12   9:21am  SW 30.04   62
21   86.8  98.9   3:41pm  74.8   6:52am    0   22  0.00   2  14   9:43am  SW 29.96   59
22   82.8  94.6   5:09pm  74.7   6:35am    0   18  0.00   2  11  12:00am  SE 29.99   68
23   83.1  94.1   3:53pm  74.9   5:46am    0   18  0.00   2  15   6:58pm  SE 30.06   69
24   83.7  94.3   3:57pm  74.2   3:19am    0   18  0.00   2  16  11:11am  SE 30.03   68
25   84.9  94.8   5:14pm  75.0   7:05am    0   20  0.00   3  17   1:53pm  SE 29.94   67
26   84.5  95.0   4:27pm  74.5   6:50am    0   20  0.00   3  17  10:48am  SE 29.91   67
27   84.8  96.1   5:40pm  74.3   7:00am    0   20  0.00   2  14  11:29am  SE 30.00   66
28   85.1  99.2   4:11pm  72.2   6:59am    0   20  0.00   2  11  10:30am  SW 30.07   59
29   86.8  99.5   5:24pm  73.4   7:11am    0   22  0.00   2  12   7:21pm  SE 30.03   55
30   86.1  97.4   4:48pm  72.9   6:40am    0   21  0.00   2  12   5:32pm  SE 29.98   59
31   86.9  99.6   4:28pm  74.3   7:00am    0   22  0.00   2  14  10:40am  SE 29.96   59
---------------------------------------------------------------------------------------
TOT  82.8  99.6  7/31/12  68.1  7/15/12    0  552  3.26   2  19   7/2/12  SE 29.98   68

HEAT BASE: 65.0
COOL BASE: 65.0