NOAA-Style Climate Reports


Select year:  Select month: 



Report for 2019 February
                  MONTHLY CLIMATOLOGICAL SUMMARY FOR 2/2019
                                        HEAT  COOL        
     MEAN                               DEG   DEG       WIND SPEED       DOM MEAN  MEAN
DAY  TEMP  HIGH   TIME     LOW   TIME   DAYS  DAYS RAIN AVG  HI  TIME    DIR BAROM HUM
---------------------------------------------------------------------------------------
1    58.8  66.0   2:44pm  54.6   3:46am    6    0  0.00   2   9  11:38am  SE 30.15   88
2    59.9  65.5  12:55pm  55.6   2:30am    5    0  0.00   3  11   1:22pm  SE 30.10   91
3    64.3  73.5   4:55pm  59.8   6:11am    2    2  0.01   4  15   1:12pm SSE 29.93   89
4    67.6  75.9   1:58pm  64.5   3:48am    0    3  0.00   4  18   1:15pm SSW 29.90   86
5    69.2  77.5   3:04pm  65.5   6:08am    0    4  0.00   4  20   3:04pm SSE 29.90   86
6    69.7  75.0   4:12pm  67.0   2:30am    0    5  0.00   5  20  11:27pm SSE 29.86   88
7    55.8  71.6   4:10am  36.0  11:43pm   11    2  0.06   5  22   2:54am NNE 30.12   70
8    32.0  36.0  12:00am  29.4   8:59am   33    0  0.00   4  20   1:20am NNE 30.62   65
9    34.6  37.8   1:53pm  31.0  12:01am   30    0  0.12   3  13  12:24am NNE 30.54   87
10   40.2  44.1  11:59pm  36.1  12:32am   25    0  0.09   1   8  10:29pm ENE 30.25   93
11   54.0  62.6   1:34pm  44.1  12:00am   11    0  0.06   3  11   7:01am  SW 29.94   93
12   51.5  61.7   3:32pm  34.7  11:58pm   14    0  0.00   3  18   1:14pm  NW 30.23   59
13   46.8  63.5   3:42pm  27.9   7:20am   18    0  0.00   3  20   2:09pm SSE 30.25   65
14   60.0  73.4   2:17pm  49.7   1:30am    7    1  0.00   6  23  10:47am SSW 29.92   75
15   66.3  84.7   3:18pm  53.9   6:46am    4    5  0.00   3  16  11:08pm SSW 29.77   69
16   45.0  56.3  12:00am  38.8   9:50am   20    0  0.00   3  15   2:28am NNE 29.83   77
17   50.6  58.2   3:34pm  45.4  11:59pm   14    0  0.00   3  19  12:07pm NNE 29.92   71
18   44.1  53.5  11:59am  40.8   4:24am   10    0  0.00   3  18  11:14am  NE 30.21   63
---------------------------------------------------------------------------------------
TOT  54.2  84.7  2/15/19  27.9  2/13/19  211   22  0.34   3  23  2/14/19 SSE 30.08   79

HEAT BASE: 65.0
COOL BASE: 65.0