• Terra Properties Inc
  • Software Answer



NOAA-Style Climate Reports


Select year:  Select month: 



Report for 2017 September
                  MONTHLY CLIMATOLOGICAL SUMMARY FOR 9/2017
                                        HEAT  COOL        
     MEAN                               DEG   DEG       WIND SPEED       DOM MEAN  MEAN
DAY  TEMP  HIGH   TIME     LOW   TIME   DAYS  DAYS RAIN AVG  HI  TIME    DIR BAROM HUM
---------------------------------------------------------------------------------------
1    78.4  91.9   4:11pm  66.2   7:15am    0   14  0.00   0   6   3:02pm SSE 29.98   67
2    79.1  92.5   4:21pm  66.4   7:02am    0   15  0.00   1  11  12:02pm  SE 30.00   68
3    79.3  90.2   4:10pm  68.5   6:48am    0   15  0.00   1  12  11:10am  SE 30.04   68
4    78.7  90.3   4:52pm  67.5   7:12am    0   15  0.00   1  13   1:29pm  SE 29.99   69
5    80.5  95.0   3:33pm  68.6   6:21am    0   17  0.00   1   9   4:29pm  SE 29.96   68
6    76.0  86.0   4:35pm  61.0  11:56pm    0   12  0.00   2  15   3:12am  NE 30.06   49
7    69.0  84.0   4:14pm  54.8   7:08am    3    8  0.00   1  11  11:24am   E 30.10   56
8    69.3  83.8   3:34pm  53.8   7:19am    3    8  0.00   1  11  11:47am  SE 30.10   63
9    71.6  85.9   3:58pm  56.8   7:26am    1    9  0.00   1  14   2:40pm   E 30.10   61
10   72.0  86.3   4:00pm  58.5   5:50am    1    9  0.00   1  11   1:32pm ENE 30.09   62
11   71.4  85.8   5:33pm  57.7   6:13am    1    9  0.00   1  14  12:54pm NNE 30.03   61
12   72.8  91.2   6:08pm  57.3   3:03am    2   11  0.00   0  12   2:33pm  NW 29.87   56
13   75.3  90.4   3:33pm  59.3   7:36am    0   12  0.00   1  14  12:05pm  SE 29.79   63
14   79.4  92.5   3:49pm  69.7   2:56am    0   16  0.00   3  15   1:10pm  SE 29.81   69
15   78.8  90.5   4:28pm  70.1   7:16am    0   15  0.00   3  15  11:07am  SE 29.86   71
16   80.5  91.8   4:44pm  73.9   2:16am    0   17  0.00   2  14  12:57pm  SE 29.93   72
17   79.9  90.9   5:05pm  71.6   7:77am    0   16  0.00   2  14  10:51am  SE 29.97   70
18   80.1  93.9   4:38pm  70.4   6:07am    0   16  0.00   2  12  12:19pm  SE 29.94   72
19   81.8  92.2   2:50pm  75.5   2:54am    0   18  0.00   3  17   2:59pm  SE 29.87   74
20   82.7  93.8   3:52pm  75.4   6:09am    0   19  0.00   3  20   9:50am  SE 29.85   72
21   81.4  94.2   3:50pm  74.0  11:57pm    0   17  0.00   3  21   5:03pm  SE 29.89   75
22   78.9  90.5   3:10pm  72.0   1:29am    0   14  0.03   2  14   4:45pm  SE 29.90   78
23   78.3  90.1   5:01pm  68.6   5:41am    0   14  0.00   2  13   3:47pm  SE 29.88   75
24   78.3  90.5   4:27pm  68.7   6:57am    0   14  0.00   2  15   4:37pm  SE 29.85   76
25   78.1  90.5   4:25pm  68.6   6:50am    0   14  0.00   3  14   2:28pm  SE 29.82   76
26   74.8  83.6  10:54am  71.7   4:34am    0    5  0.00   2  12  10:14am  SE 29.86   85
---------------------------------------------------------------------------------------
TOT  77.2  95.5   9/5/17  54.5   9/8/17   12  349  0.03   2  21  9/21/17  SE 29.95   68

HEAT BASE: 65.0
COOL BASE: 65.0