NOAA-Style Climate Reports


Select year:  Select month: 



Report for 2018 August
                  MONTHLY CLIMATOLOGICAL SUMMARY FOR 8/2018
                                        HEAT  COOL        
     MEAN                               DEG   DEG       WIND SPEED       DOM MEAN  MEAN
DAY  TEMP  HIGH   TIME     LOW   TIME   DAYS  DAYS RAIN AVG  HI  TIME    DIR BAROM HUM
---------------------------------------------------------------------------------------
1    82.8  98.6   4:34pm  67.0   5:48am    0   18  0.00   0   8  12:17pm ENE 30.00   47
2    82.2  98.5   3:58pm  64.5   6:26am    0   17  0.00   1   8  11:37am  SE 30.00   48
3    84.2  98.1   4:37pm  67.5   6:55am    0   19  0.00   2  12   4:57pm  SE 30.00   49
4    83.7  99.1   4:42pm  69.3   7:03am    0   19  0.00   3  22   6:38pm  SE 29.99   61
5    84.5  98.4   3:26pm  73.5   6:42am    0   19  0.00   3  16   4:27pm  SE 30.08   60
6    83.8  97.8   5:02pm  70.8   6:44am    0   19  0.00   2  16   7:41pm  SE 30.07   65
7    84.8  97.8   4:00pm  74.0   6:29am    0   20  0.00   2  13   2:42pm  SE 30.02   62
8    86.4  99.7   4:49pm  76.8   4:02am    0   21  0.00   3  16   7:37pm  SE 29.99   59
9    85.4  97.9   3:47pm  73.7   7:03am    0   20  0.00   2  12   4:17pm  SE 30.00   60
10   84.9  96.1   4:44pm  76.5   6:58am    0   20  0.00   2  12  10:23pm  SE 30.00   60
11   79.1  96.4   2:39pm  71.7   7:05pm    0   14  0.28   2  22   3:40pm  SE 30.00   78
12   76.3  87.0   1:56pm  71.7   3:01pm    0   11  0.48   1  21   2:32pm  SE 30.03   89
13   83.5  96.2   5:21pm  73.4  12:00am    0   19  0.00   3  19   4:25pm  SE 30.00   67
14   84.5  98.2   4:12pm  74.0   7:04am    0   20  0.00   3  16  11:54am  SE 29.95   65
15   86.0  99.0   4:48pm  76.4   7:02am    0   21  0.00   2  15  10:17am  SE 29.97   61
16   86.9  99.5   3:53pm  75.6   6:47am    0   22  0.00   2  14   3:50pm  SE 30.01   61
17   86.9 101.4   4:45pm  74.8   7:09am    0   22  0.00   2  14   1:45pm  SE 30.03   58
18   87.4 101.8   4:20pm  75.3   6:58am    0   22  0.00   3  12   9:34am  SE 29.98   55
19   82.1  84.0  12:00am  80.1   1:59am    0    1  0.00   2  10   1:07am SSE 29.92   62
---------------------------------------------------------------------------------------
TOT  84.1 102.4  8/18/18  64.5   8/2/18    0  345  0.76   2  22   8/4/18  SE 30.01   61

HEAT BASE: 65.0
COOL BASE: 65.0