NOAA-Style Climate Reports


Report for 2020 March
                  MONTHLY CLIMATOLOGICAL SUMMARY FOR 3/2020
                                        HEAT  COOL        
     MEAN                               DEG   DEG       WIND SPEED       DOM MEAN  MEAN
DAY  TEMP  HIGH   TIME     LOW   TIME   DAYS  DAYS RAIN AVG  HI  TIME    DIR BAROM HUM
---------------------------------------------------------------------------------------
1    63.4  73.1   4:00pm  54.2   6:34am    4    2  0.00   6  25  11:42am   S 29.95   79
2    68.4  76.3   3:16pm  63.7   7:04am    0    4  0.00   5  19   2:57pm   S 29.84   82
3    67.6  72.9   2:01pm  62.7   5:21am    0    3  0.00   1  14   2:03am ENE 29.81   85
4    60.4  65.9   7:25am  51.8  11:57pm    5    0  1.11   4  22   9:00am ENE 29.87   86
5    57.4  73.1   3:41pm  46.1   5:00am    9    2  0.00   3  17  12:03am  NW 30.27   66
6    55.0  68.9   3:06pm  44.6  11:42pm   10    0  0.00   2  15   1:57pm  NW 30.50   54
7    49.8  62.0   4:25pm  42.4   2:42am   15    0  0.01   2  17  12:31pm ESE 30.41   71
8    59.1  73.3   3:29pm  42.4   3:49am    7    2  0.00   4  23   2:19pm  SE 30.27   76
9    64.4  66.1   6:03pm  62.4  12:49am    1    0  0.10   5  19   3:03am   S 30.19   89
10   66.4  79.2   5:02pm  56.3   4:56am    2    4  0.00   2  12   2:48pm   S 30.24   84
11   70.2  81.4   4:53pm  61.9   5:58am    0    6  0.00   5  19   1:15pm   S 30.07   80
12   72.5  82.8   4:02pm  65.9   1:05am    0    8  0.00   6  17   2:26am   S 29.90   75
13   72.2  81.6   4:20pm  66.2   3:08am    0    7  0.00   4  18  12:37pm   S 29.97   77
14   73.5  82.2   3:43pm  62.9  11:55pm    0    9  0.00   4  24   1:25pm SSE 30.09   77
15   59.5  62.9  12:00am  55.9  10:50am    6    0  0.09   2  12  10:54am  NW 30.25   91
16   64.1  73.0   5:17pm  56.0   7:26am    3    2  0.00   2  15   7:11am ESE 30.18   87
17   70.9  80.6   3:52pm  66.2   7:44am    0    6  0.00   3  20   3:44pm ESE 30.07   84
18   72.8  81.8   4:07pm  68.3   4:09am    0    8  0.00   5  20   4:41am   S 29.99   81
19   73.2  80.8   4:20pm  68.9   7:17am    0    8  0.02   4  19   4:56am   S 29.96   81
20   58.1  71.1  12:00am  50.6  11:59pm    8    1  0.90   4  23   6:00am  NW 30.24   88
21   49.7  53.7   2:53pm  44.2   8:33am   15    0  1.13   2  13   2:56pm  NW 30.34   86
22   59.2  65.0   5:43pm  53.1  12:00am    6    0  0.02   1   9   1:54am ESE 30.15   93
23   69.8  81.9   4:35pm  62.3   1:57am    1    6  0.05   2  18   3:45pm   S 30.03   86
24   72.7  87.7   4:54pm  57.5  11:59pm    0    8  0.00   3  14   9:30am   S 29.91   71
25   68.7  88.1   4:22pm  49.8   7:33am    4    8  0.00   2  16   2:57pm   S 29.91   75
26   73.6  85.9   5:08pm  65.4   7:18am    0    9  0.00   4  17  12:02pm   S 29.84   79
27   75.1  86.9   4:33pm  67.8   6:14am    0   10  0.00   5  20  12:27pm   S 29.76   77
28   68.6  77.2   3:29pm  51.6  11:54pm    2    5  0.25   3  19   3:11pm  NW 29.86   68
29   61.0  75.8   3:22pm  46.4   3:49am    6    3  0.00   2  11   4:44pm  NW 30.12   58
---------------------------------------------------------------------------------------
TOT  65.5  88.1  3/25/20  42.4   3/8/20  104  119  3.68   3  25   3/1/20   S 30.07   79

HEAT BASE: 65.0
COOL BASE: 65.0