NOAA-Style Climate Reports


Select year:  Select month: 



Report for 2019 August
                  MONTHLY CLIMATOLOGICAL SUMMARY FOR 8/2019
                                        HEAT  COOL        
     MEAN                               DEG   DEG       WIND SPEED       DOM MEAN  MEAN
DAY  TEMP  HIGH   TIME     LOW   TIME   DAYS  DAYS RAIN AVG  HI  TIME    DIR BAROM HUM
---------------------------------------------------------------------------------------
1    85.3  96.9   4:35pm  75.0   6:55am    0   20  0.00   2  12   2:59pm ESE 30.01   64
2    86.2  97.5   3:55pm  75.7   6:58am    0   21  0.00   2  12  11:28am ESE 29.98   63
3    83.1  89.7  12:59pm  77.0   6:32am    0   18  0.01   2  11   3:42pm   S 29.93   70
4    83.0  95.1   5:23pm  75.5   5:35am    0   18  0.00   1  12   7:47pm ESE 29.95   72
5    85.4  97.8   5:11pm  74.5   6:54am    0   20  0.00   2  11   9:35am ESE 29.95   67
6    87.0  98.9   3:39pm  76.2   6:58am    0   22  0.00   3  13   8:30pm   S 29.93   65
7    87.2  98.6   5:04pm  77.0   6:59am    0   22  0.00   4  16   2:19am   S 29.91   65
8    87.9  99.7   4:27pm  78.4   7:13am    0   23  0.00   4  17   3:36am   S 29.91   64
9    88.2 101.1   4:35pm  79.0   6:45am    0   23  0.00   5  22  11:23am   S 29.92   63
10   87.7  99.8   5:08pm  78.1   2:17am    0   23  0.00   4  18  11:38am   S 29.93   63
11   87.8 100.4   4:49pm  77.4   6:57am    0   23  0.00   4  17  10:27am   S 29.95   63
12   88.5 101.1   5:29pm  77.0   7:02am    0   23  0.00   4  19  10:03am   S 29.91   62
13   88.8 101.4   4:27pm  77.9   7:17am    0   24  0.00   3  15  12:58pm   S 29.90   61
14   88.2 101.4   6:05pm  77.4   7:17am    0   23  0.00   2  12   7:20pm   S 29.95   62
15   87.0 100.4   3:46pm  75.7   5:11am    0   22  0.00   2  11   4:11pm ESE 29.96   62
16   88.5 100.4   4:54pm  76.6   7:07am    0   24  0.00   3  14  11:02pm   E 29.91   59
17   88.0 100.4   4:26pm  78.2   6:27am    0   23  0.00   4  18   9:45am   S 29.86   61
18   87.9 100.5   5:38pm  77.9   6:23am    0   23  0.00   5  20   9:32am   S 29.88   62
19   87.9 100.4   6:09pm  77.0   7:16am    0   23  0.00   3  16  10:53am   S 29.96   64
20   82.8  86.1  12:00am  80.1   3:44am    0    3  0.00   4  12  12:16am   S 30.00   72
---------------------------------------------------------------------------------------
TOT  87.0 101.4  8/14/19  74.5   8/5/19    0  422  0.01   3  22   8/9/19   S 29.93   64

HEAT BASE: 65.0
COOL BASE: 65.0