• Terra Properties Inc
  • Software Answer



NOAA-Style Climate Reports


Select year:  Select month: 



Report for 2018 May
                  MONTHLY CLIMATOLOGICAL SUMMARY FOR 5/2018
                                        HEAT  COOL        
     MEAN                               DEG   DEG       WIND SPEED       DOM MEAN  MEAN
DAY  TEMP  HIGH   TIME     LOW   TIME   DAYS  DAYS RAIN AVG  HI  TIME    DIR BAROM HUM
---------------------------------------------------------------------------------------
1    71.9  79.2   3:29pm  67.8   2:33am    0    7  0.00   5  18   1:35pm  SE 29.93   84
2    76.8  86.4   2:17pm  71.0   3:55am    0   12  0.00   6  26  12:46pm  SE 29.93   77
3    77.7  85.5   3:55pm  73.2  11:59pm    0   13  0.00   4  19   1:31am  SE 29.93   76
4    67.3  73.3  12:00am  62.3  11:39am    0    3  0.99   1  13  10:46am  SE 30.06   89
5    70.5  84.5   4:56pm  58.7   7:08am    1    7  0.00   0   9   5:09pm  NE 30.11   70
6    70.0  87.0   3:58pm  53.7   6:54am    3    8  0.00   1  10   3:04pm   E 30.11   65
7    72.6  90.2   4:31pm  55.7   7:07am    2    9  0.00   1  11  10:11am WSW 30.10   63
8    74.6  87.5   4:17pm  62.5   6:49am    0   10  0.00   2  14  12:41pm  SE 30.02   57
9    73.5  86.6   4:35pm  61.9   5:45am    1    9  0.00   3  17  10:04am  SE 29.98   63
10   74.1  87.2   4:46pm  62.7   6:13am    0    9  0.00   3  18  12:58pm  SE 29.98   67
11   77.3  88.9   4:33pm  68.8   6:19am    0   12  0.00   4  19   1:07pm  SE 29.91   67
12   79.5  89.7   3:25pm  70.6   7:03am    0   14  0.00   4  19  12:46pm  SE 29.92   67
13   79.0  89.1   5:04pm  71.7   2:22am    0   14  0.00   3  14   5:44pm  SE 29.95   72
14   79.3  89.4   4:15pm  72.2   5:11am    0   14  0.00   3  16  12:30am  SE 29.92   71
15   78.9  89.9   5:27pm  69.8   7:04am    0   14  0.00   2  14  12:47pm  SE 29.90   69
16   79.7  95.3   4:54pm  64.1   7:10am    0   15  0.00   1  11   2:25pm WSW 29.87   63
17   81.1  94.9   4:34pm  67.7   6:09am    0   16  0.00   1  10   3:44pm  SE 29.83   59
18   80.4  91.9   3:07pm  69.5   6:03am    0   15  0.00   3  16   6:45pm  SE 29.77   64
19   80.4  92.4   3:44pm  71.3   6:45am    0   15  0.00   5  24  12:27am  SE 29.82   66
20   72.5  79.7  12:07pm  67.0  11:56pm    0    8  0.93   2  18   3:34am  SE 29.95   85
21   71.7  86.2   5:03pm  65.0   3:45am    0    7  0.07   0  15   5:35pm ESE 29.96   85
22   75.9  87.7   5:17pm  65.6   5:52am    0   11  0.00   2  13   4:38pm ESE 29.95   76
23   76.9  88.4   2:56pm  68.8   6:11am    0   12  0.00   2  18   5:01pm ESE 29.98   76
24   78.2  90.9   4:02pm  67.6   5:53am    0   13  0.00   1   8  11:37am  SE 30.01   75
25   80.9  93.6   4:40pm  70.9   4:22am    0   16  0.00   1  12   1:57pm  SE 29.91   70
26   83.6  95.9   5:06pm  72.2   7:05am    0   19  0.00   2  11  11:48am  SE 29.78   64
27   83.6  95.7   4:27pm  70.8   6:39am    0   17  0.00   2   9   9:44am  SE 29.77   64
---------------------------------------------------------------------------------------
TOT  76.6  95.9  5/26/18  53.7   5/6/18    8  320  1.99   2  26   5/2/18  SE 29.94   71

HEAT BASE: 65.0
COOL BASE: 65.0