NOAA-Style Climate Reports


Report for 2023 March
                  MONTHLY CLIMATOLOGICAL SUMMARY FOR 3/2023
                                        HEAT  COOL        
     MEAN                               DEG   DEG       WIND SPEED       DOM MEAN  MEAN
DAY  TEMP  HIGH   TIME     LOW   TIME   DAYS  DAYS RAIN AVG  HI  TIME    DIR BAROM HUM
---------------------------------------------------------------------------------------
1    72.9  81.7   3:49pm  68.1   1:16am    0    8  0.00   4  16  12:21am SSW 29.72   84
2    70.1  81.1   3:09pm  55.4  11:52pm    1    6  0.91   5  33   7:39pm SSE 29.53   88
3    57.3  69.7   3:33pm  46.5   7:15am    8    1  0.00   5  28   3:35am  NW 29.72   56
4    59.9  77.8   3:56pm  41.9   6:53am    8    3  0.00   3  17  11:17am SSW 29.93   68
5    64.6  78.4   4:12pm  52.1   4:29am    4    3  0.00   4  16   2:13pm SSW 30.02   73
6    67.2  80.4   3:17pm  56.6   1:07am    2    4  0.00   3  17   2:53pm SSW 29.99   82
7    71.7  79.4   2:46pm  65.0   2:47am    0    7  0.00   3  12  11:00am SSW 29.97   86
8    69.2  79.1   2:50pm  57.6  11:59pm    0    5  0.00   2  12   3:00pm SSW 30.03   83
9    67.8  83.2   3:09pm  55.4   1:18am    3    6  0.00   3  18   9:49pm SSW 30.01   78
10   61.4  70.2   4:19pm  54.4   7:42am    4    1  0.00   2  16  11:39am NNE 30.06   80
11   71.8  86.6   4:31pm  57.2   3:22am    2    9  0.00   6  23  11:51am SSW 29.75   78
12   64.5  70.6  12:06am  56.7  11:58pm    2    2  0.00   5  19  12:05pm   N 29.83   73
13   56.5  66.8   4:07pm  47.0   8:30am    9    0  0.00   3  15   1:48am ENE 30.15   57
14   54.9  65.8   2:30pm  45.1   7:24am   10    0  0.00   2  12   2:30pm ENE 30.23   59
15   60.5  73.9   5:05pm  47.8   2:45am    6    2  0.00   4  21   6:58pm SSE 30.15   64
16   67.9  79.5   5:57pm  53.5  11:59pm    1    4  0.02   6  24   9:58pm SSW 29.83   84
17   48.4  56.5   5:28pm  39.1   7:42am   16    0  0.05   5  30   2:09am   N 30.13   58
18   47.9  52.9   3:30pm  39.6  11:37pm   17    0  0.00   1   9   9:49am   N 30.34   58
19   45.5  57.6   5:08pm  33.3   7:46am   19    0  0.00   1   9   5:26pm ESE 30.48   55
20   40.4  46.2   9:57am  37.1   5:52am   10    0  0.00   1   7   9:57am  SE 30.35   72
---------------------------------------------------------------------------------------
TOT  61.7  86.6  3/11/23  33.7  3/19/23  125   60  0.98   3  33   3/2/23 SSW 30.00   72

HEAT BASE: 65.0
COOL BASE: 65.0