NOAA-Style Climate Reports
Select a Year or Month report
2024: Jan Feb Mar Apr May Jun Jul Aug Sep Oct Nov Dec
2023: Jan Feb Mar Apr May Jun Jul Aug Sep Oct Nov Dec
2022: Jan Feb Mar Apr May Jun Jul Aug Sep Oct Nov Dec
2021: Jan Feb Mar Apr May Jun Jul Aug Sep Oct Nov Dec
2020: Jan Feb Mar Apr May Jun Jul Aug Sep Oct Nov Dec
2019: Jan Feb Mar Apr May Jun Jul Aug Sep Oct Nov Dec
2018: Jan Feb Mar Apr May Jun Jul Aug Sep Oct Nov Dec
2017: Jan Feb Mar Apr May Jun Jul Aug Sep Oct Nov Dec
2016: Jan Feb Mar Apr May Jun Jul Aug Sep Oct Nov Dec
2015: Jan Feb Mar Apr May Jun Jul Aug Sep Oct Nov Dec
2014: Jan Feb Mar Apr May Jun Jul Aug Sep Oct Nov Dec
2024: Jan Feb Mar Apr May Jun Jul Aug Sep Oct Nov Dec
2023: Jan Feb Mar Apr May Jun Jul Aug Sep Oct Nov Dec
2022: Jan Feb Mar Apr May Jun Jul Aug Sep Oct Nov Dec
2021: Jan Feb Mar Apr May Jun Jul Aug Sep Oct Nov Dec
2020: Jan Feb Mar Apr May Jun Jul Aug Sep Oct Nov Dec
2019: Jan Feb Mar Apr May Jun Jul Aug Sep Oct Nov Dec
2018: Jan Feb Mar Apr May Jun Jul Aug Sep Oct Nov Dec
2017: Jan Feb Mar Apr May Jun Jul Aug Sep Oct Nov Dec
2016: Jan Feb Mar Apr May Jun Jul Aug Sep Oct Nov Dec
2015: Jan Feb Mar Apr May Jun Jul Aug Sep Oct Nov Dec
2014: Jan Feb Mar Apr May Jun Jul Aug Sep Oct Nov Dec
Report for 2024 March
MONTHLY CLIMATOLOGICAL SUMMARY FOR 3/2024 HEAT COOL MEAN DEG DEG WIND SPEED DOM MEAN MEAN DAY TEMP HIGH TIME LOW TIME DAYS DAYS RAIN AVG HI TIME DIR BAROM HUM --------------------------------------------------------------------------------------- 1 52.7 66.1 4:42pm 41.6 12:35am 25 0 0.00 2 11 2:22pm NNE 30.13 84 2 63.7 79.4 3:55pm 49.0 6:43am 10 7 0.00 5 17 11:09am NNE 30.02 79 3 68.3 80.2 3:03pm 59.5 1:09am 2 9 0.00 5 18 11:41am NNE 29.90 82 4 71.7 82.7 2:32pm 64.8 6:39am 0 13 0.00 4 15 12:00pm NNE 29.84 82 5 72.7 88.1 3:44pm 58.0 11:59pm 1 17 0.01 2 17 3:07pm NNE 29.83 63 6 66.2 82.3 3:59pm 52.1 6:49am 8 10 0.00 2 14 10:15am NNE 29.87 78 7 68.2 73.9 2:07pm 63.7 7:15am 0 7 0.00 4 16 12:21pm NNE 29.77 86 8 66.8 80.6 3:03pm 49.0 11:20pm 5 8 0.35 4 25 8:41pm NNE 29.79 78 9 51.8 61.3 4:56pm 43.3 11:51pm 26 0 0.00 4 20 8:17pm NNW 30.01 81 10 53.8 66.9 3:45pm 38.4 8:05am 11 0 0.00 1 9 1:29pm NNW 30.29 62 11 61.2 72.2 4:49pm 51.9 8:04am 5 1 0.00 2 15 12:24pm S 30.21 62 12 64.2 75.7 5:15pm 54.5 4:04am 4 3 0.00 4 15 12:52pm SSW 30.04 83 13 70.7 81.5 5:37pm 64.8 1:32am 0 6 0.00 6 16 11:53am S 29.83 84 14 73.1 77.7 1:52pm 69.7 3:11am 0 8 0.00 5 20 1:01pm S 29.79 86 15 66.4 70.8 12:00am 62.2 10:15pm 1 2 0.09 2 17 7:15am NE 29.97 89 16 63.8 70.6 4:30pm 60.4 6:30am 2 1 0.04 2 9 1:00am NE 29.97 93 17 61.6 64.8 3:15am 57.4 11:45pm 3 0 0.40 2 27 5:30am NE 29.96 93 18 57.8 63.7 2:30pm 50.1 8:15am 5 0 0.00 3 18 11:45am NE 30.22 64 --------------------------------------------------------------------------------------- TOT 60.0 87.4 3/5/24 30.0 2/18/24 108 93 0.88 4 27 3/17/24 S 30.02 76 HEAT BASE: 65.0 COOL BASE: 65.0