NOAA-Style Climate Reports


Select year:  Select month: 



Report for 2018 December
                  MONTHLY CLIMATOLOGICAL SUMMARY FOR 12/2018
                                        HEAT  COOL        
     MEAN                               DEG   DEG       WIND SPEED       DOM MEAN  MEAN
DAY  TEMP  HIGH   TIME     LOW   TIME   DAYS  DAYS RAIN AVG  HI  TIME    DIR BAROM HUM
---------------------------------------------------------------------------------------
1    62.2  75.8   3:40pm  47.1  11:23pm    5    3  0.26   3  20  12:51pm WSW 29.70   54
2    55.1  67.6   3:33pm  45.7   6:34am   10    0  0.00   2  14  10:03am NNE 29.87   54
3    49.9  60.6  12:01pm  41.9   5:43am   15    0  0.00   2  17   1:21pm   N 30.17   60
4    43.8  55.2   3:28pm  34.3   6:49am   21    0  0.00   2  12   8:37am   N 30.38   64
5    44.9  56.8   2:03pm  32.5   4:32am   20    0  0.00   2  13  11:35pm  SE 30.42   60
6    52.4  54.7   1:05pm  48.9  12:06am   13    0  0.34   2  11  12:00am  SE 30.24   81
7    48.5  52.9  12:00am  45.0  11:48pm   16    0  2.33   3  22   8:02pm   N 30.23   93
8    42.2  45.0  12:00am  39.0   9:34pm   23    0  0.05   4  19   3:10am  NW 30.22   89
9    41.8  50.0   2:11pm  35.7  11:19pm   23    0  0.00   3  17  12:11am  NW 30.38   80
10   42.0  59.6   3:12pm  31.6   6:07am   23    0  0.00   1   8   8:39am WNW 30.44   70
11   45.0  59.9   3:27pm  29.2   5:19am   20    0  0.00   3  19  11:50am SSE 30.35   75
12   56.0  65.0   2:59pm  45.5   6:20am    9    0  0.00   3  17   2:27pm SSE 30.01   87
13   57.6  68.3  11:43am  41.2  11:26pm    8    0  0.00   7  29   5:35pm WNW 29.79   72
14   45.5  52.0   7:32pm  41.1   3:44am   19    0  0.00   6  25   5:09am  NW 30.06   71
15   49.0  66.3   3:39pm  37.6  11:58pm   16    0  0.00   3  13  12:20am  NW 30.25   43
16   47.0  63.3   3:21pm  32.0   5:54am   18    0  0.00   1  10  12:07pm SSE 30.32   64
17   53.0  67.6   4:10pm  38.8  11:59pm   12    0  0.00   1  10   1:26pm  SW 30.26   60
18   36.8  38.8  12:00am  35.4   3:18am    5    0  0.00   0   0  12:00am   N 30.18   91
---------------------------------------------------------------------------------------
TOT  49.1  75.8  12/1/18  29.2 12/11/18  277    3  2.98   3  29 12/13/18  NW 30.18   69

HEAT BASE: 65.0
COOL BASE: 65.0