NOAA-Style Climate Reports


Select year:  Select month: 



Report for 2019 April
                  MONTHLY CLIMATOLOGICAL SUMMARY FOR 4/2019
                                        HEAT  COOL        
     MEAN                               DEG   DEG       WIND SPEED       DOM MEAN  MEAN
DAY  TEMP  HIGH   TIME     LOW   TIME   DAYS  DAYS RAIN AVG  HI  TIME    DIR BAROM HUM
---------------------------------------------------------------------------------------
1    48.5  60.9   4:50pm  39.0   3:02am   17    0  0.00   1  10   5:40pm ENE 30.29   56
2    54.3  71.1   4:22pm  37.2   4:37am   12    1  0.00   3  17   6:22pm  SE 30.22   54
3    59.7  68.8   2:47pm  50.0   2:36am    6    1  0.00   4  19   6:18pm  SE 30.12   77
4    72.3  89.9   5:49pm  60.6  11:59pm    1    8  0.01   3  16  10:03am  SE 29.97   68
5    68.0  80.3   4:32pm  60.6  12:00am    1    4  0.00   1  11   5:49pm  SE 29.97   81
6    67.4  71.4   6:08pm  63.7   3:21pm    0    2  5.92   2  13  10:56am  SE 29.89   91
7    63.7  72.2   4:06pm  59.6  11:57am    2    1  1.34   1  13   8:44am  NW 29.91   87
8    68.5  84.7   5:08pm  59.0  11:58pm    2    6  0.01   1  11  12:32am WNW 29.97   71
9    70.0  85.8   4:47pm  53.4   7:21am    3    8  0.00   1  10   2:33pm  SE 29.93   65
10   73.9  89.4   4:32pm  60.2   7:26am    1   10  0.00   3  21   3:48pm  SE 29.67   58
11   68.6  80.4   5:59pm  54.3  11:59pm    1    5  0.00   1  16  12:34am  SW 29.68   53
12   62.4  77.5   5:04pm  47.4   5:16am    6    3  0.00   1  12   4:08pm   E 29.84   67
13   59.8  67.3   3:11pm  46.3  11:42pm    5    0  0.60   1  20   4:52pm   E 29.69   80
14   56.3  72.8   6:09pm  43.8   7:09am   10    1  0.00   0  10   3:05am WNW 30.04   59
15   63.5  79.2   4:18pm  48.8   4:55am    6    4  0.00   2  17   3:01pm ESE 30.05   63
16   68.8  80.9   3:00pm  60.7   4:46am    1    5  0.00   4  22  10:04am  SE 29.99   76
17   72.2  81.3   3:23pm  68.1  12:00am    0    7  0.05   4  19   4:41pm  SE 29.80   86
18   63.7  73.5   3:53pm  53.7  11:30pm    3    2  0.91   1  14   5:54am  SW 29.82   74
19   62.5  73.9   3:42pm  48.9  11:58pm    5    2  0.00   0  11   2:49pm WNW 30.09   51
20   61.8  78.7   4:47pm  44.0   6:53am    7    4  0.00   2  15  12:15pm   E 30.09   63
---------------------------------------------------------------------------------------
TOT  64.3  89.9   4/4/19  37.2   4/2/19   87   73  8.84   2  22  4/16/19  SE 29.95   69

HEAT BASE: 65.0
COOL BASE: 65.0