NOAA-Style Climate Reports


Report for 2024 February
                  MONTHLY CLIMATOLOGICAL SUMMARY FOR 2/2024
                                        HEAT  COOL        
     MEAN                               DEG   DEG       WIND SPEED       DOM MEAN  MEAN
DAY  TEMP  HIGH   TIME     LOW   TIME   DAYS  DAYS RAIN AVG  HI  TIME    DIR BAROM HUM
---------------------------------------------------------------------------------------
1    57.1  71.0   2:01pm  44.2   2:56am    9    1  0.00   3  16   2:20pm  SW 30.08   80
2    61.5  66.2   3:01pm  56.4  12:01am    3    0  0.13   4  22   9:28pm   S 29.85   93
3    58.2  70.5   3:21pm  45.8  10:52pm    7    1  0.03   3  20  12:00am  NW 29.65   75
4    56.5  67.0   3:07pm  50.4   3:46am    8    0  0.00   6  26  12:23pm NNW 29.70   60
5    53.7  63.7   3:51pm  44.1  11:31pm   11    0  0.00   4  19   1:23am NNW 30.09   75
6    52.8  68.4   3:39pm  38.7   7:42am   13    0  0.00   1  10   1:01pm NNW 30.18   70
7    56.5  68.2   1:42pm  43.1   6:29am    9    0  0.00   4  22   4:03pm   S 30.01   77
8    62.3  71.0   3:13pm  57.4   7:51am    4    1  0.00   1  12   9:57pm NNW 29.99   81
9    65.4  73.0   3:57pm  57.8   1:49am    2    2  0.00   2  15   1:26pm  SE 29.95   86
10   60.3  64.7   2:20am  56.1  11:42pm    5    0  0.96   2  17  11:38am   E 29.85   95
11   52.6  57.3   4:45am  43.3  11:51pm   12    0  0.07   5  20   8:17pm NNW 29.84   90
12   47.2  59.7   3:51pm  37.7  11:59pm   18    0  0.00   5  22   2:20am NNW 30.13   71
13   49.1  65.3   3:21pm  32.9   7:14am   16    0  0.00   2  13  12:24pm   S 30.21   72
14   54.4  67.8   2:33pm  37.4   7:15am   11    0  0.00   3  13   4:33pm SSW 30.18   77
15   61.6  67.9   2:54pm  55.5   7:02am    4    0  0.00   3  12  10:39am SSW 30.14   85
16   63.0  72.5   2:31pm  49.2  11:59pm    3    1  0.00   5  18  10:58am  SW 30.00   77
17   41.7  49.2  12:00am  34.6  11:25pm   23    0  0.00   5  19   1:15pm  NE 30.28   66
18   39.9  53.3   4:20pm  29.5   6:38am   25    0  0.00   2  12  12:12pm  NE 30.31   59
19   49.5  65.9   4:04pm  33.9   7:23am   16    0  0.00   3  23  12:36pm  SW 30.19   65
20   60.7  78.1   3:34pm  45.3   7:04am    7    3  0.00   4  18   3:53pm  SW 30.21   76
21   65.6  76.1   4:59pm  58.0  12:46am    2    2  0.00   7  24   1:49pm  SW 30.07   84
22   71.2  85.1   3:42pm  63.5   7:20am    0    5  0.00   6  21  12:08am  SW 29.86   65
---------------------------------------------------------------------------------------
TOT  56.3  85.1  2/22/24  30.0  2/18/24  207   18  1.19   4  26   2/4/24  SW 30.04   76

HEAT BASE: 65.0
COOL BASE: 65.0