• Terra Properties Inc
  • Software Answer



NOAA-Style Climate Reports


Select year:  Select month: 



Report for 2018 January
                  MONTHLY CLIMATOLOGICAL SUMMARY FOR 1/2018
                                        HEAT  COOL        
     MEAN                               DEG   DEG       WIND SPEED       DOM MEAN  MEAN
DAY  TEMP  HIGH   TIME     LOW   TIME   DAYS  DAYS RAIN AVG  HI  TIME    DIR BAROM HUM
---------------------------------------------------------------------------------------
1    26.7  31.9   2:40pm  22.4   8:13am   38    0  0.00   5  19  12:00am NNE 30.71   61
2    28.1  31.3   2:47pm  23.4  11:58pm   37    0  0.00   3  14   4:09pm NNE 30.59   58
3    33.7  56.8   3:54pm  18.2   7:37am   31    0  0.00   1  13   9:03am  NW 30.45   61
4    39.0  53.6   2:51pm  24.3   7:35am   25    0  0.00   1   8  12:05pm ENE 30.37   61
5    47.9  61.7   2:58pm  38.5   8:11am   16    0  0.00   2  15   1:50pm SSE 30.34   49
6    49.2  64.3   1:11pm  33.4   6:48am   15    0  0.00   2  13   9:40pm SSE 30.29   74
7    58.2  66.4  12:55pm  50.9  12:27am    6    0  0.00   5  21  12:39pm SSE 30.01   82
8    53.4  66.6   3:58pm  40.6  11:56pm   11    0  0.00   3  19   1:32am  NW 30.11   56
9    49.4  70.0   3:16pm  33.1   6:56am   16    1  0.00   2  12  11:43pm  SE 30.10   67
10   55.3  69.0   4:16pm  45.7  12:25am    9    1  0.00   5  23   3:01pm SSE 29.88   80
11   53.4  69.7  12:49pm  39.4  11:59pm   11    0  0.01   5  31   3:53pm  NW 29.89   68
12   39.9  53.0   3:25pm  28.4   7:50am   24    0  0.00   4  24   1:31am  NW 30.29   39
13   36.9  50.7   3:25pm  27.7   4:27am   28    0  0.00   2  14   9:09am NNW 30.55   47
14   41.5  60.1   3:15pm  25.4   5:45am   23    0  0.00   2  16   3:18pm  SE 30.48   61
15   49.2  67.5   3:30pm  35.4  11:59pm   15    0  0.13   3  32   8:48pm SSW 30.31   77
16   26.6  35.4  12:00am  22.3  11:58pm   38    0  0.04   6  25   3:50am   N 30.70   59
17   23.7  36.8   3:57pm  13.5   5:26am   41    0  0.00   2  14  10:10am NNW 30.74   56
18   31.6  43.0   4:10pm  18.9  12:26am   33    0  0.00   2  12   3:53pm SSE 30.51   57
19   36.3  37.4   2:57am  35.1  12:00am    4    0  0.00   1   8  12:00am SSE 30.35   60
---------------------------------------------------------------------------------------
TOT  41.3  70.0   1/9/18  13.5  1/17/18  421    3  0.18   3  32  1/15/18 SSE 30.35   62

HEAT BASE: 65.0
COOL BASE: 65.0