NOAA-Style Climate Reports


Select year:  Select month: 



Report for 2018 October
                  MONTHLY CLIMATOLOGICAL SUMMARY FOR 10/2018
                                        HEAT  COOL        
     MEAN                               DEG   DEG       WIND SPEED       DOM MEAN  MEAN
DAY  TEMP  HIGH   TIME     LOW   TIME   DAYS  DAYS RAIN AVG  HI  TIME    DIR BAROM HUM
---------------------------------------------------------------------------------------
1    75.9  87.0   4:16pm  69.4   3:48am    0   11  0.01   1  10   1:52am  SE 30.12   85
2    77.2  88.9   3:59pm  68.8   5:07am    0   12  0.04   1   9  11:56am  SE 30.10   82
3    80.0  90.1   4:39pm  73.6   2:26am    0   15  0.00   2  13  12:47pm  SE 30.01   76
4    79.8  89.7   4:04pm  72.5   7:33am    0   15  0.00   2  14   2:38pm  SE 30.01   75
5    80.6  91.1   4:28pm  73.4   3:26am    0   16  0.00   2  13   4:55pm  SE 29.96   77
6    78.5  86.7   4:30pm  74.6   9:41pm    0   13  0.03   2  12   4:46pm  SE 29.94   84
7    77.7  88.0   1:52pm  72.4   2:08am    0   13  0.02   2  24   2:17pm  SE 29.92   82
8    75.5  85.9  12:13pm  71.0   2:41am    0   10  0.42   2  15  12:30pm  SE 29.85   85
9    73.6  81.9  11:33am  66.1  11:28pm    0    9  1.22   2  16  10:51am  SE 29.74   90
10   67.7  78.0   4:32pm  61.1  10:33pm    1    3  0.00   0   7   5:46pm  NW 29.92   83
11   65.6  76.2   4:39pm  58.2   4:22am    2    3  0.00   1  11  10:43am   E 30.08   74
12   71.5  86.8   3:53pm  57.6   3:41am    2    8  0.00   1  11  12:41pm SSE 29.97   75
13   77.6  89.9   4:11pm  68.2  11:54pm    0   13  0.22   2  26   3:12pm SSE 29.79   81
14   75.7  89.3   3:40pm  65.1   3:22am    0   11  0.06   1  15   3:58pm  SE 29.85   82
15   47.6  74.3  12:00am  42.4  11:37am   18    0  1.72   1  16  10:00am WNW 30.16   90
16   47.6  49.0   5:11pm  44.8  12:00am   17    0  1.25   0  15   6:35am  NW 30.23   92
17   52.5  57.8   2:06pm  48.7  12:00am   12    0  0.00   0   8   1:29pm NNE 30.31   92
18   56.9  62.2   3:48pm  51.4   3:49am    7    0  0.01   0   7   2:27am   N 30.33   84
---------------------------------------------------------------------------------------
TOT  70.2  91.1  10/5/18  42.4 10/15/18   59  152  5.00   1  26 10/13/18  SE 30.01   83

HEAT BASE: 65.0
COOL BASE: 65.0