NOAA-Style Climate Reports


Select year:  Select month: 



Report for 2020 January
                  MONTHLY CLIMATOLOGICAL SUMMARY FOR 1/2020
                                        HEAT  COOL        
     MEAN                               DEG   DEG       WIND SPEED       DOM MEAN  MEAN
DAY  TEMP  HIGH   TIME     LOW   TIME   DAYS  DAYS RAIN AVG  HI  TIME    DIR BAROM HUM
---------------------------------------------------------------------------------------
1    52.1  55.6   1:13pm  48.2   5:06am   13    0  0.00   1  14  12:32pm   S 30.00   56
2    53.2  58.5   3:46pm  46.9  11:59pm   12    0  0.02   2  13   4:32pm   S 29.70   86
3    50.4  63.7   1:36pm  40.2   3:26am   15    0  0.02   3  23   3:03pm  NW 30.00   71
4    51.6  70.5   3:31pm  34.0   7:05am   14    1  0.00   0  14  12:31pm WNW 30.36   51
5    57.3  73.7   1:31pm  42.8   6:57am    9    2  0.00   2  20   1:04pm   S 30.30   44
6    56.2  73.2   3:49pm  37.4   7:31am   10    1  0.00   2  16  12:51pm   S 30.19   62
7    49.3  66.7   3:09pm  33.4   7:28am   16    0  0.00   0  10  12:00am  NW 30.42   45
8    50.7  68.6   3:14pm  30.0   4:40am   15    0  0.00   3  22   3:52pm SSE 30.29   61
9    66.8  77.1   4:08pm  60.4   1:14am    2    3  0.00   5  28  10:57am SSE 30.01   79
10   68.8  74.5   4:13pm  56.9  11:01pm    1    5  0.36   7  28  10:27am SSE 29.80   81
11   47.4  57.4  12:00am  36.9  11:42pm   18    0  0.01   5  21   8:40am  NW 30.13   73
12   44.1  59.9   3:47pm  29.3   7:16am   21    0  0.00   2  15  12:36pm   S 30.23   78
13   54.2  61.1   3:50pm  42.8   1:39am   11    0  0.01   1   9   3:51pm SSE 30.19   91
14   63.5  72.8   4:27pm  57.6   7:05am    3    1  0.01   2  12   3:13pm SSE 30.11   92
15   71.4  81.0   3:20pm  66.3  11:48pm    0    6  0.02   4  21  12:12pm   S 30.09   83
16   58.8  67.3   2:03am  54.5   4:57pm    7    0  0.29   2  14  10:04am  NW 30.27   93
17   55.2  60.1  11:56pm  48.3  11:22am   10    0  0.24   2  11   8:18am  NW 30.21   95
18   59.3  67.2   1:30pm  43.9  11:45pm    6    0  0.01   4  19   2:00pm  NW 30.25   75
19   45.0  57.0   3:18pm  34.5   7:38am   20    0  0.00   2  13  10:45am  NW 30.53   50
20   43.9  59.7   2:24pm  29.5   6:52am   21    0  0.00   0   6  11:43am ESE 30.59   58
21   48.7  61.0   2:30pm  35.1   4:06am   16    0  0.01   1  16   9:29pm  SE 30.44   58
22   49.3  55.0   5:38pm  44.1   3:45am   16    0  0.87   2  11   1:02pm ESE 30.07   92
23   50.9  59.4   4:09pm  40.0  11:47pm   14    0  0.01   2  17  10:36am  NW 30.04   85
24   47.3  63.7   3:26pm  33.4   7:32am   18    0  0.00   1   9  10:21am   N 30.19   70
25   51.8  65.5   1:13pm  35.6   7:10am   13    0  0.00   3  22   1:01pm   S 30.12   79
26   60.8  76.0   3:26pm  49.0  11:57pm    6    2  0.01   1  15  11:22am  NW 30.02   73
27   51.5  64.6   3:31pm  40.9   7:48am   13    0  0.00   2  16  11:41pm ESE 30.02   88
28   55.0  70.1   2:28pm  46.7  11:38pm   10    0  0.24   6  28   4:12pm   S 29.94   78
29   44.2  47.1  12:02am  42.5   2:25am    3    0  0.00   4  16  12:00am  NW 30.03   74
---------------------------------------------------------------------------------------
TOT  54.0  81.0  1/15/20  29.3  1/12/20  331   23  2.13   2  28   1/9/20   S 30.16   73

HEAT BASE: 65.0
COOL BASE: 65.0