NOAA-Style Climate Reports


Report for 2021 February
                  MONTHLY CLIMATOLOGICAL SUMMARY FOR 2/2021
                                        HEAT  COOL        
     MEAN                               DEG   DEG       WIND SPEED       DOM MEAN  MEAN
DAY  TEMP  HIGH   TIME     LOW   TIME   DAYS  DAYS RAIN AVG  HI  TIME    DIR BAROM HUM
---------------------------------------------------------------------------------------
1    47.0  62.5   2:43pm  34.5   7:08am   18    0  0.00   3  16   9:26am   N 30.44   56
2    50.0  66.8   3:56pm  34.8   7:38am   15    0  0.00   2  13  12:15pm   N 30.27   52
3    57.6  74.4   3:50pm  41.8   6:11am    9    2  0.00   5  23   2:54pm  SW 30.04   71
4    64.6  83.0   2:09pm  50.2  11:58pm    3    3  0.00   7  26   4:55am  SW 29.86   65
5    47.5  55.8   4:24pm  40.5  10:56pm   17    0  0.23   2  14   7:32am SSE 29.98   70
6    53.9  73.4   2:16pm  43.7  12:00am   12    1  0.00   4  26   2:27pm   N 29.93   65
7    49.9  67.7   3:49pm  31.5   7:31am   15    0  0.00   4  18  12:14pm   S 30.05   66
8    58.8  74.3   5:00pm  47.1   2:41am    8    1  0.00   4  22   1:24pm   S 29.98   82
9    49.3  61.8   2:02am  40.7   8:36am   16    0  0.02   3  15   1:29pm  NE 30.12   81
10   36.6  43.3  12:01am  32.3  11:41pm   28    0  0.05   4  15  11:28pm NNE 30.15   91
11   30.1  32.4  12:00am  28.3   9:06am   35    0  0.00   3  18  12:01am   N 30.21   90
12   27.8  29.3   2:41pm  26.2   8:11am   37    0  0.00   2  12  10:20am NNE 30.27   87
13   25.9  28.1  11:08pm  23.4   7:44am   39    0  0.00   3  14  10:20am   N 30.26   87
14   21.1  27.8  12:00am  10.9  11:58pm   44    0  0.00   4  18   8:24pm   N 30.27   87
15   11.5  18.6   2:36pm   4.6   7:33am   53    0  0.00   6  26   3:00am   N 30.41   78
16   13.3  21.5  23:59pm   1.8   7:06am   51    0  0.00   2  10   9:44am ESE 30.29   74
17   27.0  31.0   6:08am  21.5  12:00am   37    0  0.00   1  10   2:30am ESE 30.13   90
18   26.9  31.0   4:20pm  22.1  11:59pm   38    0  0.00   2  14   4:29pm   N 30.43   83
19   26.2  38.7   4:41pm  16.1   7:10am   39    0  0.00   2   9   6:46am   N 30.57   79
20   40.4  58.8   4:29pm  23.0   2:50am   25    0  0.00   4  19   2:56pm  SW 30.35   75
21   55.3  72.1   4:21pm  41.4   4:29am   11    1  0.00   5  23  12:41pm  SW 30.13   76
22   52.7  71.4   4:56pm  35.7   6:33am   13    1  0.00   2   9  11:09am   N 30.26   60
23   59.0  76.0   3:46pm  41.2   6:16am    8    2  0.00   5  25  12:56pm  SW 30.10   65
24   68.4  82.5   3:42pm  59.3  11:59pm    1    5  0.00   5  21   7:03am  SW 30.03   68
25   52.0  59.3  12:00am  47.5  11:58pm   13    0  0.03   3  12  11:16pm   N 30.13   77
26   46.3  47.6  12:00am  45.2   2:36am    2    0  0.01   6  14   2:10am   N 30.06   92
---------------------------------------------------------------------------------------
TOT  42.2  83.0   2/4/21   1.8  2/16/21  588   16  1.30   3  26   2/4/21   N 30.19   75

HEAT BASE: 65.0
COOL BASE: 65.0