NOAA-Style Climate Reports


Report for 2010 January
                  MONTHLY CLIMATOLOGICAL SUMMARY FOR 1/2010
                                        HEAT  COOL        
     MEAN                               DEG   DEG       WIND SPEED       DOM MEAN  MEAN
DAY  TEMP  HIGH   TIME     LOW   TIME   DAYS  DAYS RAIN AVG  HI  TIME    DIR BAROM HUM
---------------------------------------------------------------------------------------
1    40.0  53.0   3:20pm  30.1  11:54pm   25    0  0.00   1  18  12:19am NNW 30.46   63
2    39.0  54.3   2:44pm  26.4   7:29am   26    0  0.00   1  16   3:00pm  SE 30.33   68
3    41.8  45.6   2:06pm  35.8   1:28am   23    0  0.04   1  13  11:47pm   N 30.28   80
4    36.7  45.7   3:48pm  28.9   7:45am   27    0  0.00   2  22   9:03am   N 30.48   65
5    34.7  46.5   3:37pm  23.1   6:30am   30    0  0.00   0   9  12:28pm  SE 30.44   69
6    44.7  51.1   1:16pm  32.7   1:04am   21    0  0.00   1  17  10:53am SSE 30.17   80
7    35.2  50.5  12:00am  25.8  11:57pm   30    0  0.00   4  35  10:06am   N 30.36   60
8    24.3  32.4   3:47pm  15.4  11:49pm   39    0  0.00   1  21   1:44am   N 30.59   42
9    25.5  40.4   3:25pm  11.9   6:46am   40    0  0.00   0   8  12:26pm  SE 30.57   51
10   30.4  46.8   4:12pm  16.4   7:17am   35    0  0.00   1  10   1:52pm  SE 30.62   53
11   36.3  51.6   5:02pm  21.3   6:58am   28    0  0.00   1  14  11:35am  SW 30.49   69
12   45.8  62.6   3:38pm  30.3   2:00am   19    0  0.00   1  18   3:08pm  NW 30.45   71
13   48.0  58.9   1:56pm  36.0   4:16am   17    0  0.00   1  18   2:03pm SSE 30.30   78
14   52.8  57.6   4:38pm  48.6   4:29am   12    0  0.43   2  17   6:52pm  SE 30.09   92
15   49.4  54.2  12:00am  44.4  10:28pm   15    0  0.76   2  25   6:19pm   N 30.09   91
16   49.3  60.7   3:34pm  42.0  11:55pm   16    0  0.09   2  22  12:00am   N 30.02   77
17   49.4  63.0   3:47pm  35.9   6:33am   15    0  0.00   1  16   2:57pm  SW 30.03   77
18   55.4  69.1   4:05pm  44.6  12:06am   10    0  0.00   2  27   2:08pm SSE 30.01   82
19   63.0  71.8   4:17pm  56.4  12:34am    3    1  0.01   3  21  11:31am SSE 29.88   86
20   64.8  73.6   3:42pm  53.4  11:24pm    2    2  0.01   3  22   1:24pm SSE 29.68   86
21   57.4  75.2   4:08pm  42.3   5:38am   10    2  0.00   2  16  11:58am  NW 29.75   56
22   58.3  72.7   1:42pm  43.2   6:04am    8    2  0.00   5  35   1:08pm SSE 29.73   73
23   60.8  69.6   2:36pm  49.3  11:57pm    4    0  0.00   3  42   2:47pm   N 29.62   66
24   53.7  64.4   2:01pm  37.6  11:54pm   11    0  0.00   6  31   9:11am  NW 29.76   44
25   46.0  62.3   3:44pm  32.5   5:58am   19    0  0.00   1  14   1:54pm  NW 30.03   61
26   49.7  66.9   2:34pm  32.1   6:26am   16    0  0.00   1  18   3:18pm  SE 30.20   55
27   59.0  67.0   3:28pm  49.1   1:06am    6    0  0.00   5  22   4:11pm SSE 30.16   72
28   61.6  66.6   2:41pm  56.1  11:59pm    3    0  0.07   6  29   2:51pm  SE 30.02   86
29   40.0  56.3  12:00am  30.0  11:58pm   25    0  1.11   5  31   3:37am NNW 30.06   80
30   33.3  41.9   3:25pm  29.6   6:45am   31    0  0.00   2  20   6:30am NNW 30.22   72
31   31.9  33.8   2:56pm  29.4   4:02am   33    0  0.00   1   9  12:24am  SE 30.27   82
---------------------------------------------------------------------------------------
TOT  45.8  75.2  1/21/10  11.9   1/9/10  601    7  2.52   2  42  1/23/10 SSE 30.17   71

HEAT BASE: 65.0
COOL BASE: 65.0