NOAA-Style Climate Reports


Report for 2010 February
                  MONTHLY CLIMATOLOGICAL SUMMARY FOR 2/2010
                                        HEAT  COOL        
     MEAN                               DEG   DEG       WIND SPEED       DOM MEAN  MEAN
DAY  TEMP  HIGH   TIME     LOW   TIME   DAYS  DAYS RAIN AVG  HI  TIME    DIR BAROM HUM
---------------------------------------------------------------------------------------
1    38.8  43.9   3:40pm  32.9  12:54am   26    0  0.00   1   6  12:13am  SE 30.13   86
2    47.1  53.2   4:16pm  43.2   1:02am   18    0  0.02   1  14   3:04pm NNE 30.16   87
3    46.1  48.8  11:17am  43.7   6:02am   19    0  0.55   3  21   5:38pm ENE 30.04   86
4    45.1  45.8  12:52pm  44.5   4:01am   20    0  0.55   1  12  11:40am   N 29.90   93
5    45.7  54.3   4:57pm  38.4  10:48pm   19    0  0.00   2  13  11:45am  NW 29.97   88
6    45.7  56.0   3:28pm  38.2   7:04am   19    0  0.00   1  14   8:52am   N 30.11   75
7    43.1  49.2  11:54pm  38.0   1:38am   22    0  0.00   2  14   4:49pm  SE 30.03   81
8    50.7  62.5   1:08pm  42.5  11:44pm   14    0  0.16   5  32   1:41pm  SE 29.87   86
9    38.5  45.4   2:41pm  30.8  11:00pm   27    0  0.00   2  26   2:54am   N 30.28   60
10   35.7  40.7   1:24pm  29.8   5:09am   29    0  0.01   0   8   4:00pm  SE 30.30   70
11   36.8  39.4   1:32pm  33.5   8:47pm   29    0  0.67   1  13   7:06am   N 30.04   88
12   35.9  43.7   4:39pm  28.7  11:55pm   29    0  0.03   2  16   7:02am   N 30.14   83
13   40.7  56.2   4:14pm  27.9   1:34am   24    0  0.00   2  22   2:34pm SSE 30.09   81
14   46.2  64.2   1:30pm  37.5   7:21am   11    0  0.00   2  16  12:08pm  SW 30.01   84
15   38.5  53.1   3:18pm  27.8   6:01am   26    0  0.00   3  31  10:54am NNW 30.30   50
16   40.2  57.5   3:29pm  27.3   2:04am   25    0  0.00   1  18  12:12pm  NW 30.29   49
17   41.7  59.1   3:48pm  25.5   4:16am   23    0  0.00   1  12   1:04pm  NW 30.29   51
18   46.6  63.0   2:55pm  28.9   7:27am   19    0  0.00   2  23   1:12pm SSE 30.20   54
19   52.8  59.0   3:11pm  46.8   8:02am   12    0  0.00   3  16   2:47pm SSE 30.08   79
20   58.3  66.2   3:30pm  52.8   7:19am    7    0  0.00   4  18   3:35pm SSE 30.01   80
21   61.5  75.2   1:26pm  44.0  11:59pm    6    2  0.02   4  25  12:39pm  SE 29.84   67
22   42.9  48.4   3:25pm  38.0  11:53pm   22    0  0.00   2  18   1:03am   N 29.97   72
23   34.7  39.2   5:33am  31.7  11:41am   30    0  0.58   2  18   5:02am NNW 30.11   84
24   38.6  50.3   5:40pm  30.4   6:41am   26    0  0.00   2  20  12:40pm  NW 30.26   68
25   46.0  63.1   4:28pm  28.9   3:04am   19    0  0.00   3  26  12:03pm SSE 30.04   64
26   48.1  56.5  12:29pm  39.1  11:59pm   17    0  0.00   5  34  12:57pm NNW 30.05   70
27   47.9  64.5   5:12pm  31.4   6:52am   17    0  0.00   1  14  11:58am  NW 30.17   62
28   52.1  64.7   1:57pm  35.2   7:05am   13    0  0.00   5  27  12:26pm  SE 29.97   61
---------------------------------------------------------------------------------------
TOT  45.9  74.3  2/21/10  25.5  2/17/10  568    2  2.59   2  34  2/14/10 SSE 30.09   72

HEAT BASE: 65.0
COOL BASE: 65.0