NOAA-Style Climate Reports


Report for 2010 March
                  MONTHLY CLIMATOLOGICAL SUMMARY FOR 3/2010
                                        HEAT  COOL        
     MEAN                               DEG   DEG       WIND SPEED       DOM MEAN  MEAN
DAY  TEMP  HIGH   TIME     LOW   TIME   DAYS  DAYS RAIN AVG  HI  TIME    DIR BAROM HUM
---------------------------------------------------------------------------------------
1    48.3  57.8   1:27pm  42.3  11:57pm   17    0  0.50   3  26   9:56pm   N 29.91   86
2    45.1  58.5   3:52pm  34.8   6:24am   20    0  0.00   3  21   8:56am NNW 30.18   64
3    49.1  65.1   4:33pm  33.7   7:00am   16    0  0.00   1  16  12:57pm  SE 30.14   67
4    54.3  69.1   4:01pm  37.8   6:35am   11    0  0.00   4  23   1:35pm SSE 30.15   74
5    56.2  65.7   2:38pm  45.9   6:27am    9    0  0.00   4  23   2:22pm SSE 30.15   73
6    57.9  66.1   1:38pm  45.9   7:23am    7    0  0.00   4  16  12:24pm  SE 30.21   76
7    57.3  61.4   5:07pm  53.3   7:00am    8    0  0.01   4  21  12:24pm  SE 30.14   87
8    61.4  65.6   3:11pm  56.9   1:32am    4    0  0.12   6  23   3:29pm  SE 29.88   99
9    64.1  78.7   4:36pm  53.6  11:51pm    4    3  0.41   3  46   1:02am  SW 29.76   71
10   63.4  78.9   3:12pm  48.4  11:59pm    5    3  0.00   4  23  11:41am SSE 29.61   75
11   55.6  71.7   4:26pm  41.6   6:20am   10    1  0.00   2  30   4:50pm  NW 29.73   60
12   55.2  68.9   2:45pm  43.4   4:05am   10    1  0.00   4  30  11:43am  NW 29.91   56
13   56.7  73.5   5:00pm  41.4   6:33am   10    2  0.00   2  22   1:51pm  NW 29.90   53
14   58.8  79.8   4:05pm  40.7   7:00am    8    3  0.00   1  20   3:55pm SSE 29.89   65
15   58.8  68.4   4:04pm  48.8   3:27am    6    0  0.12   2  18  10:45am   N 30.11   74
16   52.1  54.8  12:00am  46.8  11:52pm   13    0  0.69   1  16   4:06am   N 30.27   96
17   55.0  68.9   5:33pm  43.1   6:50am   11    0  0.00   2  17  10:39am  NW 30.21   75
18   53.8  67.0   4:58pm  42.3   7:38am   11    0  0.00   0  10  10:09am   N 30.15   70
19   59.9  74.3   4:35pm  48.3  12:17am    7    2  0.00   4  27   1:19pm SSE 29.95   75
20   46.1  61.0  12:14am  35.5  11:59pm   19    0  0.78   6  46  11:05pm NNW 30.06   76
21   44.8  59.0   5:32pm  33.9   7:36am   20    0  0.00   6  40  12:59pm  NW 30.13   49
22   51.8  69.0   6:20pm  33.2   6:22am   14    0  0.00   1  12   2:03pm SSE 30.09   49
23   59.0  75.5   4:35pm  43.6   6:33am    8    2  0.00   4  26   1:40pm SSE 29.95   63
24   61.5  67.3  12:14pm  52.6  11:55pm    4    0  0.79   4  39   9:04pm SSE 29.89   88
25   55.5  66.3   4:04pm  45.9   7:37am   10    0  0.00   5  34  10:21am  NW 30.04   68
26   55.6  72.1   5:20pm  39.1   7:31am   10    1  0.00   2  22  11:05pm SSE 30.01   68
27   63.7  79.2   4:08pm  52.6   6:58am    5    4  0.00   4  31   5:56pm  NW 29.87   58
28   57.5  70.6   4:17pm  47.2   7:07am    8    1  0.00   3  35   4:03pm  NW 30.12   49
29   57.3  73.6   4:24pm  39.3   7:41am   10    2  0.00   0  17   3:51pm SSE 30.10   54
30   63.6  77.8   5:25pm  50.2   7:32am    5    4  0.00   3  34   3:00pm SSE 29.97   53
31   67.4  81.1   4:02pm  55.6   3:36am    3    5  0.00   5  29  10:02am SSE 29.94   69
---------------------------------------------------------------------------------------
TOT  56.3  81.1  3/31/10  33.2  3/22/10  302   34  3.42   3  46   3/9/10 SSE 30.01   69

HEAT BASE: 65.0
COOL BASE: 65.0