NOAA-Style Climate Reports


Report for 2010 April
                  MONTHLY CLIMATOLOGICAL SUMMARY FOR 4/2010
                                        HEAT  COOL        
     MEAN                               DEG   DEG       WIND SPEED       DOM MEAN  MEAN
DAY  TEMP  HIGH   TIME     LOW   TIME   DAYS  DAYS RAIN AVG  HI  TIME    DIR BAROM HUM
---------------------------------------------------------------------------------------
1    68.6  77.8   3:22pm  61.0   6:46am    1    4  0.00   7  30   9:13pm SSE 29.89   73
2    69.4  78.1   6:03pm  60.7  10:52pm    0    5  0.00   4  25   6:06am SSE 29.80   81
3    64.4  82.2   4:24pm  42.1   7:13am    6    6  0.00   2  17   2:32pm  SE 29.96   60
4    70.9  79.9   4:34pm  63.5   1:36am    0    6  0.00   5  27   3:01pm SSE 29.97   83
5    72.8  82.7   3:39pm  67.2  11:57pm    0    8  0.00   6  27   5:39pm SSE 30.01   76
6    71.6  80.9   3:57pm  66.6   5:08am    0    7  0.00   6  27  12:01pm SSE 29.86   73
7    68.2  76.4   5:18pm  56.6  11:59pm    1    4  0.00   2  20  10:59am  SE 29.88   59
8    56.5  70.5   4:53pm  41.5   6:43am    9    1  0.00   1  18   1:46pm  NW 30.18   41
9    56.4  73.3   3:03pm  37.5   6:22am   10    2  0.00   2  17   2:26pm  SE 30.18   54
10   63.5  76.8   4:06pm  50.0   7:02am    5    3  0.00   4  22   1:17pm  SE 30.19   69
11   63.5  70.8   5:01pm  58.2   1:56am    3    1  0.00   2  13   2:14am  SE 30.23   80
12   65.9  77.6   4:19pm  54.2   7:34am    3    4  0.01   3  22  11:34am  SE 30.19   65
13   66.2  78.6   4:25pm  50.1   4:57am    4    5  0.00   5  23   4:04pm  SE 30.15   66
14   67.2  76.0   2:45pm  58.7   2:37am    1    3  0.00   4  23   4:27pm  SE 30.21   75
15   68.2  77.7   2:36pm  64.4   1:17am    0    3  1.15   6  27   1:15pm  SE 30.19   80
16   66.5  72.4   3:02pm  62.8   2:37am    1    2  0.01   4  18   2:29pm  SE 30.16   84
17   67.0  75.4   4:55pm  60.5  11:47pm    1    3  1.32   3  18  11:50am  SE 30.02   84
18   62.1  68.5   2:24pm  58.7  11:57pm    3    0  0.00   1  18   1:37pm   W 30.03   78
19   58.2  62.1   1:19pm  53.3   7:58am    7    0  0.00   0  13  12:18am   N 30.11   77
20   62.9  74.2   5:38pm  52.2   7:11am    4    2  0.00   0   9  12:32pm  SE 30.06   71
21   66.3  79.5   4:44pm  53.0   4:12am    4    5  0.00   2  17   2:13pm  SE 29.93   71
22   67.5  73.8   2:26pm  62.7   1:44am    1    3  0.02   5  22   2:44pm  SE 29.79   83
23   74.6  85.6   5:54pm  67.2  11:14pm    0   10  0.00   2  18  12:00am  SE 29.65   74
24   67.6  81.2   4:55pm  53.8   6:59am    3    5  0.07   3  25  10:20am WNW 29.74   54
25   66.5  82.6   3:37pm  53.3   5:58am    4    5  0.00   1  27   4:58pm WNW 29.88   51
26   69.2  86.6   4:15pm  51.4   3:01am    3    7  0.00   2  30   4:25pm WSW 29.88   53
27   63.3  76.8   4:02pm  51.6  11:59pm    5    3  0.00   1  17   4:07pm NNE 30.07   50
28   64.3  79.7   4:44pm  45.6   6:51am    6    5  0.00   1  20   4:49pm  SE 30.01   58
29   71.6  83.8   4:33pm  61.1   3:09am    1    7  0.00   5  39  10:08am SSE 29.76   68
30   77.4  86.2   5:53pm  72.1  12:10am    0   12  0.00   3  25   2:39am  SE 29.57   68
---------------------------------------------------------------------------------------
TOT  66.6  86.3  4/26/10  37.5   4/9/10   84  132  2.57   3  39  4/29/10  SE 29.99   69

HEAT BASE: 65.0
COOL BASE: 65.0