NOAA-Style Climate Reports


Report for 2010 May
                  MONTHLY CLIMATOLOGICAL SUMMARY FOR 5/2010
                                        HEAT  COOL        
     MEAN                               DEG   DEG       WIND SPEED       DOM MEAN  MEAN
DAY  TEMP  HIGH   TIME     LOW   TIME   DAYS  DAYS RAIN AVG  HI  TIME    DIR BAROM HUM
---------------------------------------------------------------------------------------
1    71.7  81.8   4:59pm  60.4  11:59pm    0    7  0.00   1  14  10:25am NNE 29.63   60
2    68.9  85.3   4:25pm  58.0  12:50am    2    6  0.00   1  20   4:33pm WSW 29.79   48
3    67.6  86.8   2:45pm  50.2   6:35am    5    7  0.00   1  22  12:18pm WSW 29.99   52
4    68.5  88.2   4:57pm  47.3   6:49am    5    9  0.00   1  18   3:11pm  SE 30.03   56
5    75.5  92.5   5:03pm  57.9   6:54am    1   12  0.00   2  20  10:29am  SE 29.92   46
6    75.8  89.4   3:51pm  63.0   3:30am    0   11  0.00   3  20  11:54am  SE 29.91   61
7    78.6  93.7   5:14pm  69.9   1:20am    0   14  0.00   2  21   8:58am  SW 29.94   64
8    69.5  75.1   4:58pm  64.0   8:32am    0    5  0.00   1  18   8:19am  NE 30.23   46
9    70.5  75.3   2:04pm  66.3   6:04am    0    5  0.00   3  18   8:52am  SE 30.15   56
10   77.1  85.3   5:33pm  72.0   1:35am    0   12  0.00   4  31  11:44am  SE 29.95   70
11   78.9  90.5   3:51pm  70.6   1:15am    0   14  0.00   4  27   2:37pm  SE 29.91   68
12   78.7  87.6   3:21pm  71.7   6:08am    0   14  0.00   6  30   1:57pm SSE 29.88   67
13   78.9  87.5   3:52pm  73.1   7:24am    0   14  0.00   6  23  11:36am  SE 29.99   66
14   71.4  76.0  12:00am  64.2  10:42pm    0    6  0.39   3  14   6:56am  SE 30.10   83
15   70.7  81.3   3:39pm  63.2   4:18am    0    6  0.50   2  46   7:05am  SE 30.07   76
16   72.9  85.2   5:05pm  60.6   6:20am    1    9  0.00   0   8  11:33am  SE 30.04   76
17   75.6  90.8   5:52pm  65.4   6:35am    0   11  0.01   1  23   6:58pm  SE 30.06   72
18   75.0  88.0   4:36pm  63.3   5:52am    0   10  0.00   1  22  12:18am  SE 29.99   70
19   77.2  87.9   4:28pm  67.2   7:05am    0   12  0.00   2  26   1:23pm  SE 29.86   73
20   78.8  87.3   5:56pm  73.1   7:45am    0   14  0.01   2  22   4:24pm  SE 29.86   74
21   80.5  90.4   5:27pm  73.4   6:00am    0   15  0.00   3  18   3:56pm  SE 29.97   68
22   80.2  90.0   3:25pm  73.2   4:46am    0   15  0.00   5  23  10:16am  SE 29.94   69
23   81.3  89.9   4:18pm  76.0   6:04am    0   16  0.00   6  26   6:24pm  SE 29.94   69
24   78.8  87.8   3:21pm  71.2   6:12am    0   14  0.00   6  22  12:17am  SE 29.96   65
25   77.9  86.7   4:32pm  71.3   4:24am    0   13  0.00   5  25   4:54pm  SE 29.98   69
26   77.0  89.8   4:20pm  65.8   6:56am    0   12  0.00   1  13  12:53pm  SE 30.04   68
27   79.2  93.6   3:28pm  64.9   6:23am    0   14  0.00   1  12   2:56pm ENE 30.04   63
28   81.2  95.0   4:42pm  67.8   6:53am    0   16  0.00   0  10   2:17pm  SE 29.97   60
29   81.1  95.6   5:10pm  67.9   5:51am    0   16  0.00   1  17   6:52pm  SE 29.86   61
30   81.7  92.8   4:26pm  70.6   6:36am    0   17  0.00   1  21   3:57pm  SW 29.88   59
31   80.9  92.0   4:25pm  69.0   7:06am    0   16  0.00   2  17  12:44pm  SE 29.99   61
---------------------------------------------------------------------------------------
TOT  76.2  95.2  5/28/10  47.3   5/4/10   14  361  0.91   2  46  5/15/10  SE 29.96   64

HEAT BASE: 65.0
COOL BASE: 65.0