NOAA-Style Climate Reports


Report for 2010 June
                  MONTHLY CLIMATOLOGICAL SUMMARY FOR 6/2010
                                        HEAT  COOL        
     MEAN                               DEG   DEG       WIND SPEED       DOM MEAN  MEAN
DAY  TEMP  HIGH   TIME     LOW   TIME   DAYS  DAYS RAIN AVG  HI  TIME    DIR BAROM HUM
---------------------------------------------------------------------------------------
1    80.4  91.7   3:58pm  69.9   6:20am    0   15  0.00   3  20   5:59pm  SE 29.97   62
2    78.0  93.1   5:04pm  67.1  11:34pm    0   13  0.63   2  26   7:21pm  SE 29.85   71
3    70.0  73.9  12:04pm  67.1   4:52am    0    5  0.26   0   8   4:04am WSW 29.82   90
4    79.3  92.9   5:59pm  65.9   6:33am    0   14  0.01   0  13  12:15pm   E 29.85   68
5    80.4  91.5   4:51pm  69.9   6:40am    0   15  0.00   2  20   2:30pm  SE 29.86   72
6    83.6  92.9   3:25pm  76.9   2:30am    0   19  0.00   2  13   1:39am  SE 29.94   71
7    82.3  91.7   3:28pm  74.9   6:33am    0   17  0.00   2  18   4:54pm  SE 30.02   72
8    79.2  87.7   3:39pm  74.4  11:40pm    0   14  0.00   3  20   6:51pm  SE 29.99   76
9    74.9  82.7   5:25pm  69.5   4:48am    0   10  1.94   2  12   2:18pm  SE 29.98   87
10   81.9  91.4   4:48pm  75.9  12:00am    0   17  0.00   3  26   1:07pm SSE 29.92   76
11   82.6  91.3   3:34pm  76.6   6:02am    0   18  0.00   5  23   2:17pm SSE 29.93   73
12   83.8  92.0   4:22pm  78.5  12:10am    0   19  0.00   6  23  11:33am SSE 30.02   71
13   83.9  91.6   2:43pm  78.2   6:51am    0   19  0.00   4  26  11:57am SSE 30.03   70
14   82.8  91.9   4:21pm  76.4   6:37am    0   17  0.00   3  21  10:46am SSE 29.98   70
15   82.7  92.3   3:37pm  74.1   6:32am    0   18  0.00   3  17   7:22pm SSE 30.03   69
16   83.1  92.7   4:46pm  75.1   4:09am    0   18  0.00   3  17   2:34pm SSE 30.09   69
17   82.5  92.0   2:45pm  74.5   4:43am    0   18  0.00   3  23   2:36pm SSE 30.07   69
18   83.9  93.6   4:26pm  76.2   1:56am    0   19  0.00   3  21   2:27pm  SE 30.05   68
19   83.3  93.3   4:14pm  74.9   6:48am    0   19  0.00   2  18   9:31am  SE 30.09   68
20   83.4  93.0   5:23pm  75.5   2:46am    0   18  0.00   2  21   9:52am  SE 30.07   67
21   82.8  92.9   5:13pm  72.4   5:42am    0   18  0.00   2  17  10:09am  SE 30.05   66
22   83.4  93.1   5:23pm  72.9   6:40am    0   18  0.00   1  14   2:18pm  SE 30.06   65
23   83.4  93.7   6:03pm  73.2   6:28am    0   18  0.00   2  16   7:11pm  SE 30.08   65
24   79.0  90.2   2:52pm  74.1   6:03am    0   14  0.04   1  16   3:28pm  SE 30.11   79
25   83.0  94.1   5:40pm  73.9   2:13am    0   18  0.00   3  16  11:53am SSE 30.06   68
26   84.5  95.1   5:23pm  74.3   6:11am    0   19  0.00   3  18   4:07pm  SE 29.98   65
27   83.6  94.4   5:17pm  72.8   6:53am    0   19  0.00   3  18  10:22am  SE 29.90   64
28   83.5  96.2   4:29pm  73.2   6:13am    0   19  0.00   2  18   6:53pm  SE 29.89   66
29   78.7  91.6   1:37pm  72.6   5:29pm    0   14  0.48   1  20   4:57pm NNE 29.97   80
30   79.3  86.2   5:18pm  74.6   6:49am    0   14  0.04   1  21   5:08pm ENE 30.01   76
---------------------------------------------------------------------------------------
TOT  81.4  95.6  6/28/10  65.9   6/4/10    0  492  3.40   2 139  6/14/10  SE 29.99   71

HEAT BASE: 65.0
COOL BASE: 65.0