NOAA-Style Climate Reports


Report for 2010 September
                  MONTHLY CLIMATOLOGICAL SUMMARY FOR 9/2010
                                        HEAT  COOL        
     MEAN                               DEG   DEG       WIND SPEED       DOM MEAN  MEAN
DAY  TEMP  HIGH   TIME     LOW   TIME   DAYS  DAYS RAIN AVG  HI  TIME    DIR BAROM HUM
---------------------------------------------------------------------------------------
1    84.0  96.4   2:10pm  76.7   5:26am    0   19  0.01   2  16   1:37pm  SE 29.97   68
2    82.2  93.5   5:14pm  74.8   6:52am    0   17  0.00   1  14   8:32pm  SE 29.96   70
3    76.4  86.2   4:50pm  70.7   6:17am    0   11  1.10   1  18   4:59am NNE 30.11   75
4    79.0  90.1   4:27pm  69.2   7:48am    0   14  0.00   0  12   2:11pm  SE 30.11   54
5    79.7  91.2   3:54pm  68.7   6:14am    0   15  0.00   1  13  12:09pm  SE 29.98   65
6    78.2  89.4   2:02pm  68.5   5:09am    0   13  0.03   3  22   2:23pm  SE 29.94   75
7    75.2  77.1  11:33pm  72.5   8:49am    0   10  3.31   4  30   8:54pm  SE 29.96   90
8    79.4  88.0   2:56pm  75.8   8:24am    0   14  0.35   5  31  12:22am SSE 29.93   86
9    82.6  90.1   5:06pm  77.5   6:58am    0   18  0.06   2  22  12:43pm SSE 29.92   78
10   82.3  92.0   3:57pm  75.5   4:38am    0   17  0.00   2  21  12:39pm WSW 29.91   73
11   83.0  93.1   2:50pm  76.3   7:17am    0   18  0.00   2  17  10:05am WSW 29.97   75
12   83.6  93.9   3:44pm  75.2   7:04am    0   19  0.00   1  10   2:14pm  SE 30.08   72
13   82.1  93.4   3:48pm  74.6   6:05am    0   17  0.00   1  16   5:44pm  SE 30.08   77
14   82.2  92.8   4:09pm  74.0   7:11am    0   17  0.00   1  14  10:51am  SE 30.05   74
15   81.3  91.9   3:48pm  73.2   6:24am    0   16  0.00   1  13  10:06am  SE 30.03   75
16   79.7  92.1   3:50pm  70.8   7:21am    0   15  0.00   1  13   6:25pm  SE 30.02   72
17   78.6  92.8   3:12pm  70.6   7:14am    0   14  0.02   1  27   5:26pm  SE 30.04   77
18   77.7  89.0   3:32pm  70.8   6:41am    0   13  0.00   1  18   3:28pm  SE 30.08   81
19   75.6  88.1   4:01pm  66.2  11:59pm    0   11  0.00   1  20   4:30pm SSE 30.11   81
20   72.2  86.7   3:19pm  64.5   4:20am    0    7  0.35   1  27   4:48pm  SE 30.06   85
21   74.3  85.9   3:10pm  67.3   4:32am    0    9  0.06   1  16  12:51pm  SE 29.99   87
22   76.3  85.0   4:56pm  69.4   5:10am    0   11  0.31   2  22   5:58pm SSE 30.01   85
23   79.5  89.6   4:20pm  71.5   2:46am    0   14  0.00   3  21  11:14am  SE 30.03   78
24   80.3  90.5   3:44pm  74.2   2:37am    0   15  0.00   2  14  11:47am SSE 30.11   78
25   77.8  90.3   1:29pm  69.8   6:46am    0   13  0.00   1  17   3:10pm NNE 30.08   79
26   72.8  86.0   2:51pm  60.2  11:08pm    0    8  0.00   1  18   3:48pm   N 30.02   78
27   63.8  77.3   4:16pm  53.9   7:45am    4    3  0.00   1  14   9:08am  NW 30.05   66
28   65.6  86.5   5:15pm  48.7   7:07am    6    6  0.00   0  10   2:28pm WNW 29.97   64
29   71.0  88.7   4:48pm  57.8   7:29am    2    8  0.00   0  13   3:53pm   N 29.87   62
30   70.9  89.2   4:34pm  55.3   7:15am    3    9  0.00   1  12   1:53pm   N 29.99   61
---------------------------------------------------------------------------------------
TOT  77.6  95.4   9/1/10  48.9  9/28/10   15  393  5.59   1  31   9/8/10  SE 30.01   75

HEAT BASE: 65.0
COOL BASE: 65.0