NOAA-Style Climate Reports


Report for 2010 October
                  MONTHLY CLIMATOLOGICAL SUMMARY FOR 10/2010
                                        HEAT  COOL        
     MEAN                               DEG   DEG       WIND SPEED       DOM MEAN  MEAN
DAY  TEMP  HIGH   TIME     LOW   TIME   DAYS  DAYS RAIN AVG  HI  TIME    DIR BAROM HUM
---------------------------------------------------------------------------------------
1    72.7  86.4   3:40pm  62.9  11:56pm    0    8  0.00   1  16   3:43pm   N 30.11   57
2    69.5  85.3   4:09pm  55.5   6:24am    2    7  0.00   1  13   4:05pm   N 30.14   52
3    65.8  75.9   3:48pm  58.0   7:41am    2    3  0.00   1  16   9:20am NNE 30.27   54
4    61.5  76.0   4:53pm  47.2   6:26am    6    3  0.00   1  14  10:28am  SE 30.33   51
5    60.2  79.0   4:57pm  44.3   7:12am    9    4  0.00   1  16  10:00am  SE 30.35   59
6    60.6  82.5   4:15pm  43.6   7:11am    9    5  0.00   0  10   2:33pm  SE 30.34   60
7    62.8  84.9   4:50pm  45.1   5:43am    8    6  0.00   1  10   2:52pm  SE 30.27   59
8    64.9  84.8   4:56pm  45.8   7:20am    6    6  0.00   1  21   3:50pm  SE 30.19   55
9    67.6  86.1   4:17pm  49.6   7:41am    4    7  0.00   1  16   1:07pm  SE 30.13   55
10   71.2  85.8   4:17pm  58.0   6:39am    2    8  0.00   2  18  11:21am  SE 30.02   69
11   73.7  86.5   5:00pm  64.6   7:31am    0    9  0.00   1  29  10:20am WSW 29.95   72
12   73.3  88.7   4:03pm  58.4  11:59pm    0    9  0.00   0  14   6:11pm NNW 30.08   61
13   69.2  84.3   3:05pm  56.0   7:20am    3    7  0.00   1  25   3:45pm   N 30.25   57
14   63.7  79.3   4:12pm  46.9  11:59pm    5    4  0.00   1  13  12:32pm   N 30.32   46
15   60.7  85.0   3:33pm  41.3   7:26am   10    5  0.00   0   9  12:22pm WSW 30.21   51
16   63.1  84.2   3:40pm  44.5   7:46am    8    6  0.00   1  14  12:30pm  SE 30.18   59
17   67.7  83.5   4:50pm  53.8   7:21am    3    6  0.00   1  14   4:54pm  SE 30.14   70
18   72.5  83.9   3:37pm  64.9   9:49pm    0    7  0.00   2  20  11:53am WSW 30.03   71
19   70.9  85.6   4:57pm  59.3   7:00am    1    7  0.00   1  18  10:44am WSW 30.02   72
20   72.7  88.4   4:36pm  61.6   6:50am    0    8  0.00   0  10  12:09pm   W 30.08   72
21   73.7  86.3   3:54pm  61.7   7:49am    0    9  0.00   2  18   2:13pm SSE 30.05   69
22   74.3  85.7   3:19pm  65.5   4:55am    0    9  0.01   4  27   4:37pm SSE 30.00   75
23   73.6  83.2   1:20pm  68.5   7:15am    0    9  0.21   2  23  11:47am SSE 29.99   82
24   74.9  87.3   4:15pm  66.4   6:12am    0   10  0.00   2  23  10:09am WSW 29.94   75
25   76.6  88.4   4:15pm  69.2   4:36am    0   12  0.00   3  30  12:27pm SSE 29.70   74
26   71.8  83.6   4:16pm  54.4  11:49pm    1    8  0.00   1  21   4:02am  SW 29.76   60
27   69.3  89.0   4:54pm  51.6   6:24am    4    9  0.00   1  21  10:58pm WSW 29.97   70
28   66.8  76.5   2:50pm  49.0  11:59pm    2    4  0.00   1  26   1:48pm NNE 30.43   28
29   53.3  72.7   4:24pm  37.7   7:29am   13    1  0.00   0  12   1:15pm NNW 30.42   48
30   56.2  80.5   4:13pm  34.2   7:43am   12    4  0.00   1  18  12:28pm WSW 30.16   52
31   67.7  86.0   4:04pm  51.1   7:55am    4    7  0.00   2  21  11:14am WSW 30.02   57
---------------------------------------------------------------------------------------
TOT  67.8  88.5 10/27/10  34.4 10/30/10  117  204  0.22   1  30 10/25/10 SSE 30.12   61

HEAT BASE: 65.0
COOL BASE: 65.0