NOAA-Style Climate Reports


Report for 2010 November
                  MONTHLY CLIMATOLOGICAL SUMMARY FOR 11/2010
                                        HEAT  COOL        
     MEAN                               DEG   DEG       WIND SPEED       DOM MEAN  MEAN
DAY  TEMP  HIGH   TIME     LOW   TIME   DAYS  DAYS RAIN AVG  HI  TIME    DIR BAROM HUM
---------------------------------------------------------------------------------------
1    74.0  84.7   5:25pm  63.2  11:59pm    0    9  0.00   1  20   2:54am WSW 30.06   70
2    57.0  67.2  12:40pm  51.5   7:56am    8    0  0.35   1  20  12:12am  NW 30.11   78
3    53.5  56.9   6:04pm  50.4   2:11pm   12    0  0.29   1  17   5:57pm   N 30.10   84
4    56.3  67.2   2:49pm  39.5  11:56pm    9    0  0.01   1  22  12:10pm   N 30.25   49
5    48.2  65.9   4:02pm  35.2   7:19am   17    0  0.00   0  13   2:31pm   N 30.33   55
6    48.8  69.1   4:57pm  33.0   7:41am   17    0  0.00   1  12  11:04am  SE 30.41   60
7    55.1  73.7   3:27pm  36.5   6:33am   11    2  0.00   1  16  11:33am  SE 30.37   62
8    61.0  76.7   3:29pm  45.8   4:41am    7    3  0.00   1  21  11:23am SSE 30.14   69
9    63.1  78.1   2:00pm  46.2   6:53am    5    3  0.00   2  25  11:47am SSE 29.98   69
10   65.7  81.9   3:19pm  50.3   6:44am    4    5  0.00   1  21   1:20pm  SE 30.03   75
11   68.2  81.2   3:02pm  55.7   3:49am    2    6  0.00   2  18   1:01pm  SE 30.16   76
12   69.7  82.4   2:50pm  54.9  11:58pm    1    6  0.03   4  27   9:48am SSE 30.20   73
13   51.7  63.3   3:27pm  39.5  11:02pm   13    0  0.00   1  17   1:06pm   N 30.28   63
14   51.4  58.1  12:37pm  40.5  12:02am   14    0  0.00   1  10  10:21am  SE 30.10   65
15   54.3  64.9   4:09pm  47.8   2:10am   11    0  0.00   1  16  11:05am  SE 29.80   80
16   54.4  68.6   4:10pm  44.3   7:22am   11    0  0.00   1  13   9:19am  NW 29.96   60
17   59.9  80.0   3:20pm  45.3   2:40am    8    3  0.00   2  29  11:05am  SW 30.09   53
18   48.9  64.9   3:27pm  36.0  11:59pm   16    0  0.00   1  16  10:07am   N 30.41   62
19   50.7  71.2   3:42pm  30.7   5:57am   15    1  0.00   1  17   3:09pm SSE 30.25   64
20   62.3  77.0   3:28pm  48.5   5:46am    6    3  0.00   3  21   2:34pm SSE 30.14   78
21   72.7  81.7   2:34pm  67.8   2:25am    0    8  0.00   4  30   2:28pm SSE 30.06   74
22   74.1  83.1   3:27pm  69.5   3:11am    0    9  0.00   3  31  11:44am SSE 30.01   73
23   74.8  82.9   3:09pm  70.2   7:10am    0   10  0.00   3  18   8:46pm SSE 30.03   75
24   75.9  84.4   2:17pm  71.0   4:06am    0   11  0.00   6  29  11:57am SSE 29.87   72
25   60.0  77.1  11:26am  42.5  11:57pm    9    4  0.00   3  27   5:57pm SSE 29.92   68
26   43.0  56.2   3:30pm  28.3  11:57pm   22    0  0.00   1  23   3:56am   N 30.31   36
27   43.7  62.5   3:54pm  26.1   7:12am   22    0  0.00   0  14   3:08pm  SE 30.29   42
28   56.3  70.3   1:33pm  38.2   4:02am    9    1  0.00   4  27  11:40am SSE 29.99   61
29   67.7  78.9   1:14pm  58.9  11:59pm    1    4  0.02   2  20   4:23am SSE 29.84   57
30   47.7  59.9  12:32am  30.0  11:38pm   17    0  0.00   2  25   4:44am   N 30.33   34
---------------------------------------------------------------------------------------
TOT  59.0  84.1  11/1/10  26.1 11/27/10  267   87  0.69   2  31 11/22/10 SSE 30.13   65

HEAT BASE: 65.0
COOL BASE: 65.0