NOAA-Style Climate Reports


Report for 2010 December
                  MONTHLY CLIMATOLOGICAL SUMMARY FOR 12/2010
                                        HEAT  COOL        
     MEAN                               DEG   DEG       WIND SPEED       DOM MEAN  MEAN
DAY  TEMP  HIGH   TIME     LOW   TIME   DAYS  DAYS RAIN AVG  HI  TIME    DIR BAROM HUM
---------------------------------------------------------------------------------------
1    46.0  65.6   3:39pm  27.1   7:23am   19    0  0.00   2  21  10:27am  SW 30.36   38
2    52.0  71.3   3:36pm  34.9   7:17am   14    1  0.00   1  21  12:21pm  SW 30.27   55
3    60.0  76.0   3:27pm  42.4   5:19am    7    2  0.00   2  27  12:45pm  SW 30.19   68
4    63.8  77.7   2:34pm  49.2  11:59pm    4    3  0.00   3  17   3:18am  SW 30.17   60
5    45.8  54.5   1:15pm  38.0  10:09pm   19    0  0.00   1  20  12:29pm NNE 30.47   44
6    39.9  53.7   3:16pm  30.8  12:59pm   25    0  0.00   0  12   2:14pm   N 30.53   50
7    45.1  57.4   3:10pm  28.6   3:20am   20    0  0.00   2  16   4:39pm SSE 30.26   52
8    46.3  54.8   2:30pm  36.6  11:59pm   19    0  0.00   1  22   3:25am NNE 30.38   61
9    47.6  64.5   3:05pm  32.6   6:27am   17    0  0.00   3  27   1:23pm SSW 30.25   62
10   57.4  73.0   3:20pm  39.4   7:10am    9    1  0.00   3  31  11:18am SSE 30.06   71
11   58.3  69.1   1:10pm  45.1  11:59pm    7    0  0.00   2  26   1:17pm   N 30.03   58
12   43.4  55.2   3:22pm  29.9  11:24pm   22    0  0.00   1  26   1:26pm NNW 30.43   32
13   42.1  60.9   2:57pm  24.8   6:19am   23    0  0.00   1  18   1:01pm SSE 30.34   36
14   53.9  71.8   3:32pm  34.8   7:13am   12    1  0.00   3  27  12:42pm SSW 30.09   53
15   64.2  77.2   3:32pm  55.1   4:10am    3    3  0.00   5  38  10:29am SSW 29.83   69
16   53.3  61.2  12:00am  41.5  11:57pm   12    0  0.00   2  20   6:57am   N 29.96   63
17   44.1  49.2  12:37pm  37.9   7:29am   21    0  0.00   1  14  12:11pm NNE 30.16   57
18   42.1  55.5   3:04pm  32.0   7:09am   23    0  0.00   1  10   9:38am   N 30.20   55
19   49.0  66.9   3:54pm  30.9   5:12am   16    0  0.00   2  23  12:37pm SSE 30.08   63
20   63.0  75.2   3:41pm  52.5   1:05am    4    2  0.00   4  29   1:06pm SSW 29.98   77
21   68.6  78.6   3:07pm  61.3  10:23pm    0    4  0.00   4  23   3:32am  SW 30.08   75
22   57.7  63.5   3:37am  49.3   9:20am    7    0  0.00   2  18   1:58am NNE 30.30   69
23   56.3  64.3   3:46pm  50.5   1:28am    9    0  0.00   2  14  10:11pm  SE 30.31   59
24   52.0  64.5   1:34pm  43.3  10:48pm   13    0  0.96   3  23   1:43pm SSE 30.22   77
25   37.3  43.9  11:21am  30.0  11:21pm   41    0  0.00   1  21   3:15am SSE 30.48   72
26   33.5  46.3   3:42pm  24.9   7:39am   31    0  0.00   1  12  10:39am  NW 30.50   72
27   41.1  58.8   3:16pm  22.6   7:19am   24    0  0.00   3  22   2:23pm SSE 30.37   73
28   54.3  62.7   4:06pm  47.0   4:16am   11    0  0.08   2  18  11:14pm SSE 30.22   86
29   62.6  71.2   4:03pm  58.2  11:03pm    3    1  0.00   3  21  12:49am SSE 29.89   84
30   65.3  76.4   4:25pm  56.9   2:45am    2    3  0.00   4  21   1:26pm SSE 29.72   81
31   61.1  67.4  12:29am  47.4  11:49pm    4    0  0.00   3  25  12:07am   N 29.90   51
---------------------------------------------------------------------------------------
TOT  51.8  78.5 12/21/10  22.8 12/27/10  441   21  1.04   2  38 12/15/10 SSE 30.19   62

HEAT BASE: 65.0
COOL BASE: 65.0