NOAA-Style Climate Reports


Report for 2011 March
                  MONTHLY CLIMATOLOGICAL SUMMARY FOR 3/2011
                                        HEAT  COOL        
     MEAN                               DEG   DEG       WIND SPEED       DOM MEAN  MEAN
DAY  TEMP  HIGH   TIME     LOW   TIME   DAYS  DAYS RAIN AVG  HI  TIME    DIR BAROM HUM
---------------------------------------------------------------------------------------
1    54.4  72.7   4:05pm  39.5   6:51am   12    1  0.00   1  13  12:13pm   N 30.37   51
2    57.0  76.3   3:30pm  37.4   6:30am   11    3  0.00   2  21  11:50am SSE 30.25   46
3    59.8  76.6   3:52pm  42.7   5:48am    8    2  0.00   4  25   4:49pm SSE 30.12   63
4    65.2  73.4   2:25pm  59.3   4:03am    2    2  0.00   4  20   9:19am SSE 30.02   72
5    53.2  63.0   2:15am  39.3  11:50pm   12    0  0.09   4  30  11:04am   N 30.28   60
6    48.7  65.8   4:04pm  29.5   6:50am   16    0  0.00   1  13   6:01pm SSE 30.28   47
7    59.0  75.0   4:22pm  44.6   5:13am    8    2  0.00   6  29  12:37pm SSE 29.97   69
8    71.6  83.1   3:27pm  63.7  12:00am    8    8  0.00   4  23   2:15am SSE 29.86   71
9    57.7  69.6   3:35pm  43.4  11:51pm    8    0  0.00   3  25   1:31pm   N 30.26   48
10   53.1  69.8   3:20pm  36.3   6:53am   13    1  0.00   1  17  12:25pm   N 30.50   39
11   57.6  77.8   3:58pm  36.4   5:39am   10    3  0.00   4  27   4:26pm SSE 30.23   44
12   66.6  82.0   3:08pm  56.4   1:14am    3    4  0.00   7  31   8:42am SSE 30.02   63
13   67.1  76.0   5:57pm  61.8   1:58am    1    3  0.00   4  20  12:38pm SSE 30.01   75
14   60.5  69.4   4:18pm  46.8  11:50pm    5    0  0.03   2  21   7:21am   N 30.13   64
15   55.4  74.8   5:39pm  38.5   4:21am   10    1  0.00   2  16   1:31pm  SE 30.16   60
16   66.4  77.3   5:31pm  59.6   1:48am    2    3  0.00   4  23  11:26am SSE 30.12   74
17   71.0  82.3   4:52pm  65.3   5:11am    0    6  0.00   5  30  12:59pm SSE 30.08   69
18   73.0  86.4   4:54pm  64.0   5:24am    0    8  0.00   5  27  11:41am SSE 30.10   68
19   71.3  83.9   4:19pm  62.1   6:17am    0    7  0.00   6  25   4:25pm SSE 30.10   67
20   70.6  77.8   4:30pm  65.2  12:06am    0    6  0.00   6  26  11:16am SSE 30.09   68
21   71.5  83.3   4:30pm  64.5   5:20am    0    6  0.00   6  29  12:38pm SSE 30.07   67
22   71.1  80.9   2:50pm  63.2   7:03am    0   12  0.00   5  35   2:24pm SSE 29.89   67
23   73.1  88.3   4:00pm  64.3   7:55am    0    8  0.00   2  18  11:15am  SW 29.85   58
24   68.9  83.8   4:05pm  53.4   3:14am    3    6  0.00   4  23   3:30pm SSE 29.93   43
25   73.0  84.7   4:47pm  64.6   2:33am    0    8  0.00   4  26   1:15pm SSE 29.77   66
26   74.8  85.9   3:35pm  68.3   1:34am    0   10  0.00   4  21   4:58am  SW 29.67   69
27   59.9  71.8  12:00am  53.3  11:58pm    5    0  0.00   2  16   1:33am NNE 29.80   65
28   55.1  61.0   3:18pm  49.4   7:37am   10    0  0.00   1  12   1:27pm NNE 29.91   79
29   60.0  67.1   4:50pm  52.6  11:51pm    5    0  0.03   1  20   8:50pm   N 29.90   83
30   54.2  65.0   3:59pm  45.4  11:59pm   11    0  0.00   1  21  12:02am   N 29.98   63
31   58.3  78.6   6:02pm  41.0   7:46am   10    3  0.00   1  20   2:28pm  SW 29.83   66
---------------------------------------------------------------------------------------
TOT  63.2  87.5  3/23/11  29.5   3/6/11  171  116  0.15   3  35  3/22/11 SSE 30.05   63

HEAT BASE: 65.0
COOL BASE: 65.0