NOAA-Style Climate Reports


Report for 2011 April
                  MONTHLY CLIMATOLOGICAL SUMMARY FOR 4/2011
                                        HEAT  COOL        
     MEAN                               DEG   DEG       WIND SPEED       DOM MEAN  MEAN
DAY  TEMP  HIGH   TIME     LOW   TIME   DAYS  DAYS RAIN AVG  HI  TIME    DIR BAROM HUM
---------------------------------------------------------------------------------------
1    73.2  90.4   5:42pm  56.2  12:13am    2   10  0.00   2  26  12:25pm  SW 29.75   62
2    73.7  85.6   3:09pm  62.1   6:45am    0    9  0.00   3  18   5:34pm SSE 29.89   74
3    73.4  83.9   5:14pm  65.6   2:21am    0    8  0.00   5  30   1:36pm SSE 29.80   75
4    67.3  74.3  12:00am  54.5  11:59pm    2    4  0.09   4  34  12:14pm NNW 29.87   51
5    58.9  76.4   5:12pm  37.6   7:15am    9    3  0.00   2  18   1:57pm SSE 30.10   33
6    66.2  85.3   5:32pm  48.4   6:59am    5    6  0.00   3  31  10:06am SSE 29.92   57
7    70.7  81.7   5:44pm  63.0   4:58am    0    6  0.00   4  22  10:32am SSE 29.79   76
8    78.5  90.4   3:33pm  69.9  12:19am    0   14  0.00   5  31   2:58pm SSE 29.77   68
9    77.3  90.6   3:43pm  67.7   5:21am    0   12  0.00   6  31   2:14pm SSE 29.83   69
10   77.7  90.1   4:10pm  68.9   5:51am    0   13  0.00   5  34  12:44pm SSE 29.78   68
11   70.2  82.5   3:46pm  52.5  11:59pm    1    7  0.06   4  27   4:00pm  NW 29.96   54
12   65.5  82.6   3:53pm  44.8   7:23am    6    6  0.00   1  16   5:58pm  SE 30.07   47
13   68.0  84.7   5:41pm  47.5   6:48am    4    7  0.00   2  22  12:37pm SSE 29.93   55
14   74.9  84.9   5:22pm  68.2   7:22am    0   10  0.00   2  22   2:57pm SSE 29.74   72
15   70.9  81.8   3:15pm  56.2  11:59pm    1    7  0.00   3  30  12:31pm NNW 29.85   36
16   61.4  79.3   4:57pm  40.5   7:10am    8    5  0.00   0  12  12:09pm ENE 30.05   34
17   66.9  85.5   4:03pm  44.3   7:21am    5    7  0.00   3  29   2:29pm SSE 29.88   49
18   78.7  93.1   4:29pm  70.1  12:00am    0   14  0.00   4  26  12:31pm SSE 29.72   67
19   80.5  92.2   5:08pm  71.9   7:06am    0   16  0.00   4  22   4:57pm SSE 29.70   67
20   79.0  88.3   4:34pm  71.1  11:59pm    0   14  0.00   2  18   2:35am  SE 29.86   71
21   77.0  90.2   4:58pm  66.7   6:05am    0   12  0.00   4  23   3:59pm SSE 29.89   65
22   79.9  91.3   3:33pm  72.6   6:03am    0   15  0.01   5  29   1:26pm SSE 29.81   63
23   79.6  91.5   4:25pm  72.2   5:56am    0   15  0.00   5  27   8:16pm SSE 29.80   64
24   78.4  89.2   3:01pm  70.9   3:12am    0   13  0.00   5  29  12:47pm SSE 29.81   67
25   79.2  90.1   5:17pm  72.6   2:43am    0   14  0.00   4  29   3:54pm SSE 29.64   70
26   80.3  92.5   3:21pm  72.9   3:30am    0   15  0.00   4  27   7:03pm SSE 29.45   72
27   75.6  85.2   2:41pm  62.9  11:59pm    0   11  0.00   4  31   1:43pm  NW 29.69   46
28   66.2  81.8   5:32pm  47.5   6:33am    4    5  0.00   1  16   3:24pm  NE 30.12   46
29   70.5  87.8   3:49pm  50.6   6:53am    3    9  0.00   4  29   1:33pm SSE 29.92   49
30   78.6  89.0   4:53pm  69.2  12:06am    0   13  0.00   5  26  12:59pm SSE 29.70   69
---------------------------------------------------------------------------------------
TOT  73.3  92.6  4/18/11  37.9   4/5/11   50  298  0.15   3  34   4/4/11 SSE 29.84   60

HEAT BASE: 65.0
COOL BASE: 65.0