NOAA-Style Climate Reports


Report for 2011 July
                  MONTHLY CLIMATOLOGICAL SUMMARY FOR 7/2011
                                        HEAT  COOL        
     MEAN                               DEG   DEG       WIND SPEED       DOM MEAN  MEAN
DAY  TEMP  HIGH   TIME     LOW   TIME   DAYS  DAYS RAIN AVG  HI  TIME    DIR BAROM HUM
---------------------------------------------------------------------------------------
1    85.6  97.7   3:43pm  74.3   6:30am    0   20  0.00   2  20   5:53pm  SE 29.96   59
2    87.0  99.3   4:56pm  74.9   6:38am    0   22  0.00   2  16   1:23pm  SE 30.00   57
3    87.6 100.9   3:46pm  74.9   6:45am    0   22  0.00   1  17   4:07pm WSW 29.94   49
4    87.1 100.2   4:25pm  74.4   7:22am    0   22  0.00   3  20   1:22pm  SE 29.90   50
5    86.3  99.2   3:29pm  72.8   6:30am    0   21  0.00   3  17   2:12pm  SE 29.92   50
6    85.8 100.7   4:14pm  74.8   6:52am    0   41  0.00   2  30   7:55pm  SE 29.93   52
7    86.0  99.3   5:18pm  73.1   6:44am    0   21  0.00   2  21   1:50pm  SE 29.88   54
8    87.8 100.9   4:02pm  75.0   6:33am    0   23  0.00   2  18   9:29am  SW 29.82   49
9    87.6  99.1   4:50pm  76.3   6:52am    0   23  0.00   2  18   1:41pm SSE 29.85   53
10   86.1 100.5   4:37pm  76.0   7:00am    0   21  0.00   3  21   5:17pm  SE 29.92   60
11   87.1  99.8   3:56pm  75.8   6:18am    0   22  0.00   3  20  12:18pm  SE 29.96   59
12   87.7 100.5   4:33pm  77.1   5:43am    0   23  0.00   2  21   7:42pm  SE 29.94   58
13   88.0 101.3   4:29pm  75.9  6:45 am    0   23  0.00   2  18   5:06pm  SE 29.89   55
14   88.3 101.5   5:56pm  76.1   6:58am    0   24  0.00   3  26  12:00pm  SE 29.83   53
15   89.0 102.6   5:55pm  78.4   6:40am    0   24  0.00   3  22   8:24pm  SE 29.80   53
16   85.1  95.9   6:08pm  74.8   6:26am    0   20  0.43   3  16   4:58am  SE 29.87   59
17   86.3  99.0   4:55pm  75.0   6:58am    0   21  0.00   2  16  11:26am  SE 29.98   55
18   87.7 100.0   5:34pm  78.1   6:37am    0   23  0.00   1  12   6:55pm WSW 29.97   54
19   86.0  99.7   2:21pm  76.2   6:56am    0   21  0.00   2  17   2:50pm  SE 29.90   58
20   86.9  99.8   4:50pm  76.2   5:26am    0   42  0.00   3  17   2:01pm  SE 29.87   59
21   87.4 100.7   4:40pm  76.3   6:35am    0   22  0.00   4  29  12:33pm  SE 29.86   58
22   87.5 101.5   5:41pm  77.3   6:51am    0   23  0.00   4  23   7:17pm  SE 29.87   60
23   88.5 101.4   3:46pm  76.8   6:53am    0   23  0.00   3  25  10:29am  SE 29.94   57
24   88.6 102.0   5:02pm  77.1   5:28am    0   24  0.00   2  20   9:47am  SE 30.01   55
25   88.7 102.9   3:57pm  76.4   6:47am    0    0  0.00   2  20   2:30pm  SE 29.86   53
26   88.8 101.6   5:36pm  77.9   6:53am    0   24  0.00   3  18  10:10am  SE 29.82   49
27   89.1 103.1   4:47pm  76.8   6:54am    0   24  0.00   3  21   9:26am  SE 29.81   50
28   88.8 101.3   5:03pm  78.2   6:59am    0   24  0.00   4  22   9:32pm  SE 29.87   53
29   86.9 100.5   3:49pm  77.0   7:10am    0   22  0.00   4  25   4:24pm  SE 29.94   59
30   87.4  99.9   5:24pm  77.9   7:34am    0   22  0.00   4  21  11:54am  SE 30.00   58
31   87.6 101.4   5:45pm  75.0   6:52am    0   22  0.00   1  16   5:07pm  SE 30.04   54
---------------------------------------------------------------------------------------
TOT  87.4 103.1  7/27/11  72.8   7/5/11    0  710  0.43   3  30   7/6/11  SE 29.91   55

HEAT BASE: 65.0
COOL BASE: 65.0