NOAA-Style Climate Reports


Report for 2011 August
                  MONTHLY CLIMATOLOGICAL SUMMARY FOR 8/2011
                                        HEAT  COOL        
     MEAN                               DEG   DEG       WIND SPEED       DOM MEAN  MEAN
DAY  TEMP  HIGH   TIME     LOW   TIME   DAYS  DAYS RAIN AVG  HI  TIME    DIR BAROM HUM
---------------------------------------------------------------------------------------
1    91.4 104.9   5:32pm  77.1   7:01am    0   26  0.00   1  16  12:38pm  SE 29.96   44
2    92.4 105.0   3:14pm  79.7   6:59am    0   27  0.00   2  18   3:25pm  SE 29.87   42
3    91.3 105.8   4:18pm  78.2   6:56am    0   53  0.00   2  18   2:29pm  SE 29.84   46
4    91.1 105.1   5:46pm  77.1   6:58am    0   25  0.00   2  21  10:22pm  SE 29.84   47
5    90.8 104.5   4:40pm  78.0   6:54am    0   24  0.00   3  21   9:38pm  SE 29.87   50
6    89.6 103.1   4:38pm  77.1   7:06am    0   24  0.00   3  21   2:21pm SSE 29.88   53
7    89.7 101.6   6:00pm  78.8   7:08am    0   23  0.00   3  20  12:25pm  SE 29.86   53
8    89.7 103.1   5:34pm  78.6   6:50am    0   24  0.00   3  25   9:41pm SSE 29.81   54
9    89.5 103.7   5:41pm  78.1   7:08am    0   24  0.00   3  22  10:03am  SE 29.79   55
10   88.9 102.6   5:32pm  77.8   6:56am    0   24  0.00   4  25  10:40am SSE 29.78   55
11   89.3 101.7   5:20pm  79.2   6:39am    0   24  0.00   4  20  10:37am  SE 29.81   58
12   89.5 101.1   4:06pm  79.2   7:14am    0   24  0.00   3  21  12:15pm  SE 29.85   56
13   85.6  94.7   3:10pm  78.4   7:28am    0   18  0.00   2  16  12:25am  SE 29.90   62
14   88.2 101.1   4:43pm  78.4   7:28am    0   23  0.00   1  22   5:46pm  SE 29.92   56
15   89.0 100.8   2:52pm  77.4   7:17am    0   24  0.00   2  21  10:16pm  SE 29.86   50
16   88.5 101.6   5:30pm  76.6   7:12am    0   24  0.00   4  25   4:03pm SSE 29.91   53
17   89.2 101.8   4:14pm  76.9   7:00am    0   47  0.00   2  16   1:59pm  SE 29.98   52
18   90.7 103.8   5:41pm  75.5   7:15am    0   25  0.00   2  20  10:12am  SE 29.92   43
19   91.4 104.0   4:08pm  77.9   7:17am    0   25  0.00   3  29   2:44pm WSW 29.83   44
20   91.2 102.7   3:20pm  79.3   7:11am    0   26  0.00   3  25   8:12pm SSE 29.85   47
21   88.6 101.5   4:33pm  76.0   7:22am    0   24  0.00   2  17  10:11am  SE 29.94   54
22   89.9 101.5   5:44pm  77.2   7:23am    0   25  0.00   2  16  12:48pm  SE 29.94   49
23   90.2 101.8   6:00pm  78.2   7:14am    0   25  0.00   2  16   9:11am  SE 29.88   50
24   89.5 101.8   4:33pm  78.2   7:20am    0   25  0.30   2  32   8:40pm  SE 29.86   52
25   83.7  93.6   4:57pm  75.3   7:00am    0   19  0.00   2  17   1:50pm  SE 29.89   63
26   86.6 102.5   5:02pm  72.2   7:20am    0   21  0.00   1  18  12:33pm  SE 29.91   53
27   92.1 108.1   5:16pm  77.6   7:09am    0   27  0.00   1  14   9:36am WSW 29.85   42
28   91.3 108.8   4:25pm  74.2   7:18am    0   27  0.00   0  17   3:29pm  SE 29.77   39
29   92.0 104.2   6:13pm  79.2   7:22am    0   27  0.00   1  14  11:33am  SE 29.79   36
30   89.8 102.5   4:21pm  77.2   7:04am    0   25  0.00   3  20  11:44pm SSE 29.85   38
31   87.8 100.5   4:35pm  76.2   7:26am    0   23  0.00   3  21   2:38pm  SE 29.93   48
---------------------------------------------------------------------------------------
TOT  89.6 109.0  8/28/11  71.4  8/26/11    0  803  0.30   2  32  8/24/11  SE 29.87   50

HEAT BASE: 65.0
COOL BASE: 65.0