NOAA-Style Climate Reports


Report for 2011 September
                  MONTHLY CLIMATOLOGICAL SUMMARY FOR 9/2011
                                        HEAT  COOL        
     MEAN                               DEG   DEG       WIND SPEED       DOM MEAN  MEAN
DAY  TEMP  HIGH   TIME     LOW   TIME   DAYS  DAYS RAIN AVG  HI  TIME    DIR BAROM HUM
---------------------------------------------------------------------------------------
1    86.6  99.3   4:09pm  71.3   7:24am    0   22  0.00   1  18   5:59pm  SE 29.94   50
2    88.8 101.3   4:49pm  77.2   7:21am    0   24  0.00   2  25   2:59pm  SE 29.86   49
3    87.1 100.1   4:16pm  73.4   6:47am    0   22  0.00   1  25   3:02pm  NE 29.76   43
4    86.8  99.9   3:38pm  75.7   7:10am    0   21  0.00   2  34   3:27pm NNE 29.75   39
5    79.5  89.4   4:37pm  65.6  11:59pm    0   14  0.00   1  22   9:15am   N 29.94   32
6    73.1  91.6   4:49pm  57.0   7:15am    2   10  0.00   0  13   2:21pm  NE 30.03   30
7    75.4  93.6   3:42pm  56.1   7:21am    2   12  0.00   0  14   2:16pm  NE 30.07   29
8    76.5  92.0   4:28pm  64.2   1:59am    0   12  0.00   1  17  12:58pm NNW 30.08   26
9    76.7  96.4   5:01pm  58.3   5:41am    2   14  0.00   0  16   3:50pm  NW 29.99   28
10   78.1  97.1   4:57pm  60.0   6:03am    1   14  0.00   0  21   2:14pm  NW 30.01   27
11   83.5 101.0   3:44pm  70.1   7:22am    0   18  0.00   1  17   3:29pm WSW 30.04   34
12   85.2 102.3   3:58pm  68.2   5:04am    0   20  0.00   1  20   1:04pm WSW 30.05   33
13   87.3 102.1   4:57pm  74.5   7:28am    0   22  0.00   1  23  12:25pm  SW 29.97   36
14   86.2 100.3   5:17pm  74.0   7:32am    0   43  0.00   2  18   9:38am  SW 29.92   44
15   82.2  93.0   4:28pm  70.0   7:18am    0   17  0.00   1  13   2:25pm  SE 30.01   52
16   80.8  89.9   4:59pm  73.4   7:36am    0   16  0.00   2  21   4:11pm SSE 30.05   57
17   80.1  93.0   2:29pm  73.3   7:04am    0   15  0.00   3  20   5:15pm  SE 30.03   67
18   81.4  93.9   4:53pm  73.1   3:08am    0   16  0.00   3  18  11:40am SSE 29.99   67
19   78.3  91.1   4:34pm  68.3   7:33am    0   13  0.09   1  22   2:15pm  NE 30.02   59
20   75.4  93.4   5:13pm  59.1   7:29am    1   12  0.00   0  10   2:02pm  NW 29.97   44
21   81.3  95.3   4:22pm  66.8   3:33am    0   16  0.00   1  16  11:22am  SE 29.98   52
22   81.6  92.8   1:54pm  71.2  11:58pm    0   17  0.00   1  21   3:33pm WSW 30.03   54
23   74.0  88.3   4:49pm  63.4  11:58pm    0    9  0.00   1  13   5:22pm NNE 30.09   48
24   75.6  96.2   5:01pm  53.2   7:04am    3   14  0.00   1  16  12:45pm  SE 29.94   40
25   87.4 102.6   4:21pm  75.1   7:42am    0   22  0.00   4  27  10:40am  SW 29.76   42
26   83.6 101.0   5:17pm  67.2   7:02am    0   19  0.00   2  22   9:33pm  SE 29.80   49
27   83.6  95.3   4:58pm  75.1  11:59pm    0   18  0.03   2  22   9:18am  SW 29.87   54
28   82.1  99.9   5:10pm  61.5   7:24am    0   17  0.00   1  20   1:11pm WSW 29.88   43
29   83.4 101.6   3:04pm  70.6   7:13am    0   18  0.00   3  22   5:22pm  SW 29.90   50
30   78.2  89.8   3:19pm  67.5  11:58pm    0   13  0.00   1  21  10:00am NNE 30.06   34
---------------------------------------------------------------------------------------
TOT  81.3 102.7  9/25/11  52.1  9/24/11   11  520  0.12   1  34   9/4/11  SE 29.96   44

HEAT BASE: 65.0
COOL BASE: 65.0