NOAA-Style Climate Reports


Report for 2011 October
                  MONTHLY CLIMATOLOGICAL SUMMARY FOR 10/2011
                                        HEAT  COOL        
     MEAN                               DEG   DEG       WIND SPEED       DOM MEAN  MEAN
DAY  TEMP  HIGH   TIME     LOW   TIME   DAYS  DAYS RAIN AVG  HI  TIME    DIR BAROM HUM
---------------------------------------------------------------------------------------
1    70.8  86.5   4:27pm  56.6   7:33am    2    8  0.00   1  12  12:20pm  SE 30.15   28
2    69.7  87.2   3:38pm  50.9   7:10am    4    9  0.00   0  12   1:38pm  SE 30.17   34
3    70.5  86.2   4:51pm  53.0   7:34am    3    8  0.00   1  13  12:20pm  SE 30.18   43
4    71.4  86.1   4:48pm  51.4   7:39am    2    9  0.00   2  18   3:22pm  SE 30.17   44
5    73.6  87.5   3:57pm  58.7   7:21am    1   10  0.00   2  18   1:25pm  SE 30.07   53
6    77.1  88.7   4:54pm  66.4   7:28am    0   12  0.00   5  29  11:17pm SSE 29.99   66
7    80.7  91.8   4:16pm  74.4   8:17am    0   16  0.00   7  26   4:56pm SSE 30.00   65
8    77.7  86.3   1:59pm  72.9   8:02am    0   13  0.05   7  30   2:59pm SSE 29.97   70
9    67.3  74.9  12:00am  61.9   8:38am    1    3  1.69   1  21   6:08am  SE 29.98   86
10   68.3  76.4   3:44pm  63.8  12:04am    0    4  0.00   1  10  12:43pm   N 30.01   82
11   71.1  85.1   4:02pm  62.3   6:11am    1    7  0.00   0  10  12:54pm  SE 29.91   70
12   76.3  88.6   5:27pm  68.6   5:31am    1   18  0.00   1  17   2:18pm  SW 29.81   72
13   71.2  85.8   4:20pm  58.9  11:58pm    1    8  0.00   1  17   1:09pm NNW 29.95   55
14   67.4  87.4   5:29pm  51.2   7:27am    5    8  0.00   1  13   1:31pm  SE 29.97   51
15   70.9  86.6   4:03pm  55.1   7:44am    2    9  0.00   1  14  11:49am  SE 30.04   53
16   72.4  87.3   5:25pm  60.2   8:04am    0    9  0.00   1  14   5:12pm  SE 30.04   60
17   75.7  88.6   4:38pm  63.9   5:17am    0   11  0.00   2  21   1:50pm  SW 29.85   64
18   64.5  75.3  12:00am  53.5  11:59pm    2    2  0.00   2  30  12:42pm NNW 30.00   41
19   60.4  74.9   4:15pm  47.9   4:48am    7    2  0.00   1  25   3:04pm  NW 30.11   34
20   60.1  79.2   4:29pm  40.5   7:20am    9    4  0.00   1  18   4:54pm SSE 30.09   43
21   70.2  86.2   4:02pm  53.6   6:05am    3    9  0.00   1  22  11:57am SSE 30.09   61
22   73.9  84.6   4:21pm  63.9   6:41am    0    9  0.00   2  21  10:30am SSE 30.04   63
23   73.7  88.0   4:18pm  61.8   6:28am    0   10  0.00   1  21  11:06am WSW 30.01   65
24   71.9  86.2   5:04pm  61.1   7:19am    1    8  0.00   0  10   4:16pm  SE 30.14   68
25   74.7  85.1   4:02pm  66.3   7:57am    0   10  0.00   3  25  11:43am  SW 30.07   63
26   75.0  86.5   4:42pm  65.8   7:58am    0   20  0.00   2  31  11:43am  SW 29.91   63
27   62.9  71.1  12:00am  51.3  11:53pm    3    1  0.00   1  22   8:46pm NNW 29.94   71
28   53.8  63.3   4:22pm  44.6  11:58pm   11    0  0.00   1  20  11:32am   N 30.22   59
29   51.1  67.3   5:15pm  37.7   6:48am   13    0  0.00   1  13  12:54pm  SE 30.25   52
30   57.4  74.5   5:18pm  42.6   8:13am    9    2  0.00   1  13  12:14pm SSE 30.15   53
31   62.7  79.6   4:03pm  46.6   7:48am   15    5  0.00   1  17   2:28pm  SE 30.18   56
---------------------------------------------------------------------------------------
TOT  69.2  91.7  10/7/11  37.0 10/29/11   96  242  1.74   2  31 10/26/11 SSE 30.05   58

HEAT BASE: 65.0
COOL BASE: 65.0