NOAA-Style Climate Reports


Report for 2011 November
                  MONTHLY CLIMATOLOGICAL SUMMARY FOR 11/2011
                                        HEAT  COOL        
     MEAN                               DEG   DEG       WIND SPEED       DOM MEAN  MEAN
DAY  TEMP  HIGH   TIME     LOW   TIME   DAYS  DAYS RAIN AVG  HI  TIME    DIR BAROM HUM
---------------------------------------------------------------------------------------
1    65.7  81.2   3:58pm  47.1   7:38am   20   10  0.00   2  18  11:55am SSE 30.10   60
2    69.3  85.0   4:32pm  54.3   6:44am    2    6  0.00   3  34  11:11pm SSE 30.04   61
3    51.6  64.0   3:49pm  36.4  11:50pm   13    0  0.00   2  26  12:49am NNW 30.32   38
4    47.0  67.1   5:28pm  29.7   6:29am   18    0  0.00   0   9   1:44pm  SE 30.19   39
5    59.0  76.8   3:43pm  36.1   7:29am   10    4  0.00   4  26   8:09pm SSE 29.97   53
6    73.0  78.9   3:21pm  67.2   3:11am    0    8  0.01   5  22   3:56pm SSE 29.97   71
7    73.9  81.1   1:57pm  68.5   7:27am    0    9  0.01   5  25   1:59pm SSE 29.96   74
8    67.5  75.8  10:35am  47.3  11:25pm    2    4  0.02   2  26  12:40am SSE 29.93   69
9    53.3  64.1   2:04pm  44.4  11:53pm   12    0  0.00   1  26   2:42pm   N 30.28   51
10   50.1  67.1   2:23pm  35.6  11:56pm   15    0  0.00   0  21   1:50pm  NW 30.39   48
11   51.3  70.3   2:49pm  30.8   6:42am   14    1  0.00   1  20  12:45pm  SW 30.19   41
12   64.9  79.2   3:13pm  50.5   3:29am    5    5  0.00   4  34   2:42pm  SW 29.97   57
13   73.2  86.2   3:48pm  63.4   6:58am    0    8  0.00   4  35  11:20am  SW 29.86   68
14   75.3  84.8   3:20pm  69.8   6:56am    0   10  0.00   4  25  11:22am SSE 29.82   69
15   68.3  73.3   1:02am  61.2   9:07pm    1    4  0.46   1  10  12:20pm SSE 29.73   90
16   62.8  76.4   3:37pm  51.7  11:33pm    4    2  0.00   1  16   4:29pm NNW 29.93   74
17   50.7  63.0   3:21pm  40.1  11:57pm   14    0  0.00   0  17   5:09am NNE 30.33   51
18   56.1  69.5   4:21pm  38.9   1:33am   10    1  0.00   3  25   1:07pm SSE 30.10   65
19   72.5  81.2   4:04pm  64.2   5:34am    0    7  0.00   4  26   2:16pm SSE 29.91   76
20   77.1  84.5   3:40pm  72.2   5:46am    0   12  0.00   4  25  11:25am SSE 30.00   70
21   66.0  82.6   3:58pm  55.5   8:29am    3    4  0.07   2  34   5:56pm SSE 30.00   77
22   57.1  71.7   2:10am  48.7  10:24pm    9    1  0.96   1  17   3:54am   N 30.06   82
23   54.7  70.1   3:30pm  45.9   7:04am   18    1  0.00   1   9  10:08am   N 30.25   80
24   55.8  71.3   3:58pm  41.1   6:57am   10    1  0.00   2  14  12:42pm  SE 30.22   76
25   63.2  77.0   2:00pm  47.5   6:52am    5    3  0.00   3  26   2:40pm SSE 29.99   72
26   57.8  66.4  12:00am  49.6  10:38pm    7    0  1.25   3  29   2:16pm NNW 30.01   74
27   45.3  54.3   2:42pm  31.3  11:05pm   20    0  0.00   2  30  12:47pm NNW 30.29   39
28   42.9  62.2   4:23pm  28.4   6:57am   22    0  0.00   0   8  12:48pm  NW 30.13   48
29   48.5  66.8   3:36pm  33.4   5:08am   16    0  0.00   1  14   1:49pm   N 30.18   52
30   47.2  63.1   4:17pm  34.7   7:16am   18    0  0.00   0   8   1:14pm  SE 30.19   60
---------------------------------------------------------------------------------------
TOT  60.0  86.2 11/13/11  28.4 11/28/11  267  102  2.78   2  35 11/13/11 SSE 30.08   63

HEAT BASE: 65.0
COOL BASE: 65.0