NOAA-Style Climate Reports


Report for 2011 December
			MONTHLY	CLIMATOLOGICAL	SUMMARY	FOR 12/2011									
					HEAT  COOL										
                  MEAN			DEG   DEG	WIND SPEED	DOM MEAN  MEAN		
DAY  TEMP  HIGH   TIME     LOW   TIME   DAYS  DAYS RAIN	AVG  HI  TIME	DIR BAROM HUM
---------------------------------------------------------------------------------------							
1    56.0  70.8	  3:32pm  37.2   5:37am	  10	1  0.00	  3  22	  4:04pm  SE 30.11  74
2    57.1  62.1	 12:00am  51.0  10:45am	   8	0  0.45	  2  13   1:02am  SE 30.21  89
3    65.2  72.4	  3:41pm  55.7	12:00am	   2	2  0.02	  5  25   9:40am SSE 30.01  83
4    48.4  66.7	 12:00am  42.2	11:58pm	  17	0  1.22	  1  21   4:11am   N 30.05  91
5    34.5  42.5	 12:56am  35.3	11:56pm	  18	0  0.00	  6  30   9:00am NNW 30.31  74
6    34.0  40.5	  3:33pm  27.6	11:02pm	  31	0  0.00	  5  30   9:00am NNW 30.32  71
7    34.2  47.6	  3:18pm  24.8	 7:25am	  31	0  0.00	  2  10   1:17am  NW 30.36  68
8    40.3  56.0	  3:41pm  27.2	 3:18am	  24	0  0.00	  2  18   2:02pm SSE 30.22  66
9    47.9  60.4	  4:18pm  35.5	 2:28am	  17	0  0.00	  2  12  10:19pm   N 30.24  84
10   47.6  54.5	 12:48pm  42.9	 4:18am	  17	0  0.00	  2  16   1:01am   N 30.45  75
11   48.0  52.3	  1:09pm  43.2	 6:54am	  17	0  0.00	  2  13   9:16am  SE 30.34  57
12   53.5  59.7	 21:03pm  46.9	 7:08am	  11	0  0.00	  3  18   1:25pm  SE 30.22  57
13   60.9  65.1	  7:22pm  54.7	 2:19am	   4	0  0.05	  6  22   8:07pm  SE 30.16  88
14   68.8  73.1	  3:14pm  64.4	12:15am	   0	4  0.03	  7  22   1:17am SSE 29.99  88
15   56.7  69.3	 12:00am  48.3	11:57pm	   9	1  1.20	  3  22   3:59pm   N 30.06  91
16   48.8  54.4	  3:16pm  44.2	 8:00am	  16	0  0.00	  4  23  10:52am   N 30.29  81
17   48.7  60.0	  3:49pm  43.0	 1:27am	  16	0  0.00	  2  14	 10:46am   N 30.43  59
18   53.1  62.3	  3:41pm  47.7	12:00am	  12	0  0.00	  1  12	 12:00pm  SE 30.28  59
19   61.5  69.6	  4:20pm  51.7	12:06am	   4	1  0.46	  6  29	 10:02am SSE 29.87  85
20   50.4  57.2	  1:38pm  44.4	11:58pm	  15	0  0.00	  5  30	 10:32am  NW 29.96  64
21   45.0  48.7	  7:39pm  41.2	 7:44am	  20	0  0.39	  1  12	  6:39am   N 29.99  66
22   51.6  67.1	  4:10pm  41.2	11:57pm	  13	0  0.83	  3  27	  8:27pm NNW 30.04  73
23   41.7  42.7	  4:01pm  39.9	 7:47am	  23	0  0.00	  3  18	  4:50am   N 30.35  76
24   41.4  42.8	  1:29pm  39.3	11:09pm	  23	0  0.35	  2  17	  9:09am   N 30.35  86
25   41.2  43.9	  3:23pm  39.0	 5:38am	  24	0  0.02	  3  15	  5:46am NNW 30.37  89
26   44.9  55.2	  4:05pm  34.5	11:58pm	  20	0  0.03	  2  15	  2:15pm  NW 30.18  74
27   44.4  62.2	  3:43pm  31.5	 6:34am	  21	0  0.00	  1  14	 10:04am NNW 30.20  65
28   47.1  64.9	  4:17pm  32.9	 2:34am	  18	0  0.00	  2  18	  1:06pm SSE 30.08  65
29   50.5  69.0	  3:44pm  36.7	 7:15am	  15	0  0.00	  2  10	  4:17pm NNW 29.98  57
30   54.6  70.9	  4:05pm  39.3	 7:42am	  11	1  0.00	  2  16	 11:33am NNE 29.99  53
31   56.4  76.9	  3:53pm  37.0	 7:01am	  11	2  0.00	  2  20   1:18pm  SW 30.01  57
---------------------------------------------------------------------------------------							
TOT  49.7  76.9 12/31/11  24.8 12/7/2011 478   12  5.70	  3  30	12/6/2011  N 30.17  73
														
HEAT BASE: 65.0
COOL BASE: 65.0