NOAA-Style Climate Reports


Report for 2012 January
                  MONTHLY CLIMATOLOGICAL SUMMARY FOR 1/2012
                                        HEAT  COOL        
     MEAN                               DEG   DEG       WIND SPEED       DOM MEAN  MEAN
DAY  TEMP  HIGH   TIME     LOW   TIME   DAYS  DAYS RAIN AVG  HI  TIME    DIR BAROM HUM
---------------------------------------------------------------------------------------
1    52.5  62.1   3:17pm  39.0   9:46pm   12    0  0.00   3  17   2:16am   N 30.45   42
2    45.0  57.4   2:57pm  32.9  11:57pm   20    0  0.00   2  16  10:54am   N 30.64   46
3    44.2  61.6   3:56pm  27.2   7:20am   21    0  0.00   2  17   4:06pm SSE 30.46   51
4    51.9  69.0   4:01pm  36.9   7:26am   13    0  0.00   2   9  12:00am  SW 30.26   63
5    52.7  69.2   4:06pm  38.4   4:50am   13    0  0.00   1   8   1:08pm NNW 30.24   62
6    62.7  73.6   3:36pm  55.2   2:12am    4    2  0.00   4  25   1:45pm SSE 29.98   70
7    56.4  67.8   4:27pm  47.1  11:09pm    9    0  0.00   2  13   2:25am   N 30.00   65
8    54.3  59.8   3:50pm  46.2   6:03am   11    0  0.00   1  12   2:11pm NNE 30.02   72
9    49.1  55.4  12:00am  42.5  11:59pm   16    0  0.75   4  18   2:49am   N 30.00   89
10   45.7  57.1   3:00pm  39.6   9:58pm   19    0  0.00   5  21   2:18pm  NW 29.95   72
11   54.0  75.6   4:07pm  38.1   7:05am   12    1  0.00   4  22   9:22pm  SW 29.79   55
12   39.2  47.8   1:15pm  28.3  10:06pm   26    0  0.00   4  24   1:35pm NNW 30.21   43
13   42.5  57.0   2:43pm  30.3  12:01am   23    0  0.00   1  11  10:02am  NW 30.28   45
14   48.0  65.9   3:44pm  33.7   6:00am   17    0  0.00   2  16   2:33pm  SW 30.33   40
15   52.8  64.1   1:20pm  36.8   5:36am   12    0  0.00   2  17   2:32pm SSE 30.25   59
16   65.8  74.6   4:49pm  58.2   3:36am    2    2  0.00   4  23  11:57am SSE 30.04   80
17   60.2  71.7  11:15am  40.1  11:53pm    6    1  0.00   4  19  11:38am   N 30.11   63
18   46.2  61.8   4:11pm  32.3   7:25am   19    0  0.00   2  12   3:18pm SSE 30.21   50
19   60.6  76.2   3:39pm  47.0   5:17am    7    3  0.00   3  19   1:29pm SSW 29.91   64
20   64.2  74.0   3:33pm  58.0  12:41am    2    1  0.00   5  19   1:59pm SSW 29.82   85
21   49.4  61.6  12:22am  42.4   9:34am   16    0  0.00   2  15   5:07am   N 29.96   71
22   58.6  72.2   4:25pm  46.7  12:04am    8    1  0.00   2  20   3:34pm SSW 29.81   80
23   53.7  65.3   3:46pm  42.3  11:40pm   11    0  0.00   1  10  10:41am   N 30.05   54
24   55.7  65.6  11:10pm  41.6  12:52am    9    0  0.30   1  11  11:56am  SE 29.93   78
25   55.7  68.9   2:59am  46.5   9:58pm   10    0  1.94   4  24   5:27am NNW 29.83   87
26   53.7  67.4   3:14pm  41.3  11:48pm   11    0  0.00   3  20   2:45pm  NW 29.98   65
27   52.3  69.5   4:12pm  36.1   6:25am   13    0  0.00   2  21   3:47pm SSW 30.02   69
28   48.5  57.2  12:10am  36.2  11:28pm   17    0  0.00   3  19  10:46am   N 30.36   50
29   47.1  63.5   4:05pm  32.0   7:35am   18    0  0.00   1  12   3:32pm SSE 30.40   53
30   53.8  66.0   3:34pm  39.8   5:16am   11    0  0.11   2  13  11:22am SSE 30.23   76
31   63.0  71.2   3:28pm  58.6   2:02am    3    1  0.44   3  21   2:44pm SSE 30.09   85
---------------------------------------------------------------------------------------
TOT  52.9  76.2  1/19/12  27.2   1/3/12  390   15  3.54   3  25   1/6/12   N 30.12   64

HEAT BASE: 65.0
COOL BASE: 65.0