NOAA-Style Climate Reports


Report for 2012 February
                  MONTHLY CLIMATOLOGICAL SUMMARY FOR 2/2012
                                        HEAT  COOL        
     MEAN                               DEG   DEG       WIND SPEED       DOM MEAN  MEAN
DAY  TEMP  HIGH   TIME     LOW   TIME   DAYS  DAYS RAIN AVG  HI  TIME    DIR BAROM HUM
---------------------------------------------------------------------------------------
1    66.0  78.8   3:45pm  57.1  11:53pm    2    3  0.00   1  10   2:17pm  SW 30.07   82
2    61.9  72.9   3:27pm  51.3   6:49am    5    2  0.03   2  12   9:50pm  SE 30.03   87
3    69.5  77.9   2:42pm  61.7  10:51pm    0    5  1.28   4  19  12:43pm SSE 29.94   81
4    53.8  64.7   1:23am  46.9  11:59pm   11    0  1.06   4  22   1:22am   N 30.15   68
5    44.3  48.3   3:28pm  39.3  11:50pm   21    0  0.01   3  17   1:53am   N 30.33   66
6    44.0  51.0   1:58pm  35.7   5:49am   21    0  0.00   1   9  11:37am   N 30.27   72
7    52.6  63.3   4:49pm  44.6   8:01am   12    0  0.00   1  10   5:26pm   N 30.22   66
8    46.4  55.4   3:40pm  39.0  12:55pm   19    0  0.00   2  14  10:10am   N 30.39   70
9    46.8  57.3   3:43pm  34.2   6:55am   18    0  0.00   2  10   2:15pm SSE 30.24   71
10   52.7  64.5   3:58pm  44.3  11:57pm   12    0  0.10   2  16  11:25am   N 30.16   67
11   39.4  48.1   2:58pm  31.7   7:20am   26    0  0.00   3  20   8:55am NNE 30.45   52
12   35.8  42.9  12:11pm  26.9   6:31am   29    0  0.00   2  12   8:20am  SE 30.43   52
13   45.4  60.4   4:38pm  37.8   5:11am   20    0  0.31   1   9  12:00am  SE 29.98   84
14   57.5  73.5   3:08pm  42.4   7:00am    9    1  0.00   3  18   4:36pm SSE 29.90   80
15   64.4  77.3   2:33pm  53.2  10:10pm    3    2  0.03   3  16   1:28am  NW 29.93   77
16   52.6  60.9   2:45pm  46.4   2:04am   12    0  0.00   2  15   2:23pm   N 30.14   68
17   53.9  59.0   3:03pm  49.2   5:58am   11    0  0.55   2  13   3:34am  NE 30.03   87
18   53.2  58.1  11:56am  47.2  10:53pm   12    0  1.54   3  27   1:28am NNW 29.88   87
19   49.7  56.5   3:17pm  44.6   7:19am   15    0  0.00   2  12  12:48am   N 30.09   78
20   55.1  68.4   3:56pm  45.0   5:11am   10    0  0.01   2  19   2:55pm SSE 30.04   81
21   60.8  73.5   3:26pm  47.0   6:23am    6    1  0.00   2  14   2:14pm SSE 30.08   78
22   69.9  85.6   4:22pm  59.7  12:17am    1    6  0.00   5  20   3:48pm  SW 29.81   67
23   71.1  89.4   3:11pm  58.5   7:06am    2    8  0.00   4  24   2:10pm  SW 29.62   58
24   52.7  61.7  12:00am  40.4  11:57pm   12    0  0.00   3  22   9:36am   N 30.17   40
25   48.9  61.9   2:18pm  37.6   1:33am   16    0  0.00   2  15   2:31pm SSE 30.34   48
26   52.6  67.0   3:19pm  36.4   7:01am   12    0  0.00   3  18  12:04pm SSE 30.14   67
27   63.8  74.2   3:09pm  57.1   1:26am    3    2  0.00   2  12   2:44pm  SE 30.17   76
28   68.3  78.1   3:20pm  61.4   3:21am    1    4  0.00   5  23   2:32pm SSE 30.02   83
29   66.9  74.1   3:36pm  57.3  10:17am    1    3  0.01   2  14   9:56am SSE 29.98   68
---------------------------------------------------------------------------------------
TOT  55.2  89.4  2/23/12  26.9  2/12/12  322   37  4.93   3  27  2/18/12   N 30.10   71

HEAT BASE: 65.0
COOL BASE: 65.0