NOAA-Style Climate Reports


Report for 2012 March
                  MONTHLY CLIMATOLOGICAL SUMMARY FOR 3/2012
                                        HEAT  COOL        
     MEAN                               DEG   DEG       WIND SPEED       DOM MEAN  MEAN
DAY  TEMP  HIGH   TIME     LOW   TIME   DAYS  DAYS RAIN AVG  HI  TIME    DIR BAROM HUM
---------------------------------------------------------------------------------------
1    62.3  73.6   2:23pm  49.9   5:20am    4    2  0.00   1  11   2:50pm SSE 29.82   87
2    68.8  79.3  11:37am  55.2  10:33pm    1    5  0.00   3  18  10:57am   N 29.74   66
3    54.3  64.0   2:30pm  40.7  11:59pm   11    0  0.00   3  17   2:57am   N 30.06   44
4    55.4  71.9   3:22pm  35.6   5:26am   11    1  0.00   3  19   1:51pm SSE 30.20   48
5    60.8  75.6   3:29pm  45.6   6:56am    7    2  0.00   4  18  10:21am SSE 30.28   48
6    63.4  73.8   2:20pm  53.3   7:10am    4    2  0.00   7  29  11:16pm SSE 30.12   69
7    67.9  72.5   4:12pm  63.2   6:09am    0    3  0.00   6  30   1:24am SSE 29.96   79
8    63.8  75.3   1:42pm  45.4  11:54pm    5    4  0.16   5  20   4:11pm SSE 30.01   87
9    43.6  47.1   3:57pm  41.7   8:50am   21    0  0.71   2  20   2:05am   N 30.31   89
10   47.9  52.1  11:59pm  44.3  12:00am   17    0  0.92   0   8   4:59pm ENE 30.17   93
11   58.5  70.1   4:21pm  51.5   8:40am    7    1  0.37   2  10   1:20pm  SE 30.01   89
12   64.1  78.3   5:18pm  53.8   1:02am    4    3  0.00   3  17   3:40pm SSE 30.04   88
13   69.7  79.4   5:24pm  62.4  12:00am    0    5  0.01   4  14   3:57pm  SE 30.08   89
14   70.4  78.3   3:28pm  65.2   3:18am    0    5  0.00   4  15   2:56pm  SE 30.09   86
15   71.2  80.4   4:05pm  65.6   7:18am    0    6  0.00   3  16   2:21pm  SE 30.11   85
16   71.2  78.8   3:03pm  66.7   7:32am    0    6  0.00   4  17  12:48pm  SE 30.07   85
17   70.9  79.7   3:57pm  65.7   6:05am    0    6  0.00   5  21   4:14pm  SE 30.02   82
18   70.2  74.9  12:54pm  66.7   3:22am    0    5  0.00   5  20  12:56pm  SE 29.95   86
19   73.0  78.3  12:59pm  68.5   7:48am    0    8  0.00   7  31   2:32pm SSE 29.74   80
20   59.0  73.3  12:13am  52.9   4:52am    6    0  2.46   2  27   1:12am   N 29.77   85
21   59.4  69.0   4:58pm  47.6   7:30am    6    0  0.00   3  26  12:57pm   W 29.85   63
22   64.1  79.8   2:38pm  49.2   5:14am    5    4  0.00   4  27   2:02pm SSW 29.88   59
23   61.0  77.5   5:27pm  45.2   7:16am    7    3  0.00   1   9   2:09pm  NE 30.01   65
24   64.2  79.5   4:54pm  51.7   6:36am    4    4  0.00   1   9  12:14pm  SE 30.01   77
25   68.2  83.3   4:33pm  53.4   7:38am    3    6  0.00   1  10   4:06pm  SE 30.03   73
26   68.5  81.5   4:12pm  55.1   7:18am    2    6  0.00   2  14   3:00pm  SE 30.02   70
27   68.0  79.9   5:03pm  54.6   4:44am    2    5  0.00   2  15  10:47am  SE 30.02   70
28   67.3  73.8   3:56pm  61.9   4:21am    0    3  0.27   2   9  12:26am  SE 30.00   87
29   70.4  79.8   5:57pm  64.2   2:07am    0    5  0.03   2  11   2:44pm  SE 29.88   85
30   73.5  81.9   5:54pm  66.6   6:33am    0    8  0.00   2  14   3:49pm  SE 29.83   79
31   74.8  86.5   4:37pm  64.7   5:04am    0   10  0.00   3  15   2:39pm  SE 29.82   74
---------------------------------------------------------------------------------------
TOT  64.7  86.4  3/31/12  35.6   3/4/12  130  122  4.93   3  31  3/19/12  SE 30.00   76

HEAT BASE: 65.0
COOL BASE: 65.0