NOAA-Style Climate Reports


Report for 2012 April
                  MONTHLY CLIMATOLOGICAL SUMMARY FOR 4/2012
                                        HEAT  COOL        
     MEAN                               DEG   DEG       WIND SPEED       DOM MEAN  MEAN
DAY  TEMP  HIGH   TIME     LOW   TIME   DAYS  DAYS RAIN AVG  HI  TIME    DIR BAROM HUM
---------------------------------------------------------------------------------------
1    75.1  85.5   5:01pm  66.7   7:10am    0   10  0.00   4  18   1:59pm  SE 29.77   74
2    75.6  84.7   4:54pm  69.2   5:59am    0   11  0.00   4  18   3:03pm  SE 29.65   74
3    74.4  84.4   3:20pm  60.7  11:40pm    0    9  0.00   3  16  12:24pm  SE 29.75   72
4    67.0  82.7   4:48pm  52.5   6:55am    3    5  0.00   1  10   9:08am  NW 29.83   67
5    70.8  86.7   4:04pm  58.0   2:00am    1    7  0.00   1  12  12:39pm  SW 29.83   70
6    69.7  80.8   2:36pm  54.6   7:29am    2    6  0.00   2  13  10:37am  SE 29.96   64
7    73.2  83.4   3:31pm  61.3   7:26am    0    8  0.00   2  11  12:36pm  SE 30.08   66
8    71.9  81.4   4:29pm  61.0   7:24am    0    7  0.00   2  11   2:18pm  SE 30.20   67
9    70.4  83.0   4:13pm  57.2   6:56am    1    7  0.00   1  10  12:49pm  SE 30.14   70
10   71.1  82.6   3:25pm  58.9   6:41am    1    7  0.00   2  14  11:03am  SE 30.08   68
11   72.2  83.9   3:37pm  58.1   7:23am    1    8  0.00   2  13   6:30pm  SE 30.06   67
12   73.7  83.2   2:32pm  66.9   6:45am    0    9  0.00   4  17  11:13am  SE 29.99   69
13   72.5  81.6   4:18pm  63.4   6:34am    0    8  0.00   4  17   5:02pm  SE 29.93   75
14   75.6  80.5  12:06pm  71.0   4:01am    0   11  0.00   6  27   2:16pm  SE 29.83   74
15   70.6  78.1  11:12am  57.1  11:59pm    1    6  0.13   2  28   2:50am  SE 29.80   71
16   63.8  77.0   2:06pm  50.1   5:24am    4    3  0.00   1  12  10:47am ESE 30.05   71
17   67.6  82.0   4:55pm  54.7   7:24am    3    5  0.00   1  10   3:08pm   N 30.17   65
18   66.7  80.6   5:09pm  51.5   7:01am    4    5  0.00   2  11  12:44pm  SE 30.11   62
19   69.3  83.4   4:35pm  55.2   6:52am    2    7  0.00   2  18  10:02am  SE 29.91   57
20   66.3  74.5  12:32pm  57.0  11:30pm    1    2  0.03   2  15   3:33pm  SE 29.86   74
21   62.3  76.9   4:51pm  46.8   6:59am    6    3  0.00   1  14  11:04am  NW 30.02   55
22   68.2  88.1   5:03pm  47.6   5:23am    5    9  0.00   1   9   3:29pm NNE 30.06   53
23   65.1  77.1   3:50pm  52.1   6:56am    3    3  0.00   1  10   9:50am  NE 30.16   47
24   68.8  86.1   4:53pm  49.9   3:50am    4    8  0.00   2  16  12:46pm  SE 30.00   57
25   74.9  89.6   5:32pm  62.9   2:52am    0   10  0.00   4  20   2:43pm  SE 29.87   68
26   76.3  90.5   3:34pm  65.3   7:06am    0   11  0.00   3  18  11:31am  SE 29.83   68
27   76.0  88.6   4:45pm  67.3   6:21am    0   11  0.00   4  20  11:10am  SE 29.81   66
28   76.6  88.8   4:20pm  67.2   6:25am    0   12  0.00   4  22  11:15am  SE 29.83   65
29   77.7  87.2   4:54pm  71.0   7:16am    0   13  0.00   5  17  12:06pm  SE 29.91   64
30   76.8  82.8   6:50pm  72.1   6:21am    0   12  0.00   4  15   6:35pm  SE 29.96   72
---------------------------------------------------------------------------------------
TOT  71.3  90.5  4/26/12  47.6  4/21/12   43  233  0.16   3  28  4/15/12  SE 29.95   67

HEAT BASE: 65.0
COOL BASE: 65.0