NOAA-Style Climate Reports


Report for 2012 May
                  MONTHLY CLIMATOLOGICAL SUMMARY FOR 5/2012
                                        HEAT  COOL        
     MEAN                               DEG   DEG       WIND SPEED       DOM MEAN  MEAN
DAY  TEMP  HIGH   TIME     LOW   TIME   DAYS  DAYS RAIN AVG  HI  TIME    DIR BAROM HUM
---------------------------------------------------------------------------------------
1    76.3  85.2   2:58pm  69.6   2:44am    0   11  0.00   4  16   4:46pm  SE 29.91   71
2    76.9  88.6   5:33pm  69.4   6:02am    0   12  0.00   2  13   2:24am  SE 29.87   70
3    78.8  91.0   4:25pm  68.9   6:04am    0   14  0.00   2  14   4:44pm  SE 29.91   69
4    79.1  89.4   5:25pm  70.6   6:30am    0   14  0.00   3  16  11:48am  SE 29.93   70
5    81.5  93.7   4:54pm  72.0   6:32am    0   16  0.00   3  15   5:51pm  SE 29.87   67
6    78.1  90.3   5:24pm  66.6   8:29am    0   13  0.09   4  25   5:41am  SE 29.84   65
7    77.6  91.9   3:44pm  65.3  10:21pm    0   13  0.36   2  32   8:30pm  SE 29.86   73
8    66.8  69.7  11:34am  63.6  11:37pm    0    2  0.06   0  10  11:35am  NW 29.96   87
9    70.9  83.1   5:04pm  62.3   2:40am    1    6  0.00   1   9   4:05pm  NE 29.99   74
10   68.1  76.7  10:10am  60.4  10:02pm    0    4  1.56   3  24   9:31pm  SE 29.88   80
11   69.6  83.5   5:47pm  61.1   4:33am    1    6  0.07   1   9   9:19pm ESE 29.85   80
12   70.5  81.4   4:22pm  62.3   6:43am    0    6  0.01   1   9  11:15am  NW 30.06   73
13   70.7  83.3   5:58pm  59.2   5:40am    1    7  0.00   1  12   1:27pm   N 30.13   68
14   71.0  83.2   3:34pm  60.2   6:49am    1    7  0.00   0   8   6:06pm  NE 30.05   68
15   66.3  73.6   5:33pm  60.4  11:59pm    1    2  2.00   0   8   1:46pm  SE 30.06   85
16   70.2  84.7   5:26pm  56.8   6:02am    2    7  0.00   1   8   1:18pm ESE 30.04   71
17   72.7  86.6   4:49pm  57.3   6:33am    2    9  0.00   1  10   2:25pm  SE 29.98   64
18   75.0  85.9   4:57pm  62.4   6:01am    0   10  0.00   3  16  12:36pm  SE 29.92   64
19   76.2  86.8   3:33pm  66.0   5:27am    0   11  0.00   3  16  11:32am  SE 29.92   69
20   74.5  86.6   4:48pm  62.0   6:23am    0   10  0.00   1   9  10:13am  SE 30.05   67
21   77.6  90.2   4:26pm  63.4   6:35am    0   13  0.00   1   9  11:15am WSW 30.09   62
22   78.4  90.2   4:54pm  64.8   6:37am    0   13  0.00   2  11   1:16pm  SW 29.95   62
23   77.4  88.8   4:40pm  66.3   5:19am    0   12  0.00   3  34   3:01pm  SE 29.73   69
24   79.6  90.1   4:20pm  71.9   6:40am    0   15  0.00   4  19  10:57am  SE 29.67   70
25   80.6  90.9   4:51pm  72.9   5:55am    0   16  0.00   4  19   5:26pm  SE 29.84   69
26   81.1  90.9   4:48pm  72.6   6:45am    0   16  0.00   4  16   3:36pm  SE 29.97   66
27   79.6  89.1   4:16pm  71.2   6:42am    0   15  0.00   4  14  12:40pm  SE 29.93   65
28   79.6  90.8   4:31pm  68.3   6:32am    0   15  0.00   2  16   9:44am  SE 29.88   68
29   81.7  91.8   5:05pm  73.1   5:46am    0   17  0.00   2  15   1:07pm  SE 29.88   67
30   81.3  90.6   5:45pm  73.0   4:04am    0   16  0.00   3  14  10:11pm  SE 29.83   67
31   78.7  89.6   5:01pm  72.3  11:59pm    0   14  0.00   2  17  11:15am  SE 29.81   65
---------------------------------------------------------------------------------------
TOT  75.7  93.7   5/5/12  56.8  5/16/12   10  341  4.17   2  34  5/23/12  SE 29.92   70

HEAT BASE: 65.0
COOL BASE: 65.0