NOAA-Style Climate Reports


Report for 2012 June
                  MONTHLY CLIMATOLOGICAL SUMMARY FOR 6/2012
                                        HEAT  COOL        
     MEAN                               DEG   DEG       WIND SPEED       DOM MEAN  MEAN
DAY  TEMP  HIGH   TIME     LOW   TIME   DAYS  DAYS RAIN AVG  HI  TIME    DIR BAROM HUM
---------------------------------------------------------------------------------------
1    77.1  90.6   4:38pm  63.7   6:56am    0   12  0.00   1   9   6:16pm  SE 29.94   56
2    81.0  92.0   5:30pm  71.2   6:44am    0   16  0.00   2  15  12:45pm  SE 29.90   65
3    81.2  91.0   3:41pm  72.7   6:35am    0   16  0.00   2  16   9:45am  SE 29.89   68
4    81.3  90.9   3:38pm  72.9   6:03am    0   16  0.00   2  15  10:31am  SE 29.85   70
5    83.2  94.8   5:34pm  72.1   6:43am    0   18  0.00   1   9   1:31pm  SE 29.79   65
6    83.6  94.8   5:51pm  72.1   6:35am    0   19  0.00   2  13  11:52pm  SE 29.78   60
7    77.1  84.9   1:56pm  70.6   4:50am    0   12  0.00   1  13  12:00am  NE 29.91   69
8    76.8  87.0   5:11pm  70.2   4:37am    0   12  0.13   1  13   9:04pm   N 29.91   75
9    79.1  92.5   4:16pm  65.5   6:16am    0   14  0.00   2  12   3:39pm  SE 29.80   67
10   82.4  94.4   4:16pm  71.1   4:58am    0   17  0.00   3  16  11:03am  SE 29.77   69
11   85.6  97.3   4:27pm  76.9   3:37am    0   21  0.00   3  18  10:45am  SE 29.87   65
12   80.3  93.0   2:12pm  68.9  11:57pm    0   15  0.01   3  30   7:37pm  SE 30.00   73
13   79.1  93.2   5:18pm  66.6   2:06am    0   14  0.00   2  14   2:02pm  SE 29.94   68
14   83.2  93.5   4:18pm  75.4   4:48am    0   18  0.00   4  18   7:06pm  SE 29.90   67
15   83.7  94.5   5:37pm  75.4   5:13am    0   19  0.00   3  16  11:06am  SE 29.93   65
16   82.7  93.7   3:49pm  73.8   5:13am    0   18  0.00   3  14  11:26am  SE 29.99   66
17   81.4  92.0   4:20pm  71.7   6:16am    0   16  0.00   2  11   4:06pm  SE 29.96   66
18   82.2  91.8   3:29pm  72.9   6:53am    0   17  0.00   3  15   6:23pm  SE 29.82   59
19   79.9  91.0   1:30pm  72.7   4:27am    0   15  0.00   4  22   3:47pm  SE 29.86   73
20   79.4  89.1   1:20pm  74.8   1:56pm    0   14  0.05   5  19   1:44pm  SE 29.92   75
21   80.7  93.4   4:17pm  69.0   6:45am    0   16  0.00   2  14   7:25pm ESE 29.97   66
22   81.5  96.0   4:02pm  66.2   5:57am    0   16  0.00   1  10  12:54pm  SE 29.93   55
23   84.1  96.2   3:17pm  71.3   4:56am    0   19  0.00   1  12   2:04pm  SE 29.88   53
24   86.4 100.4   5:44pm  71.2   6:42am    0   21  0.00   1   9   2:25pm  SE 29.92   53
25   87.2 102.1   4:31pm  71.8   6:40am    0   22  0.00   1  11   1:36pm  SE 29.86   52
26   90.4 106.6   5:17pm  73.6   6:50am    0   25  0.00   1   9   9:40pm  SE 29.78   46
27   90.6 102.3   5:06pm  76.1   6:22am    0   26  0.00   2  12   3:12pm  SE 29.85   47
28   87.2  98.0   4:29pm  72.1   6:30am    0   22  0.00   2  14   1:13pm  SE 29.99   52
29   85.3  95.7   2:12pm  75.1   6:55am    0   20  0.00   3  16   4:08pm  SE 29.96   61
30   80.7  91.8   3:01pm  71.0   6:53am    0   16  0.00   3  18   3:56pm  SE 29.89   69
---------------------------------------------------------------------------------------
TOT  82.5 106.6  6/26/12  63.7   6/1/12    0  524  0.19   2  30  6/12/12  SE 29.89   63

HEAT BASE: 65.0
COOL BASE: 65.0