NOAA-Style Climate Reports


Report for 2012 August
                  MONTHLY CLIMATOLOGICAL SUMMARY FOR 8/2012
                                        HEAT  COOL        
     MEAN                               DEG   DEG       WIND SPEED       DOM MEAN  MEAN
DAY  TEMP  HIGH   TIME     LOW   TIME   DAYS  DAYS RAIN AVG  HI  TIME    DIR BAROM HUM
---------------------------------------------------------------------------------------
1    86.9 100.3   5:37pm  74.6   6:43am    0   22  0.00   2  14  11:03am  SW 29.93   57
2    86.1  99.4   4:34pm  73.3   6:38am    0   21  0.00   2  15   2:33pm  SE 29.87   57
3    85.8  98.4   4:58pm  73.6   6:48am    0   21  0.00   3  18  10:59am  SE 29.87   60
4    86.2  97.9   4:38pm  74.3   6:50am    0   21  0.00   3  15   2:48pm  SE 29.94   61
5    84.1  96.2   3:18pm  73.6   6:55am    0   19  0.00   2  19   4:13pm  SE 30.06   64
6    84.2  96.4   4:08pm  71.5   7:07am    0   19  0.00   1  17   1:40pm  SE 30.04   61
7    88.0 101.1   4:45pm  73.9   7:00am    0   23  0.00   2  11   5:03pm  SE 29.94   54
8    87.4 100.2   4:10pm  74.6   7:17am    0   22  0.00   1  11   3:48pm  SE 29.95   55
9    88.0 100.4   4:36pm  76.1   6:38am    0   23  0.00   2  13   1:12pm  SW 29.93   56
10   90.0 105.1   2:31pm  75.9   6:45am    0   25  0.00   2  14  10:39am  SW 29.87   51
11   87.0 102.4   5:07pm  71.4   6:54am    0   22  0.00   1   8   2:23am  SE 29.89   55
12   87.5  99.4   4:29pm  75.5   7:02am    0   22  0.00   2  16   6:17pm  SE 29.92   55
13   87.4 100.6   3:20pm  77.4   6:56am    0   22  0.00   2  14  11:49am  SW 29.96   57
14   88.1 101.0   5:26pm  76.0   7:16am    0   23  0.00   3  16   2:44pm  SE 29.92   54
15   86.9  99.7   4:50pm  76.5   6:58am    0   22  0.00   3  17   3:57pm  SE 29.89   56
16   86.6  99.2   5:30pm  76.1   7:03am    0   22  0.00   2  16  10:11am  SE 29.96   59
17   86.7  98.6   5:21pm  76.2   7:08am    0   22  0.00   2  16   3:02pm  SW 29.95   59
18   79.8  85.8  12:22am  70.3  11:53pm    0   15  1.43   1  19  12:18pm  NE 29.91   75
19   76.7  89.1   4:56pm  69.0   6:13am    0   12  0.28   1  16   1:43am  SE 29.92   81
20   82.0  95.6   4:06pm  70.7   5:47am    0   17  0.00   1  11   1:15pm  NE 29.93   63
21   75.7  91.0   1:54pm  68.3   3:21am    0   11  0.01   1  13   1:31pm  NE 29.99   71
22   78.9  92.2   3:35pm  66.8   4:46am    0   14  0.00   1   9   3:01pm  SE 30.03   69
23   80.7  92.7   5:01pm  68.4   7:24am    0   16  0.00   2  10   3:41pm  SE 29.98   69
24   82.4  94.1   4:29pm  71.6   6:34am    0   17  0.00   3  15   7:16pm  SE 29.89   70
25   83.9  95.1   3:51pm  76.9   2:31am    0   19  0.00   4  18  11:20am  SE 29.88   69
26   83.8  93.7   4:21pm  76.4   6:50am    0   19  0.00   3  13   2:34pm  SE 29.97   71
27   83.4  97.1   4:43pm  72.9   6:03am    0   18  0.00   1  10   3:03pm   W 29.99   67
28   84.5  96.0   3:40pm  74.7   3:43am    0   19  0.00   1  11   2:03pm   N 29.90   67
29   85.9  97.4   4:40pm  74.3   7:25am    0   21  0.00   1  19   2:46pm   N 29.80   57
30   85.8 100.5   5:21pm  72.5   7:14am    0   21  0.00   1  13  11:43am  NW 29.75   49
31   84.9  99.5   3:52pm  71.0   7:18am    0   20  0.00   2  17  12:57pm  SE 29.89   58
---------------------------------------------------------------------------------------
TOT  84.7 105.1  8/10/12  66.8  8/22/12    0  609  1.72   2  19   8/5/12  SE 29.93   62

HEAT BASE: 65.0
COOL BASE: 65.0