NOAA-Style Climate Reports


Report for 2012 September
                  MONTHLY CLIMATOLOGICAL SUMMARY FOR 9/2012
                                        HEAT  COOL        
     MEAN                               DEG   DEG       WIND SPEED       DOM MEAN  MEAN
DAY  TEMP  HIGH   TIME     LOW   TIME   DAYS  DAYS RAIN AVG  HI  TIME    DIR BAROM HUM
---------------------------------------------------------------------------------------
1    84.7  97.9   3:50pm  77.3   7:17am    0   20  0.00   3  19   5:32pm  SE 30.02   69
2    85.5  98.6   5:23pm  76.0   7:11am    0   21  0.00   3  16  11:25am  SE 29.99   65
3    85.8  99.1   4:34pm  74.9   6:12am    0   21  0.00   3  18   9:38am  SE 29.95   63
4    86.6 101.2   5:06pm  75.3   7:22am    0   22  0.00   3  18  11:47am  SE 29.91   61
5    85.9 100.5   4:56pm  74.7   5:32am    0   21  0.00   3  16   9:02am  SE 29.87   61
6    86.3 100.9   4:57pm  73.3   6:45am    0   21  0.00   1  11   2:08pm  SE 29.89   61
7    86.5 100.8   5:05pm  73.3   7:11am    0   22  0.00   1  14   5:19pm  SE 29.86   57
8    79.9  88.3   5:32pm  68.1  11:58pm    0   15  0.00   2  20   1:54pm NNE 29.98   50
9    71.5  92.6   4:25pm  57.2   7:31am    1   11  0.00   1   9  11:57am  NE 30.08   46
10   76.1  93.7   3:53pm  57.2   4:29am    2   13  0.00   1  11  11:31am  SE 30.05   42
11   77.6  92.4   4:07pm  58.4   7:06am    1   13  0.00   3  15  10:33pm  SE 30.03   55
12   82.6  96.6   4:00pm  71.3   2:14am    0   18  0.00   3  15  11:55am  SE 29.99   65
13   76.8  87.7  10:33am  70.4   8:54pm    0   12  0.71   2  16   2:22pm  SE 30.06   86
14   68.2  71.5   1:41am  66.0   6:17am    0    3  0.98   1   8   6:18am  NW 30.17   94
15   70.3  78.4   4:21pm  64.5   7:30am    0    5  0.00   0   8  12:41am  NW 30.15   82
16   67.9  72.4  12:00am  64.6  11:57am    0    3  1.50   0   6   8:44am NNW 30.04   93
17   71.2  81.8   5:50pm  64.9   5:43am    0    6  0.00   1   8   1:01pm  NW 29.88   85
18   72.9  84.5   4:18pm  62.9   6:58am    0    8  0.00   1  12   1:02pm  NE 29.99   79
19   71.2  86.4   5:42pm  56.2   7:30am    1    7  0.00   1   9   9:50am  SE 30.08   66
20   72.7  88.1   3:26pm  59.5   3:16am    1    9  0.00   1  12   9:48am  SE 30.03   70
21   74.1  89.2   4:57pm  61.4   6:50am    1   10  0.00   1  12   9:59am  SE 29.98   61
22   75.2  91.3   5:17pm  59.0   7:25am    1   11  0.00   1   9   3:00pm  SE 30.05   63
23   77.8  91.7   4:57pm  64.5   7:24am    0   13  0.00   1   9   4:27pm  SE 30.12   65
24   78.7  91.2   4:04pm  68.4   6:35am    0   14  0.00   2  14  10:34am  SE 30.08   70
25   79.1  91.1   4:53pm  68.9   7:05am    0   14  0.00   2  19  11:50am  SE 29.98   70
26   79.8  91.4   5:05pm  68.7   7:12am    0   15  0.00   2  15  11:11am  SE 29.98   68
27   78.0  88.9   4:14pm  65.3   7:07am    0   13  0.00   1  10  10:28am  SE 30.03   71
28   76.3  85.9   4:01pm  67.8   5:29am    0   11  0.04   1  18   6:03pm  SE 29.99   80
29   73.2  81.0   5:18pm  67.2  11:53pm    0    8  1.44   2  18   7:01pm  SE 29.82   93
30   69.0  78.0   3:41pm  60.1  11:57pm    0    4  0.02   2  20   1:42am  NW 29.80   84
---------------------------------------------------------------------------------------
TOT  77.4 101.2   9/4/12  56.2  9/19/12    8  382  4.69   2  20   9/8/12  SE 29.99   69

HEAT BASE: 65.0
COOL BASE: 65.0