NOAA-Style Climate Reports


Report for 2012 October
                  MONTHLY CLIMATOLOGICAL SUMMARY FOR 10/2012
                                        HEAT  COOL        
     MEAN                               DEG   DEG       WIND SPEED       DOM MEAN  MEAN
DAY  TEMP  HIGH   TIME     LOW   TIME   DAYS  DAYS RAIN AVG  HI  TIME    DIR BAROM HUM
---------------------------------------------------------------------------------------
1    67.8  82.7   4:42pm  56.7   4:29am    3    5  0.00   1  13   1:46pm  NW 29.85   73
2    67.7  80.5   4:53pm  58.2  11:59pm    2    4  0.00   1  12   9:36am  NW 29.93   68
3    69.0  84.6   4:25pm  53.4   6:40am    3    7  0.00   2  15   2:25pm  SE 29.97   68
4    76.5  89.4   4:08pm  65.5   7:06am    0   11  0.00   4  19  11:39am  SE 30.05   72
5    77.7  88.3   4:33pm  71.4   2:49am    0   13  0.00   2  15  11:26am  SE 30.03   76
6    63.3  72.4  12:09am  55.6  11:56pm    3    1  0.00   1  14   3:54pm   N 30.06   75
7    53.3  58.4   3:17pm  49.6   6:58am   12    0  0.00   1  12  12:14am   N 30.20   65
8    56.2  68.7   4:15pm  47.8   3:57am    9    0  0.00   1   8  12:54am  SE 30.17   67
9    68.0  81.3   4:20pm  54.1  12:17am    2    6  0.00   2  20   2:31pm  SE 30.00   75
10   77.1  89.2   5:02pm  68.4   7:49am    0   12  0.00   1  11   9:24pm  SE 30.04   77
11   74.8  83.2   1:34pm  70.2   2:17am    0   10  0.08   2  17   4:29pm  SE 30.09   87
12   77.0  87.1   4:53pm  70.8   3:49am    0   12  0.00   2  14  12:57pm  SE 30.11   79
13   75.4  80.0  11:30am  71.8   6:03am    0   10  0.36   3  17  10:23am  SE 30.00   86
14   75.4  86.7   4:40pm  64.8  10:52pm    0   10  0.42   2  15   3:52am  NW 30.01   70
15   66.6  79.4   3:30pm  55.4   7:38am    2    4  0.00   0   6   1:53pm   N 30.06   69
16   63.9  68.1  11:10am  58.1  12:05am    2    1  0.06   1  11   4:34pm  SE 29.88   86
17   72.7  88.5   5:01pm  62.5  12:17am    0    8  0.00   2  18  12:09pm  SW 29.70   79
18   66.3  79.0   3:59pm  52.8  11:58pm    3    4  0.00   1  15   1:35pm  NE 29.90   54
19   61.4  82.3   4:36pm  44.3   7:01am    8    5  0.00   1   6  12:49pm  SE 29.98   57
20   70.1  87.6   5:03pm  51.2   1:12am    4    9  0.00   2  17   1:02pm  SE 29.86   70
21   79.5  89.9   3:59pm  73.7   6:43am    0   15  0.00   3  19  11:02am  SE 29.88   73
22   76.9  85.8   2:01pm  70.7  11:52pm    0   12  0.00   4  19   3:06pm  SE 29.94   79
23   73.9  82.8   5:12pm  66.7   6:58am    0    9  0.00   2  10  10:53am  SE 29.94   80
24   73.9  84.4   2:33pm  64.6   7:09am    0    9  0.00   3  13   1:47pm  SE 29.92   76
25   74.7  87.3   3:30pm  61.4  11:59pm    0   10  0.00   2  18   7:44pm  SE 29.88   72
26   54.0  61.8  12:00am  47.6  11:59pm   11    0  0.11   1  14   6:53am   N 30.15   68
27   50.6  62.5   4:17pm  41.7   7:50am   14    0  0.00   1  13   1:55pm  NW 30.23   56
28   50.1  65.8   3:58pm  37.4   6:52am   15    0  0.00   1  10   2:44pm   N 30.22   55
29   50.5  69.9   3:50pm  34.9   7:15am   15    1  0.00   1   8   1:26pm  SE 30.21   61
30   56.6  76.9   3:46pm  38.8   7:49am   11    3  0.00   1  14  12:41pm  SW 30.06   67
31   66.6  86.5   5:17pm  50.5   7:44am    4    6  0.00   1  13  10:19am WSW 30.00   70
---------------------------------------------------------------------------------------
TOT  67.3  89.9 10/21/12  34.9 10/29/12  123  196  1.03   2  20  10/9/12  SE 30.01   71

HEAT BASE: 65.0
COOL BASE: 65.0