NOAA-Style Climate Reports


Report for 2012 November
                  MONTHLY CLIMATOLOGICAL SUMMARY FOR 11/2012
                                        HEAT  COOL        
     MEAN                               DEG   DEG       WIND SPEED       DOM MEAN  MEAN
DAY  TEMP  HIGH   TIME     LOW   TIME   DAYS  DAYS RAIN AVG  HI  TIME    DIR BAROM HUM
---------------------------------------------------------------------------------------
1    68.1  87.1   3:33pm  51.1   7:40am    4    7  0.00   1  11  12:45pm  SW 30.01   69
2    71.1  84.5   3:24pm  59.1   4:44am    1    7  0.00   2  20   2:33pm  SE 29.98   72
3    70.3  86.4   3:51pm  62.2   5:31am    0    5  0.00   2  16   5:25pm  SE 30.03   79
4    64.4  78.4   3:25pm  56.0  12:59pm    3    3  0.00   1   8   1:25pm  NW 30.07   85
5    66.9  86.0   2:42pm  51.7  11:59pm    4    6  0.00   1  13  11:18am  NW 30.03   70
6    59.2  77.7   3:58pm  44.4   6:52am    8    2  0.00   1   7   2:09pm  NW 30.11   57
7    63.1  80.5   2:37pm  47.9   4:59am    6    4  0.00   1  12   1:14pm  SE 30.11   54
8    68.2  83.0   3:52pm  53.3  12:33am    3    6  0.00   3  18  11:13am  SE 30.06   69
9    71.2  83.7   3:02pm  61.3   6:58am    0    7  0.00   4  21  11:32am  SE 30.02   70
10   72.1  82.4   2:06pm  63.2   7:11am    0    7  0.00   5  20   2:31pm  SE 29.95   70
11   71.5  82.2   1:00pm  60.3  10:33pm    0    7  0.00   3  19   9:57am SSE 29.93   63
12   50.5  64.2  12:00am  40.3   7:21am   14    0  0.00   1  14   1:43am   N 30.39   50
13   47.7  58.2   1:26pm  32.8   4:36am   17    0  0.00   1  11  12:49pm  SE 30.41   47
14   53.2  66.5   3:05pm  39.4  11:37pm   12    0  0.00   0   7  12:23pm  NE 30.34   45
15   52.8  67.2   2:34pm  35.1   6:11am   12    0  0.00   1   8   3:30pm  SE 30.26   54
16   53.3  67.3   2:36pm  38.1  11:59pm   12    0  0.00   1  11   1:01pm  NE 30.32   49
17   48.4  67.9   3:45pm  32.3   5:49am   17    0  0.00   1   9   2:30pm  SE 30.33   57
18   56.2  73.6   3:37pm  38.3   5:12am   11    2  0.00   2  13   2:00pm  SE 30.24   64
19   61.4  75.8   2:30pm  48.9   4:28am    6    2  0.00   1  13   1:55pm  SE 30.19   70
20   65.1  82.1   3:20pm  50.9   4:58am    4    5  0.00   1   9  11:29am SSW 30.16   72
21   65.7  80.8  12:58pm  53.1   6:22am    4    5  0.00   1  11   1:10pm  SE 30.19   66
22   64.0  78.5   2:33pm  46.2   7:04am    4    3  0.00   2  16   1:59pm  SE 30.11   67
23   61.0  70.9  11:12am  52.8   6:22am    4    0  0.00   1  18   1:23pm   N 30.26   61
24   49.8  64.3   3:23pm  39.8   6:24am   15    0  0.00   1   7  10:53am   N 30.30   41
25   59.2  76.2   3:46pm  41.1   6:31am    8    2  0.00   2  19   3:08pm SSW 30.01   55
26   68.0  83.5   3:08pm  54.4  11:59pm    2    5  0.72   3  24   6:19pm SSW 29.97   73
27   48.1  54.4  12:00am  36.6  11:57pm   17    0  0.00   1  15   2:47am NNW 30.32   65
28   47.7  66.3   3:42pm  33.6   6:56am   17    0  0.00   1   9   1:22pm  SE 30.35   74
29   55.3  72.0   3:25pm  37.0   6:25am   11    1  0.00   1  13   3:14pm  SE 30.20   76
30   64.9  77.5   2:44pm  58.6   3:50am    3    3  0.00   2  15   2:10pm  SE 30.10   81
---------------------------------------------------------------------------------------
TOT  60.6  87.1  11/1/12  32.3 11/17/12  220   89  0.72   2  24 11/26/12  SE 30.16   64

HEAT BASE: 65.0
COOL BASE: 65.0