NOAA-Style Climate Reports


Report for 2012 December
                  MONTHLY CLIMATOLOGICAL SUMMARY FOR 12/2012
                                        HEAT  COOL        
     MEAN                               DEG   DEG       WIND SPEED       DOM MEAN  MEAN
DAY  TEMP  HIGH   TIME     LOW   TIME   DAYS  DAYS RAIN AVG  HI  TIME    DIR BAROM HUM
---------------------------------------------------------------------------------------
1    72.1  83.0   2:42pm  65.5  12:10am    0    7  0.00   4  20  11:31am  SE 30.05   76
2    71.5  80.7   2:51pm  66.0  11:34pm    0    6  0.00   3  17  12:31pm  SE 30.08   76
3    69.8  80.5   1:42pm  63.3   6:50am    0    5  0.00   3  17  10:48am  SE 30.01   76
4    65.2  76.0   2:51pm  51.8  10:11pm    2    2  0.02   2  17   2:56pm  NW 30.12   71
5    56.6  72.3   3:35pm  45.5   7:24am    9    1  0.00   1  11   9:48am  NW 30.16   55
6    58.7  73.9   3:54pm  47.0   1:40am    7    1  0.00   2  14   2:49pm  SE 29.93   76
7    64.2  76.5   2:48pm  55.2  12:53am    3    2  0.00   1  12   1:43pm SSW 29.84   83
8    69.8  79.1   3:34pm  60.6   1:09am    0    5  0.00   1  14   2:06pm SSW 29.83   81
9    68.6  78.1   2:22pm  53.5  11:59pm    2    6  0.00   4  19  12:30pm SSW 29.84   74
10   42.5  53.5  12:00am  31.9  11:59pm   23    0  0.00   4  25   2:47am NNW 30.09   42
11   37.9  53.7   2:27pm  24.3   7:13am   27    0  0.00   0  10   3:03pm   N 30.15   49
12   41.3  60.4   3:15pm  24.7   6:39am   24    0  0.00   1   9   4:12pm  SE 30.26   48
13   49.7  68.1   2:48pm  28.2   7:20am   15    0  0.00   3  14  12:56pm  SE 30.23   52
14   62.0  69.9   7:20pm  54.0   6:57am    5    2  0.00   4  21   3:58pm  SE 30.02   70
15   64.6  72.5   3:24pm  56.1  11:05pm    2    2  0.10   1  12  12:13am   N 29.90   65
16   59.0  70.6   3:25pm  45.6  11:59pm    6    0  0.22   1  16   8:21am  NW 29.80   67
17   55.7  71.1   4:00pm  44.9  12:24am   10    1  0.00   2  17   1:31pm  NW 29.89   46
18   61.7  81.2   2:47pm  44.5   5:08am    7    4  0.00   3  17  11:44am  SW 29.85   48
19   72.1  83.1   2:27pm  64.0  12:00am    0    7  0.00   5  28  11:41am SSE 29.73   75
20   47.9  69.9  12:00am  31.8  11:03pm   17    0  0.00   6  34   2:32am NNW 30.29   27
21   44.1  63.1   2:53pm  26.5   5:16am   21    0  0.00   0  10   4:28pm  NW 30.42   30
22   52.6  68.7   1:54pm  32.7   7:30am   13    0  0.00   2  18   2:06pm SSW 30.23   48
23   63.7  72.2  12:31pm  57.8  11:32pm    3    1  0.00   3  18   9:15am SSW 29.95   73
24   53.4  64.5   3:40pm  40.7   7:28am   12    0  0.00   1  10   2:39am   N 29.89   49
25   47.2  64.2  12:43pm  29.4  11:59pm   18    0  0.00   5  32   3:19pm  NW 29.82   56
26   31.9  41.8   2:38pm  25.3   8:25am   33    0  0.00   2  19  12:51am NNW 30.20   56
27   36.8  45.1   1:43pm  24.4   3:36am   28    0  0.01   0   5   1:47pm  SE 29.98   80
28   44.3  58.9   2:03pm  30.3  11:47pm   21    0  0.02   2  24   1:47pm NNW 29.97   80
29   36.2  50.8   2:57pm  25.4   7:44am   28    0  0.00   0  10   1:27pm   N 30.38   60
30   37.2  48.5   3:50pm  23.8   5:49am   28    0  0.00   1  13  11:10am  SE 30.35   61
31   48.9  56.8   1:19pm  43.3   1:28am   16    0  0.28   1  18  11:50am   N 30.03   94
---------------------------------------------------------------------------------------
TOT  54.4  83.0  12/1/12  24.2 12/30/12  380   53  0.65   2  34 12/20/12  SE 30.04   63

HEAT BASE: 65.0
COOL BASE: 65.0